{"id":15859,"date":"2023-10-20T20:34:20","date_gmt":"2023-10-20T18:34:20","guid":{"rendered":"https:\/\/eterle.cz\/eshop\/produkt\/mlekovka-hutschenreuther\/"},"modified":"2025-05-22T16:43:05","modified_gmt":"2025-05-22T14:43:05","slug":"mlekovka-hutschenreuther","status":"publish","type":"product","link":"https:\/\/eterle.cz\/eshop\/produkt\/mlekovka-hutschenreuther\/","title":{"rendered":"Ml\u00e9kovka \/ Hutschenreuther"},"content":{"rendered":"<p>Ml\u00e9kovka od n\u011bmeck\u00e9 porcel\u00e1nky Hutschenreuther, jedn\u00e9 z nejstar\u0161\u00edch evropsk\u00fdch porcel\u00e1nek, kter\u00e1 pat\u0159\u00ed u\u017e p\u0159es dv\u011b dek\u00e1dy do \u201erodiny\u201c Rosenthal. Ml\u00e9kovka je zdobena ru\u010dn\u011b malovan\u00fdmi kobaltov\u00fdmi r\u016f\u017eemi a drobn\u00fdm plastick\u00fdm vzorem. Do sady m\u00e1me i sn\u00edda\u0148ov\u00e9 sety.<\/p>\n<p>Stav: nepou\u017eit\u00e9<br \/>\nZna\u010dka: Hutschenreuther<br \/>\nRozm\u011br<br \/>\nObjem: 250 ml<br \/>\nV\u00fd\u0161ka: 9,5 cm<\/p>\n","protected":false},"excerpt":{"rendered":"<p>Ml\u00e9kovka od n\u011bmeck\u00e9 porcel\u00e1nky Hutschenreuther, jedn\u00e9 z nejstar\u0161\u00edch evropsk\u00fdch porcel\u00e1nek, kter\u00e1 pat\u0159\u00ed u\u017e p\u0159es dv\u011b dek\u00e1dy do \u201erodiny\u201c Rosenthal. Ml\u00e9kovka<\/p>\n","protected":false},"featured_media":14800,"template":"","meta":[],"product_brand":[153],"product_cat":[91],"product_tag":[],"class_list":{"0":"post-15859","1":"product","2":"type-product","3":"status-publish","4":"has-post-thumbnail","6":"product_brand-eterle-cz","7":"product_cat-prodane","9":"first","10":"outofstock","11":"purchasable","12":"product-type-simple"},"_links":{"self":[{"href":"https:\/\/eterle.cz\/eshop\/wp-json\/wp\/v2\/product\/15859","targetHints":{"allow":["GET"]}}],"collection":[{"href":"https:\/\/eterle.cz\/eshop\/wp-json\/wp\/v2\/product"}],"about":[{"href":"https:\/\/eterle.cz\/eshop\/wp-json\/wp\/v2\/types\/product"}],"version-history":[{"count":1,"href":"https:\/\/eterle.cz\/eshop\/wp-json\/wp\/v2\/product\/15859\/revisions"}],"predecessor-version":[{"id":24574,"href":"https:\/\/eterle.cz\/eshop\/wp-json\/wp\/v2\/product\/15859\/revisions\/24574"}],"wp:featuredmedia":[{"embeddable":true,"href":"https:\/\/eterle.cz\/eshop\/wp-json\/wp\/v2\/media\/14800"}],"wp:attachment":[{"href":"https:\/\/eterle.cz\/eshop\/wp-json\/wp\/v2\/media?parent=15859"}],"wp:term":[{"taxonomy":"product_brand","embeddable":true,"href":"https:\/\/eterle.cz\/eshop\/wp-json\/wp\/v2\/product_brand?post=15859"},{"taxonomy":"product_cat","embeddable":true,"href":"https:\/\/eterle.cz\/eshop\/wp-json\/wp\/v2\/product_cat?post=15859"},{"taxonomy":"product_tag","embeddable":true,"href":"https:\/\/eterle.cz\/eshop\/wp-json\/wp\/v2\/product_tag?post=15859"}],"curies":[{"name":"wp","href":"https:\/\/api.w.org\/{rel}","templated":true}]}}