{"id":15878,"date":"2023-10-20T20:35:59","date_gmt":"2023-10-20T18:35:59","guid":{"rendered":"https:\/\/eterle.cz\/eshop\/produkt\/servirovaci-talir-rudolf-kampf\/"},"modified":"2025-06-24T01:53:43","modified_gmt":"2025-06-23T23:53:43","slug":"servirovaci-talir-rudolf-kampf","status":"publish","type":"product","link":"https:\/\/eterle.cz\/eshop\/produkt\/servirovaci-talir-rudolf-kampf\/","title":{"rendered":"Serv\u00edrovac\u00ed tal\u00ed\u0159 \/ Rudolf K\u00e4mpf"},"content":{"rendered":"<p>Serv\u00edrovac\u00ed t\u00e1c od \u010desk\u00e9 porcel\u00e1nky Rudolf K\u00e4mpf, kter\u00e1 byla zalo\u017eena na p\u0159elomu 19. a 20. stolet\u00ed za podpory habsbursk\u00e9 kr\u00e1lovks\u00e9 dynastie. Tov\u00e1rna byla zalo\u017eena jako elitn\u00ed dodavatel vysoce um\u011bleck\u00e9ho n\u00e1dob\u00ed, figurek a dal\u0161\u00edho porcel\u00e1nu pro kr\u00e1lovsk\u00fd dv\u016fr a dom\u00e1cnosti evropsk\u00e9 aristokracie. Spole\u010dnosti se poda\u0159ilo udr\u017eet si sv\u00e9 hlavn\u00ed p\u0159ednosti i ve 21. stolet\u00ed. Je jedinou tov\u00e1rnou v \u010cesk\u00e9 republice, kde se porcel\u00e1n vyr\u00e1b\u00ed ru\u010dne, co\u017e dod\u00e1v\u00e1 jej\u00edm v\u00fdrobk\u016fm na vyj\u00edme\u010dnosti. V\u00fdrobky zna\u010dky Rudolf K\u00e4mpf tvo\u0159\u00ed v\u011bt\u0161inou limitovan\u00e9 s\u00e9rie a exkluzivn\u00ed exempla\u0159e.<\/p>\n<p>Tal\u00ed\u0159 poch\u00e1z\u00ed z \u0159ady Tereza, kter\u00e1 je charakterizov\u00e1na jako modern\u00ed a netradi\u010dn\u00ed design pro ka\u017edodenn\u00ed pou\u017eit\u00ed. Rovn\u011b\u017e dekor je je velmi modern\u00ed a v\u00fdrazn\u00fd v nyn\u00ed \u017e\u00e1dan\u00e9 \u010dern\u00e9 barv\u011b v kombinaci s prav\u00fdm zlatem. Ve stejn\u00e9m proveden\u00ed m\u00e1me k dispozici i ml\u00e9kovku s cuk\u0159enkou.<\/p>\n<p>Stav: nov\u00fd<br \/>\nZna\u010dka: Rudolf K\u00e4mpf<br \/>\nRozm\u011br<br \/>\nPr\u016fm\u011br tal\u00ed\u0159e: 29 cm<\/p>\n","protected":false},"excerpt":{"rendered":"<p>Serv\u00edrovac\u00ed t\u00e1c od \u010desk\u00e9 porcel\u00e1nky Rudolf K\u00e4mpf, kter\u00e1 byla zalo\u017eena na p\u0159elomu 19. a 20. stolet\u00ed za podpory habsbursk\u00e9 kr\u00e1lovks\u00e9<\/p>\n","protected":false},"featured_media":15416,"template":"","meta":[],"product_brand":[153],"product_cat":[76,109,110],"product_tag":[],"class_list":{"0":"post-15878","1":"product","2":"type-product","3":"status-publish","4":"has-post-thumbnail","6":"product_brand-eterle-cz","7":"product_cat-porcelan","8":"product_cat-talire","9":"product_cat-misy","11":"first","12":"instock","13":"purchasable","14":"product-type-simple"},"_links":{"self":[{"href":"https:\/\/eterle.cz\/eshop\/wp-json\/wp\/v2\/product\/15878","targetHints":{"allow":["GET"]}}],"collection":[{"href":"https:\/\/eterle.cz\/eshop\/wp-json\/wp\/v2\/product"}],"about":[{"href":"https:\/\/eterle.cz\/eshop\/wp-json\/wp\/v2\/types\/product"}],"version-history":[{"count":1,"href":"https:\/\/eterle.cz\/eshop\/wp-json\/wp\/v2\/product\/15878\/revisions"}],"predecessor-version":[{"id":26283,"href":"https:\/\/eterle.cz\/eshop\/wp-json\/wp\/v2\/product\/15878\/revisions\/26283"}],"wp:featuredmedia":[{"embeddable":true,"href":"https:\/\/eterle.cz\/eshop\/wp-json\/wp\/v2\/media\/15416"}],"wp:attachment":[{"href":"https:\/\/eterle.cz\/eshop\/wp-json\/wp\/v2\/media?parent=15878"}],"wp:term":[{"taxonomy":"product_brand","embeddable":true,"href":"https:\/\/eterle.cz\/eshop\/wp-json\/wp\/v2\/product_brand?post=15878"},{"taxonomy":"product_cat","embeddable":true,"href":"https:\/\/eterle.cz\/eshop\/wp-json\/wp\/v2\/product_cat?post=15878"},{"taxonomy":"product_tag","embeddable":true,"href":"https:\/\/eterle.cz\/eshop\/wp-json\/wp\/v2\/product_tag?post=15878"}],"curies":[{"name":"wp","href":"https:\/\/api.w.org\/{rel}","templated":true}]}}

Servírovací talíř / Rudolf Kämpf

<p>Servírovací tác od české porcelánky Rudolf Kämpf, která byla založena na přelomu 19. a 20. století za podpory habsburské královksé dynastie. Továrna byla založena jako elitní dodavatel vysoce uměleckého nádobí, figurek a dalšího porcelánu pro královský dvůr a domácnosti evropské aristokracie. Společnosti se podařilo udržet si své hlavní přednosti i ve 21. století. Je jedinou továrnou v České republice, kde se porcelán vyrábí ručne, což dodává jejím výrobkům na vyjímečnosti. Výrobky značky Rudolf Kämpf tvoří většinou limitované série a exkluzivní exemplaře.</p>
<p>Talíř pochází z řady Tereza, která je charakterizována jako moderní a netradiční design pro každodenní použití. Rovněž dekor je je velmi moderní a výrazný v nyní žádané černé barvě v kombinaci s pravým zlatem. Ve stejném provedení máme k dispozici i mlékovku s cukřenkou.</p>
<p>Stav: nový<br />
Značka: Rudolf Kämpf<br />
Rozměr<br />
Průměr talíře: 29 cm</p>

<p>Servírovací tác od české porcelánky Rudolf Kämpf, která byla založena na přelomu 19. a 20. století za podpory habsburské královksé</p>
