{"id":15884,"date":"2023-10-20T20:36:32","date_gmt":"2023-10-20T18:36:32","guid":{"rendered":"https:\/\/eterle.cz\/eshop\/produkt\/cajova-konvice-s-mlekovkou-rudolf-kampf\/"},"modified":"2025-02-16T02:52:03","modified_gmt":"2025-02-16T01:52:03","slug":"cajova-konvice-s-mlekovkou-rudolf-kampf","status":"publish","type":"product","link":"https:\/\/eterle.cz\/eshop\/produkt\/cajova-konvice-s-mlekovkou-rudolf-kampf\/","title":{"rendered":"\u010cajov\u00e1 konvice s ml\u00e9kovkou \/ Rudolf K\u00e4mpf"},"content":{"rendered":"<p>\u010cajov\u00e1 konvice s ml\u00e9kovkou od \u010desk\u00e9 porcel\u00e1nky Rudolf K\u00e4mpf, kter\u00e1 byla zalo\u017eena na p\u0159elomu 19. a 20. stolet\u00ed za podpory habsbursk\u00e9 kr\u00e1lovks\u00e9 dynastie. Tov\u00e1rna byla zalo\u017eena jako elitn\u00ed dodavatel vysoce um\u011bleck\u00e9ho n\u00e1dob\u00ed, figurek a dal\u0161\u00edho porcel\u00e1nu pro kr\u00e1lovsk\u00fd dv\u016fr a dom\u00e1cnosti evropsk\u00e9 aristokracie. Spole\u010dnosti se poda\u0159ilo udr\u017eet si sv\u00e9 hlavn\u00ed p\u0159ednosti i ve 21. stolet\u00ed. Je jedinou tov\u00e1rnou v \u010cesk\u00e9 republice, kde se porcel\u00e1n vyr\u00e1b\u00ed ru\u010dne, co\u017e dod\u00e1v\u00e1 jej\u00edm v\u00fdrobk\u016fm na vyj\u00edme\u010dnosti. V\u00fdrobky zna\u010dky Rudolf K\u00e4mpf tvo\u0159\u00ed v\u011bt\u0161inou limitovan\u00e9 s\u00e9rie a exkluzivn\u00ed exempla\u0159e.<\/p>\n<p>Konvice na \u010daj s vyj\u00edmateln\u00fdm s\u00edtkem a ml\u00e9kovka ve tvaru Kelt ve variant\u011b metalick\u00e9 duhov\u00e9. Jde o \u0159adu, kter\u00e1 se vyzna\u010duje obl\u00fdmi tvary a inspirac\u00ed v historii. \u00dachytka na konvici je ve tvaru zubu a dod\u00e1v\u00e1 j\u00ed zaj\u00edmav\u00fd modern\u00ed r\u00e1z. Stala se p\u0159edm\u011btem sb\u011bratelsk\u00e9ho z\u00e1jmu nebo\u0165 u\u017e se nevyr\u00e1b\u00ed.<\/p>\n<p>Stav: nov\u00fd<br \/>\nZna\u010dka: Rudolf K\u00e4mpf<br \/>\nRozm\u011br<br \/>\nObjem konvi\u010dky: 1,1 l<br \/>\nV\u00fd\u0161ka konvi\u010dky: 17 cm<br \/>\nObjem ml\u00e9kovky: 250 ml<br \/>\nV\u00fd\u0161ka ml\u00e9kovky: 7 cm<\/p>\n","protected":false},"excerpt":{"rendered":"<p>\u010cajov\u00e1 konvice s ml\u00e9kovkou od \u010desk\u00e9 porcel\u00e1nky Rudolf K\u00e4mpf, kter\u00e1 byla zalo\u017eena na p\u0159elomu 19. a 20. stolet\u00ed za podpory<\/p>\n","protected":false},"featured_media":15451,"template":"","meta":[],"product_brand":[153],"product_cat":[91],"product_tag":[],"class_list":{"0":"post-15884","1":"product","2":"type-product","3":"status-publish","4":"has-post-thumbnail","6":"product_brand-eterle-cz","7":"product_cat-prodane","9":"first","10":"outofstock","11":"purchasable","12":"product-type-simple"},"_links":{"self":[{"href":"https:\/\/eterle.cz\/eshop\/wp-json\/wp\/v2\/product\/15884","targetHints":{"allow":["GET"]}}],"collection":[{"href":"https:\/\/eterle.cz\/eshop\/wp-json\/wp\/v2\/product"}],"about":[{"href":"https:\/\/eterle.cz\/eshop\/wp-json\/wp\/v2\/types\/product"}],"version-history":[{"count":1,"href":"https:\/\/eterle.cz\/eshop\/wp-json\/wp\/v2\/product\/15884\/revisions"}],"predecessor-version":[{"id":17578,"href":"https:\/\/eterle.cz\/eshop\/wp-json\/wp\/v2\/product\/15884\/revisions\/17578"}],"wp:featuredmedia":[{"embeddable":true,"href":"https:\/\/eterle.cz\/eshop\/wp-json\/wp\/v2\/media\/15451"}],"wp:attachment":[{"href":"https:\/\/eterle.cz\/eshop\/wp-json\/wp\/v2\/media?parent=15884"}],"wp:term":[{"taxonomy":"product_brand","embeddable":true,"href":"https:\/\/eterle.cz\/eshop\/wp-json\/wp\/v2\/product_brand?post=15884"},{"taxonomy":"product_cat","embeddable":true,"href":"https:\/\/eterle.cz\/eshop\/wp-json\/wp\/v2\/product_cat?post=15884"},{"taxonomy":"product_tag","embeddable":true,"href":"https:\/\/eterle.cz\/eshop\/wp-json\/wp\/v2\/product_tag?post=15884"}],"curies":[{"name":"wp","href":"https:\/\/api.w.org\/{rel}","templated":true}]}}

Čajová konvice s mlékovkou / Rudolf Kämpf

<p>Čajová konvice s mlékovkou od české porcelánky Rudolf Kämpf, která byla založena na přelomu 19. a 20. století za podpory habsburské královksé dynastie. Továrna byla založena jako elitní dodavatel vysoce uměleckého nádobí, figurek a dalšího porcelánu pro královský dvůr a domácnosti evropské aristokracie. Společnosti se podařilo udržet si své hlavní přednosti i ve 21. století. Je jedinou továrnou v České republice, kde se porcelán vyrábí ručne, což dodává jejím výrobkům na vyjímečnosti. Výrobky značky Rudolf Kämpf tvoří většinou limitované série a exkluzivní exemplaře.</p>
<p>Konvice na čaj s vyjímatelným sítkem a mlékovka ve tvaru Kelt ve variantě metalické duhové. Jde o řadu, která se vyznačuje oblými tvary a inspirací v historii. Úchytka na konvici je ve tvaru zubu a dodává jí zajímavý moderní ráz. Stala se předmětem sběratelského zájmu neboť už se nevyrábí.</p>
<p>Stav: nový<br />
Značka: Rudolf Kämpf<br />
Rozměr<br />
Objem konvičky: 1,1 l<br />
Výška konvičky: 17 cm<br />
Objem mlékovky: 250 ml<br />
Výška mlékovky: 7 cm</p>

<p>Čajová konvice s mlékovkou od české porcelánky Rudolf Kämpf, která byla založena na přelomu 19. a 20. století za podpory</p>
