{"id":15886,"date":"2023-10-20T20:36:44","date_gmt":"2023-10-20T18:36:44","guid":{"rendered":"https:\/\/eterle.cz\/eshop\/produkt\/cajova-konvice-s-cukrenkou-rudolf-kampf\/"},"modified":"2025-02-16T02:52:03","modified_gmt":"2025-02-16T01:52:03","slug":"cajova-konvice-s-cukrenkou-rudolf-kampf","status":"publish","type":"product","link":"https:\/\/eterle.cz\/eshop\/produkt\/cajova-konvice-s-cukrenkou-rudolf-kampf\/","title":{"rendered":"\u010cajov\u00e1 konvice s cuk\u0159enkou \/ Rudolf K\u00e4mpf"},"content":{"rendered":"<p>\u010cajov\u00e1 konvice s cuk\u0159enkou od \u010desk\u00e9 porcel\u00e1nky Rudolf K\u00e4mpf, kter\u00e1 byla zalo\u017eena na p\u0159elomu 19. a 20. stolet\u00ed za podpory habsbursk\u00e9 kr\u00e1lovks\u00e9 dynastie. Tov\u00e1rna byla zalo\u017eena jako elitn\u00ed dodavatel vysoce um\u011bleck\u00e9ho n\u00e1dob\u00ed, figurek a dal\u0161\u00edho porcel\u00e1nu pro kr\u00e1lovsk\u00fd dv\u016fr a dom\u00e1cnosti evropsk\u00e9 aristokracie. Spole\u010dnosti se poda\u0159ilo udr\u017eet si sv\u00e9 hlavn\u00ed p\u0159ednosti i ve 21. stolet\u00ed. Je jedinou tov\u00e1rnou v \u010cesk\u00e9 republice, kde se porcel\u00e1n vyr\u00e1b\u00ed ru\u010dne, co\u017e dod\u00e1v\u00e1 jej\u00edm v\u00fdrobk\u016fm na vyj\u00edme\u010dnosti. V\u00fdrobky zna\u010dky Rudolf K\u00e4mpf tvo\u0159\u00ed v\u011bt\u0161inou limitovan\u00e9 s\u00e9rie a exkluzivn\u00ed exempla\u0159e.<\/p>\n<p>Tvar \u010dajov\u00e9 konvice s cuk\u0159enkou poch\u00e1z\u00ed z \u0159ady Tereza, kter\u00e1 je charakterizov\u00e1na jako modern\u00ed a netradi\u010dn\u00ed design pro ka\u017edodenn\u00ed pou\u017eit\u00ed. Rovn\u011b\u017e dekor je je velmi modern\u00ed a v\u00fdrazn\u00fd v leskl\u00e9 modr\u00e9 metal\u00edze.<\/p>\n<p>Stav: nov\u00fd<br \/>\nZna\u010dka: Rudolf K\u00e4mpf<br \/>\nRozm\u011br<br \/>\nObjem konvi\u010dky: 900 ml<br \/>\nV\u00fd\u0161ka konvi\u010dky: 14 cm<br \/>\nObjem cuk\u0159enky: 350 ml<br \/>\nV\u00fd\u0161ka cuk\u0159enky: 10 cm<\/p>\n","protected":false},"excerpt":{"rendered":"<p>\u010cajov\u00e1 konvice s cuk\u0159enkou od \u010desk\u00e9 porcel\u00e1nky Rudolf K\u00e4mpf, kter\u00e1 byla zalo\u017eena na p\u0159elomu 19. a 20. stolet\u00ed za podpory<\/p>\n","protected":false},"featured_media":15464,"template":"","meta":[],"product_brand":[153],"product_cat":[91],"product_tag":[],"class_list":{"0":"post-15886","1":"product","2":"type-product","3":"status-publish","4":"has-post-thumbnail","6":"product_brand-eterle-cz","7":"product_cat-prodane","9":"first","10":"outofstock","11":"purchasable","12":"product-type-simple"},"_links":{"self":[{"href":"https:\/\/eterle.cz\/eshop\/wp-json\/wp\/v2\/product\/15886","targetHints":{"allow":["GET"]}}],"collection":[{"href":"https:\/\/eterle.cz\/eshop\/wp-json\/wp\/v2\/product"}],"about":[{"href":"https:\/\/eterle.cz\/eshop\/wp-json\/wp\/v2\/types\/product"}],"version-history":[{"count":0,"href":"https:\/\/eterle.cz\/eshop\/wp-json\/wp\/v2\/product\/15886\/revisions"}],"wp:featuredmedia":[{"embeddable":true,"href":"https:\/\/eterle.cz\/eshop\/wp-json\/wp\/v2\/media\/15464"}],"wp:attachment":[{"href":"https:\/\/eterle.cz\/eshop\/wp-json\/wp\/v2\/media?parent=15886"}],"wp:term":[{"taxonomy":"product_brand","embeddable":true,"href":"https:\/\/eterle.cz\/eshop\/wp-json\/wp\/v2\/product_brand?post=15886"},{"taxonomy":"product_cat","embeddable":true,"href":"https:\/\/eterle.cz\/eshop\/wp-json\/wp\/v2\/product_cat?post=15886"},{"taxonomy":"product_tag","embeddable":true,"href":"https:\/\/eterle.cz\/eshop\/wp-json\/wp\/v2\/product_tag?post=15886"}],"curies":[{"name":"wp","href":"https:\/\/api.w.org\/{rel}","templated":true}]}}

Čajová konvice s cukřenkou / Rudolf Kämpf

<p>Čajová konvice s cukřenkou od české porcelánky Rudolf Kämpf, která byla založena na přelomu 19. a 20. století za podpory habsburské královksé dynastie. Továrna byla založena jako elitní dodavatel vysoce uměleckého nádobí, figurek a dalšího porcelánu pro královský dvůr a domácnosti evropské aristokracie. Společnosti se podařilo udržet si své hlavní přednosti i ve 21. století. Je jedinou továrnou v České republice, kde se porcelán vyrábí ručne, což dodává jejím výrobkům na vyjímečnosti. Výrobky značky Rudolf Kämpf tvoří většinou limitované série a exkluzivní exemplaře.</p>
<p>Tvar čajové konvice s cukřenkou pochází z řady Tereza, která je charakterizována jako moderní a netradiční design pro každodenní použití. Rovněž dekor je je velmi moderní a výrazný v lesklé modré metalíze.</p>
<p>Stav: nový<br />
Značka: Rudolf Kämpf<br />
Rozměr<br />
Objem konvičky: 900 ml<br />
Výška konvičky: 14 cm<br />
Objem cukřenky: 350 ml<br />
Výška cukřenky: 10 cm</p>

<p>Čajová konvice s cukřenkou od české porcelánky Rudolf Kämpf, která byla založena na přelomu 19. a 20. století za podpory</p>
