{"id":15899,"date":"2023-10-20T20:37:57","date_gmt":"2023-10-20T18:37:57","guid":{"rendered":"https:\/\/eterle.cz\/eshop\/produkt\/vanocni-melky-talir-leander\/"},"modified":"2025-02-16T02:51:59","modified_gmt":"2025-02-16T01:51:59","slug":"vanocni-melky-talir-leander","status":"publish","type":"product","link":"https:\/\/eterle.cz\/eshop\/produkt\/vanocni-melky-talir-leander\/","title":{"rendered":"V\u00e1no\u010dn\u00ed m\u011blk\u00fd tal\u00ed\u0159 \/ Leander"},"content":{"rendered":"<p>Porcel\u00e1nov\u00fd m\u011blk\u00fd tal\u00ed\u0159 v barv\u011b slonov\u00e9 kosti s motivem pern\u00ed\u010dk\u016f v kombinaci s typick\u00fdmi v\u00e1no\u010dn\u00edmi barvami od \u010desk\u00e9 porcel\u00e1nky Leander.<\/p>\n<p>Stav: nov\u00fd<br \/>\nZna\u010dka: Leander<br \/>\nRozm\u011br<br \/>\nPr\u016fm\u011br: 24 cm<\/p>\n","protected":false},"excerpt":{"rendered":"<p>Porcel\u00e1nov\u00fd m\u011blk\u00fd tal\u00ed\u0159 v barv\u011b slonov\u00e9 kosti s motivem pern\u00ed\u010dk\u016f v kombinaci s typick\u00fdmi v\u00e1no\u010dn\u00edmi barvami od \u010desk\u00e9 porcel\u00e1nky Leander.<\/p>\n","protected":false},"featured_media":15542,"template":"","meta":[],"product_brand":[153],"product_cat":[91],"product_tag":[],"class_list":{"0":"post-15899","1":"product","2":"type-product","3":"status-publish","4":"has-post-thumbnail","6":"product_brand-eterle-cz","7":"product_cat-prodane","9":"first","10":"outofstock","11":"purchasable","12":"product-type-simple"},"_links":{"self":[{"href":"https:\/\/eterle.cz\/eshop\/wp-json\/wp\/v2\/product\/15899","targetHints":{"allow":["GET"]}}],"collection":[{"href":"https:\/\/eterle.cz\/eshop\/wp-json\/wp\/v2\/product"}],"about":[{"href":"https:\/\/eterle.cz\/eshop\/wp-json\/wp\/v2\/types\/product"}],"version-history":[{"count":1,"href":"https:\/\/eterle.cz\/eshop\/wp-json\/wp\/v2\/product\/15899\/revisions"}],"predecessor-version":[{"id":17355,"href":"https:\/\/eterle.cz\/eshop\/wp-json\/wp\/v2\/product\/15899\/revisions\/17355"}],"wp:featuredmedia":[{"embeddable":true,"href":"https:\/\/eterle.cz\/eshop\/wp-json\/wp\/v2\/media\/15542"}],"wp:attachment":[{"href":"https:\/\/eterle.cz\/eshop\/wp-json\/wp\/v2\/media?parent=15899"}],"wp:term":[{"taxonomy":"product_brand","embeddable":true,"href":"https:\/\/eterle.cz\/eshop\/wp-json\/wp\/v2\/product_brand?post=15899"},{"taxonomy":"product_cat","embeddable":true,"href":"https:\/\/eterle.cz\/eshop\/wp-json\/wp\/v2\/product_cat?post=15899"},{"taxonomy":"product_tag","embeddable":true,"href":"https:\/\/eterle.cz\/eshop\/wp-json\/wp\/v2\/product_tag?post=15899"}],"curies":[{"name":"wp","href":"https:\/\/api.w.org\/{rel}","templated":true}]}}