{"id":15908,"date":"2023-10-20T20:38:44","date_gmt":"2023-10-20T18:38:44","guid":{"rendered":"https:\/\/eterle.cz\/eshop\/produkt\/vaza-cesnek-hutschenreuther\/"},"modified":"2025-02-16T02:51:56","modified_gmt":"2025-02-16T01:51:56","slug":"vaza-cesnek-hutschenreuther","status":"publish","type":"product","link":"https:\/\/eterle.cz\/eshop\/produkt\/vaza-cesnek-hutschenreuther\/","title":{"rendered":"V\u00e1za \u010desnek \/ Hutschenreuther"},"content":{"rendered":"<p>Porcel\u00e1nov\u00e1 v\u00e1za, kter\u00e1 n\u00e1m sv\u00fdm tvarem a dekorem evokuje palici \u010desneku je v proveden\u00ed biscuit. Vhodn\u00e1 na vy\u0161\u0161\u00ed kv\u011btiny.<\/p>\n<p>Stav: dobr\u00fd, uvnit\u0159 zn\u00e1mky od pou\u017e\u00edv\u00e1n\u00ed (rez)<br \/>\nZna\u010dka: Hutschenreuther<br \/>\nRozm\u011br<br \/>\nV\u00fd\u0161ka: 28 cm<br \/>\nPr\u016fm\u011br otvoru: 6 cm<\/p>\n","protected":false},"excerpt":{"rendered":"<p>Porcel\u00e1nov\u00e1 v\u00e1za, kter\u00e1 n\u00e1m sv\u00fdm tvarem a dekorem evokuje palici \u010desneku je v proveden\u00ed biscuit. Vhodn\u00e1 na vy\u0161\u0161\u00ed kv\u011btiny. Stav:<\/p>\n","protected":false},"featured_media":15580,"template":"","meta":[],"product_brand":[153],"product_cat":[91],"product_tag":[],"class_list":{"0":"post-15908","1":"product","2":"type-product","3":"status-publish","4":"has-post-thumbnail","6":"product_brand-eterle-cz","7":"product_cat-prodane","9":"first","10":"outofstock","11":"purchasable","12":"product-type-simple"},"_links":{"self":[{"href":"https:\/\/eterle.cz\/eshop\/wp-json\/wp\/v2\/product\/15908","targetHints":{"allow":["GET"]}}],"collection":[{"href":"https:\/\/eterle.cz\/eshop\/wp-json\/wp\/v2\/product"}],"about":[{"href":"https:\/\/eterle.cz\/eshop\/wp-json\/wp\/v2\/types\/product"}],"version-history":[{"count":0,"href":"https:\/\/eterle.cz\/eshop\/wp-json\/wp\/v2\/product\/15908\/revisions"}],"wp:featuredmedia":[{"embeddable":true,"href":"https:\/\/eterle.cz\/eshop\/wp-json\/wp\/v2\/media\/15580"}],"wp:attachment":[{"href":"https:\/\/eterle.cz\/eshop\/wp-json\/wp\/v2\/media?parent=15908"}],"wp:term":[{"taxonomy":"product_brand","embeddable":true,"href":"https:\/\/eterle.cz\/eshop\/wp-json\/wp\/v2\/product_brand?post=15908"},{"taxonomy":"product_cat","embeddable":true,"href":"https:\/\/eterle.cz\/eshop\/wp-json\/wp\/v2\/product_cat?post=15908"},{"taxonomy":"product_tag","embeddable":true,"href":"https:\/\/eterle.cz\/eshop\/wp-json\/wp\/v2\/product_tag?post=15908"}],"curies":[{"name":"wp","href":"https:\/\/api.w.org\/{rel}","templated":true}]}}