{"id":15911,"date":"2023-10-20T20:38:59","date_gmt":"2023-10-20T18:38:59","guid":{"rendered":"https:\/\/eterle.cz\/eshop\/produkt\/sklenena-vaza-rosenthal-neznacena\/"},"modified":"2025-02-16T02:51:55","modified_gmt":"2025-02-16T01:51:55","slug":"sklenena-vaza-rosenthal-neznacena","status":"publish","type":"product","link":"https:\/\/eterle.cz\/eshop\/produkt\/sklenena-vaza-rosenthal-neznacena\/","title":{"rendered":"Sklen\u011bn\u00e1 v\u00e1za \/ Rosenthal (nezna\u010den\u00e1)"},"content":{"rendered":"<p>Sklen\u011bn\u00e1 v\u00e1za od porcel\u00e1nky Rosenthal p\u016fsob\u00ed sama o sob\u011b jako kr\u00e1sn\u00fd dekora\u010dn\u00ed prvek. Sv\u00fdm tvarem p\u0159ipom\u00edn\u00e1 jablko s dlouhou stopkou.<\/p>\n<p>Stav: velmi dobr\u00fd, jen miniaturn\u00ed 3 te\u010dky u dna<br \/>\nZna\u010dka: Rosenthal (nezna\u010den\u00e1)<br \/>\nRozm\u011br<br \/>\nV\u00fd\u0161ka: 38 cm<br \/>\nPr\u016fm\u011br otvoru: 3 cm<\/p>\n","protected":false},"excerpt":{"rendered":"<p>Sklen\u011bn\u00e1 v\u00e1za od porcel\u00e1nky Rosenthal p\u016fsob\u00ed sama o sob\u011b jako kr\u00e1sn\u00fd dekora\u010dn\u00ed prvek. Sv\u00fdm tvarem p\u0159ipom\u00edn\u00e1 jablko s dlouhou stopkou.<\/p>\n","protected":false},"featured_media":15594,"template":"","meta":[],"product_brand":[153],"product_cat":[91],"product_tag":[],"class_list":{"0":"post-15911","1":"product","2":"type-product","3":"status-publish","4":"has-post-thumbnail","6":"product_brand-eterle-cz","7":"product_cat-prodane","9":"first","10":"outofstock","11":"purchasable","12":"product-type-simple"},"_links":{"self":[{"href":"https:\/\/eterle.cz\/eshop\/wp-json\/wp\/v2\/product\/15911","targetHints":{"allow":["GET"]}}],"collection":[{"href":"https:\/\/eterle.cz\/eshop\/wp-json\/wp\/v2\/product"}],"about":[{"href":"https:\/\/eterle.cz\/eshop\/wp-json\/wp\/v2\/types\/product"}],"version-history":[{"count":0,"href":"https:\/\/eterle.cz\/eshop\/wp-json\/wp\/v2\/product\/15911\/revisions"}],"wp:featuredmedia":[{"embeddable":true,"href":"https:\/\/eterle.cz\/eshop\/wp-json\/wp\/v2\/media\/15594"}],"wp:attachment":[{"href":"https:\/\/eterle.cz\/eshop\/wp-json\/wp\/v2\/media?parent=15911"}],"wp:term":[{"taxonomy":"product_brand","embeddable":true,"href":"https:\/\/eterle.cz\/eshop\/wp-json\/wp\/v2\/product_brand?post=15911"},{"taxonomy":"product_cat","embeddable":true,"href":"https:\/\/eterle.cz\/eshop\/wp-json\/wp\/v2\/product_cat?post=15911"},{"taxonomy":"product_tag","embeddable":true,"href":"https:\/\/eterle.cz\/eshop\/wp-json\/wp\/v2\/product_tag?post=15911"}],"curies":[{"name":"wp","href":"https:\/\/api.w.org\/{rel}","templated":true}]}}