{"id":15919,"date":"2023-10-20T20:39:41","date_gmt":"2023-10-20T18:39:41","guid":{"rendered":"https:\/\/eterle.cz\/eshop\/produkt\/sklenena-vaza-12\/"},"modified":"2025-02-16T02:51:53","modified_gmt":"2025-02-16T01:51:53","slug":"sklenena-vaza-12","status":"publish","type":"product","link":"https:\/\/eterle.cz\/eshop\/produkt\/sklenena-vaza-12\/","title":{"rendered":"Sklen\u011bn\u00e1 v\u00e1za"},"content":{"rendered":"<p>Lit\u00e1 v\u00e1za ve tvaru v\u00e1lce s plastick\u00fdm zdoben\u00edm \u010dir\u00fdch a p\u00edskovan\u00fdch \u010dtverc\u016f. V\u00e1ze bude sta\u010dit jedna v\u00fdrazn\u00e1 kv\u011btina.<\/p>\n<p>Stav: velmi dobr\u00fd<br \/>\nRozm\u011br<br \/>\nV\u00fd\u0161ka: 23,5 cm<br \/>\nPr\u016fm\u011br otvoru: 4,5 cm<\/p>\n","protected":false},"excerpt":{"rendered":"<p>Lit\u00e1 v\u00e1za ve tvaru v\u00e1lce s plastick\u00fdm zdoben\u00edm \u010dir\u00fdch a p\u00edskovan\u00fdch \u010dtverc\u016f. V\u00e1ze bude sta\u010dit jedna v\u00fdrazn\u00e1 kv\u011btina. Stav: velmi<\/p>\n","protected":false},"featured_media":15630,"template":"","meta":[],"product_brand":[153],"product_cat":[91],"product_tag":[],"class_list":{"0":"post-15919","1":"product","2":"type-product","3":"status-publish","4":"has-post-thumbnail","6":"product_brand-eterle-cz","7":"product_cat-prodane","9":"first","10":"outofstock","11":"purchasable","12":"product-type-simple"},"_links":{"self":[{"href":"https:\/\/eterle.cz\/eshop\/wp-json\/wp\/v2\/product\/15919","targetHints":{"allow":["GET"]}}],"collection":[{"href":"https:\/\/eterle.cz\/eshop\/wp-json\/wp\/v2\/product"}],"about":[{"href":"https:\/\/eterle.cz\/eshop\/wp-json\/wp\/v2\/types\/product"}],"version-history":[{"count":0,"href":"https:\/\/eterle.cz\/eshop\/wp-json\/wp\/v2\/product\/15919\/revisions"}],"wp:featuredmedia":[{"embeddable":true,"href":"https:\/\/eterle.cz\/eshop\/wp-json\/wp\/v2\/media\/15630"}],"wp:attachment":[{"href":"https:\/\/eterle.cz\/eshop\/wp-json\/wp\/v2\/media?parent=15919"}],"wp:term":[{"taxonomy":"product_brand","embeddable":true,"href":"https:\/\/eterle.cz\/eshop\/wp-json\/wp\/v2\/product_brand?post=15919"},{"taxonomy":"product_cat","embeddable":true,"href":"https:\/\/eterle.cz\/eshop\/wp-json\/wp\/v2\/product_cat?post=15919"},{"taxonomy":"product_tag","embeddable":true,"href":"https:\/\/eterle.cz\/eshop\/wp-json\/wp\/v2\/product_tag?post=15919"}],"curies":[{"name":"wp","href":"https:\/\/api.w.org\/{rel}","templated":true}]}}