{"id":16197,"date":"2023-10-26T02:27:22","date_gmt":"2023-10-26T00:27:22","guid":{"rendered":"https:\/\/eterle.cz\/eshop\/produkt\/sada-4-melkych-taliru-rosenthal\/"},"modified":"2025-02-16T02:50:34","modified_gmt":"2025-02-16T01:50:34","slug":"sada-4-melkych-taliru-rosenthal","status":"publish","type":"product","link":"https:\/\/eterle.cz\/eshop\/produkt\/sada-4-melkych-taliru-rosenthal\/","title":{"rendered":"Sada 4 m\u011blk\u00fdch tal\u00ed\u0159\u016f \/ Rosenthal"},"content":{"rendered":"<p>Sada 4 m\u011blk\u00fdch tal\u00ed\u0159\u016f od n\u011bmeck\u00e9 porcel\u00e1nky Rosenthal z kolekce Maria. Tato kolekce vznikla jako pocta man\u017eelce Philippa Rosenthala. L\u00e1ska k jeho \u017een\u011b Marii byla natolik v\u00fdjime\u010dn\u00e1, \u017ee vytvo\u0159il porcel\u00e1nov\u00fd servis a pojmenoval ho po ni. Maria se stala nejprod\u00e1van\u011bj\u0161\u00ed kolekc\u00ed Rosenthal a st\u00e1le je jedna z nejv\u00fdznamn\u011bj\u0161\u00edch \u0159ad v dne\u0161n\u00edm sortimentu zna\u010dky. <\/p>\n<p>Tal\u00ed\u0159e maj\u00ed nav\u00edc ke klasick\u00e9mu plastick\u00e9mu vzoru typick\u00e9mu pro kolekci Mariia je\u0161t\u011b   zlatou linku a velmi bohat\u00fd barevn\u00fd flor\u00e1ln\u00ed motiv.<\/p>\n<p>Stav: v\u00fdborn\u00fd<br \/>\nZna\u010dka: Rosenthal, kolkce Maria<br \/>\nRozm\u011br<br \/>\nPr\u016fm\u011br: 24 cm<\/p>\n","protected":false},"excerpt":{"rendered":"<p>Sada 4 m\u011blk\u00fdch tal\u00ed\u0159\u016f od n\u011bmeck\u00e9 porcel\u00e1nky Rosenthal z kolekce Maria. Tato kolekce vznikla jako pocta man\u017eelce Philippa Rosenthala. L\u00e1ska<\/p>\n","protected":false},"featured_media":16076,"template":"","meta":[],"product_brand":[153],"product_cat":[91],"product_tag":[],"class_list":{"0":"post-16197","1":"product","2":"type-product","3":"status-publish","4":"has-post-thumbnail","6":"product_brand-eterle-cz","7":"product_cat-prodane","9":"first","10":"outofstock","11":"purchasable","12":"product-type-simple"},"_links":{"self":[{"href":"https:\/\/eterle.cz\/eshop\/wp-json\/wp\/v2\/product\/16197","targetHints":{"allow":["GET"]}}],"collection":[{"href":"https:\/\/eterle.cz\/eshop\/wp-json\/wp\/v2\/product"}],"about":[{"href":"https:\/\/eterle.cz\/eshop\/wp-json\/wp\/v2\/types\/product"}],"version-history":[{"count":0,"href":"https:\/\/eterle.cz\/eshop\/wp-json\/wp\/v2\/product\/16197\/revisions"}],"wp:featuredmedia":[{"embeddable":true,"href":"https:\/\/eterle.cz\/eshop\/wp-json\/wp\/v2\/media\/16076"}],"wp:attachment":[{"href":"https:\/\/eterle.cz\/eshop\/wp-json\/wp\/v2\/media?parent=16197"}],"wp:term":[{"taxonomy":"product_brand","embeddable":true,"href":"https:\/\/eterle.cz\/eshop\/wp-json\/wp\/v2\/product_brand?post=16197"},{"taxonomy":"product_cat","embeddable":true,"href":"https:\/\/eterle.cz\/eshop\/wp-json\/wp\/v2\/product_cat?post=16197"},{"taxonomy":"product_tag","embeddable":true,"href":"https:\/\/eterle.cz\/eshop\/wp-json\/wp\/v2\/product_tag?post=16197"}],"curies":[{"name":"wp","href":"https:\/\/api.w.org\/{rel}","templated":true}]}}