{"id":16462,"date":"2023-12-01T20:46:19","date_gmt":"2023-12-01T19:46:19","guid":{"rendered":"https:\/\/eterle.cz\/eshop\/produkt\/jidelni-set-chromcraft-usa\/"},"modified":"2025-06-24T01:53:37","modified_gmt":"2025-06-23T23:53:37","slug":"jidelni-set-chromcraft-usa","status":"publish","type":"product","link":"https:\/\/eterle.cz\/eshop\/produkt\/jidelni-set-chromcraft-usa\/","title":{"rendered":"J\u00eddeln\u00ed set \/ Chromcraft USA"},"content":{"rendered":"<p>Unik\u00e1tn\u00ed j\u00eddeln\u00ed set &#8222;tulip&#8220; od firmy Chromcraft z USA je vhodn\u00fd pro ty, kte\u0159\u00ed hledaj\u00ed n\u011bco extravagantn\u00edho a ojedin\u011bl\u00e9ho. Tato sada \u0161esti \u017eidl\u00ed a j\u00eddeln\u00edho stolu z poloviny minul\u00e9ho stolet\u00ed (popul\u00e1rn\u00ed mid-century design) je charakteristick\u00fdm symbolem konce 70. let. Je to kr\u00e1sn\u00fd p\u0159\u00edklad \u00e9ry space age (kosmick\u00e9ho v\u011bku).<\/p>\n<p>Oto\u010dn\u00e9 \u017eidle maj\u00ed tzv. tulipov\u00fd tvar, sko\u0159epina je vyrobena z lucitenu (akrylov\u00e1 plastov\u00e1 prysky\u0159ice pou\u017e\u00edvan\u00e1 p\u0159edev\u0161\u00edm v interi\u00e9rov\u00e9m designu a n\u00e1bytku) a z\u00e1kladna je z hlin\u00edku a akrylu. Sed\u00e1k tvo\u0159\u00ed l\u00e1tka ve v\u00fdrazn\u00e9 fialov\u00e9 barv\u011b s dlouh\u00fdm chlupem. Deska j\u00eddeln\u00edho stolu je sklen\u011bn\u00e1 a nohy jsou z akrylu a hlin\u00edku. Sklo je na noze voln\u011b polo\u017eeno, ale p\u0159i jeho rozm\u011bru a v\u00e1ze pevn\u011b dr\u017e\u00ed.<\/p>\n<p>Tento set je v\u00fdjime\u010dn\u00fdm a rozhodn\u011b nep\u0159ehl\u00e9dnuteln\u00fdm kouskem. A\u010d p\u016fsob\u00ed velmi modern\u011b, um\u00edme si jej p\u0159edstavit i ve star\u00fdch prostorech.<\/p>\n<p>Stav: p\u016fvodn\u00ed zachoval\u00fd s patinou, drobn\u00e9 \u0161kr\u00e1bance na plastu<br \/>\nRozm\u011bry \u017eidl\u00ed<br \/>\nV\u00fd\u0161ka: 91 cm<br \/>\n\u0160\u00ed\u0159ka: 52 cm<br \/>\nHloubka: 64<\/p>\n<p>Rozm\u011bry stolu<br \/>\nV\u00fd\u0161ka: 73 cm<br \/>\nPr\u016fm\u011br skla: 123 cm<\/p>\n","protected":false},"excerpt":{"rendered":"<p>Unik\u00e1tn\u00ed j\u00eddeln\u00ed set &#8222;tulip&#8220; od firmy Chromcraft z USA je vhodn\u00fd pro ty, kte\u0159\u00ed hledaj\u00ed n\u011bco extravagantn\u00edho a ojedin\u011bl\u00e9ho. Tato<\/p>\n","protected":false},"featured_media":16463,"template":"","meta":[],"product_brand":[153],"product_cat":[130,121,124],"product_tag":[],"class_list":{"0":"post-16462","1":"product","2":"type-product","3":"status-publish","4":"has-post-thumbnail","6":"product_brand-eterle-cz","7":"product_cat-nabytek","8":"product_cat-zidle","9":"product_cat-stoly","10":"product_shipping_class-nadrozmerne","12":"first","13":"instock","14":"purchasable","15":"product-type-simple"},"_links":{"self":[{"href":"https:\/\/eterle.cz\/eshop\/wp-json\/wp\/v2\/product\/16462","targetHints":{"allow":["GET"]}}],"collection":[{"href":"https:\/\/eterle.cz\/eshop\/wp-json\/wp\/v2\/product"}],"about":[{"href":"https:\/\/eterle.cz\/eshop\/wp-json\/wp\/v2\/types\/product"}],"version-history":[{"count":1,"href":"https:\/\/eterle.cz\/eshop\/wp-json\/wp\/v2\/product\/16462\/revisions"}],"predecessor-version":[{"id":26258,"href":"https:\/\/eterle.cz\/eshop\/wp-json\/wp\/v2\/product\/16462\/revisions\/26258"}],"wp:featuredmedia":[{"embeddable":true,"href":"https:\/\/eterle.cz\/eshop\/wp-json\/wp\/v2\/media\/16463"}],"wp:attachment":[{"href":"https:\/\/eterle.cz\/eshop\/wp-json\/wp\/v2\/media?parent=16462"}],"wp:term":[{"taxonomy":"product_brand","embeddable":true,"href":"https:\/\/eterle.cz\/eshop\/wp-json\/wp\/v2\/product_brand?post=16462"},{"taxonomy":"product_cat","embeddable":true,"href":"https:\/\/eterle.cz\/eshop\/wp-json\/wp\/v2\/product_cat?post=16462"},{"taxonomy":"product_tag","embeddable":true,"href":"https:\/\/eterle.cz\/eshop\/wp-json\/wp\/v2\/product_tag?post=16462"}],"curies":[{"name":"wp","href":"https:\/\/api.w.org\/{rel}","templated":true}]}}