{"id":16496,"date":"2023-12-01T20:47:25","date_gmt":"2023-12-01T19:47:25","guid":{"rendered":"https:\/\/eterle.cz\/eshop\/produkt\/kvetinovy-stolek\/"},"modified":"2025-02-16T02:50:26","modified_gmt":"2025-02-16T01:50:26","slug":"kvetinovy-stolek","status":"publish","type":"product","link":"https:\/\/eterle.cz\/eshop\/produkt\/kvetinovy-stolek\/","title":{"rendered":"Kv\u011btinov\u00fd stolek"},"content":{"rendered":"<p>T\u0159\u00edpatrov\u00fd kv\u011btinov\u00fd stolek z obdob\u00ed bruselsk\u00e9 \u00e9ry. \u017dlut\u00e1 barva bude v kr\u00e1sn\u00e9m kontrastu zelen\u00fdch rostlin.<\/p>\n<p>Stav: p\u016fvodn\u00ed stav s patinou d\u0159eva (od\u0159en\u00e9 a fleky od vody), konstrukce pevn\u00e1<br \/>\nRozm\u011br<br \/>\nV\u00fd\u0161ka: 70 cm<br \/>\n\u0160\u00ed\u0159ka: 95 cm<br \/>\nHloubka: 30 cm<\/p>\n","protected":false},"excerpt":{"rendered":"<p>T\u0159\u00edpatrov\u00fd kv\u011btinov\u00fd stolek z obdob\u00ed bruselsk\u00e9 \u00e9ry. \u017dlut\u00e1 barva bude v kr\u00e1sn\u00e9m kontrastu zelen\u00fdch rostlin. Stav: p\u016fvodn\u00ed stav s patinou<\/p>\n","protected":false},"featured_media":16497,"template":"","meta":[],"product_brand":[153],"product_cat":[91],"product_tag":[],"class_list":{"0":"post-16496","1":"product","2":"type-product","3":"status-publish","4":"has-post-thumbnail","6":"product_brand-eterle-cz","7":"product_cat-prodane","8":"product_shipping_class-nadrozmerne","10":"first","11":"outofstock","12":"purchasable","13":"product-type-simple"},"_links":{"self":[{"href":"https:\/\/eterle.cz\/eshop\/wp-json\/wp\/v2\/product\/16496","targetHints":{"allow":["GET"]}}],"collection":[{"href":"https:\/\/eterle.cz\/eshop\/wp-json\/wp\/v2\/product"}],"about":[{"href":"https:\/\/eterle.cz\/eshop\/wp-json\/wp\/v2\/types\/product"}],"version-history":[{"count":0,"href":"https:\/\/eterle.cz\/eshop\/wp-json\/wp\/v2\/product\/16496\/revisions"}],"wp:featuredmedia":[{"embeddable":true,"href":"https:\/\/eterle.cz\/eshop\/wp-json\/wp\/v2\/media\/16497"}],"wp:attachment":[{"href":"https:\/\/eterle.cz\/eshop\/wp-json\/wp\/v2\/media?parent=16496"}],"wp:term":[{"taxonomy":"product_brand","embeddable":true,"href":"https:\/\/eterle.cz\/eshop\/wp-json\/wp\/v2\/product_brand?post=16496"},{"taxonomy":"product_cat","embeddable":true,"href":"https:\/\/eterle.cz\/eshop\/wp-json\/wp\/v2\/product_cat?post=16496"},{"taxonomy":"product_tag","embeddable":true,"href":"https:\/\/eterle.cz\/eshop\/wp-json\/wp\/v2\/product_tag?post=16496"}],"curies":[{"name":"wp","href":"https:\/\/api.w.org\/{rel}","templated":true}]}}