{"id":16516,"date":"2023-12-01T20:48:11","date_gmt":"2023-12-01T19:48:11","guid":{"rendered":"https:\/\/eterle.cz\/eshop\/produkt\/taburet-5\/"},"modified":"2025-02-16T02:50:25","modified_gmt":"2025-02-16T01:50:25","slug":"taburet-5","status":"publish","type":"product","link":"https:\/\/eterle.cz\/eshop\/produkt\/taburet-5\/","title":{"rendered":"Taburet"},"content":{"rendered":"<p>Jeden z nej\u017e\u00e1dan\u011bj\u0161\u00edch kousk\u016f n\u00e1bytku je taburet, proto\u017ee sv\u00fdm rozm\u011brem zapadne i do men\u0161\u00edho prostoru a kr\u00e1sn\u011b jej dopln\u00ed. Tento poch\u00e1z\u00ed ze 70. let minul\u00e9ho stolet\u00ed od firmy Z\u00e1padoslovansk\u00e9 n\u00e1bytk\u00e1\u0159sk\u00e9 z\u00e1vody.<\/p>\n<p>Stav: dobr\u00fd p\u016fvodn\u00ed<br \/>\nRozm\u011br<br \/>\nV\u00fd\u0161ka: 43 cm<br \/>\n\u0160\u00ed\u0159ka: 49 cm<br \/>\nHloubka: 36<\/p>\n","protected":false},"excerpt":{"rendered":"<p>Jeden z nej\u017e\u00e1dan\u011bj\u0161\u00edch kousk\u016f n\u00e1bytku je taburet, proto\u017ee sv\u00fdm rozm\u011brem zapadne i do men\u0161\u00edho prostoru a kr\u00e1sn\u011b jej dopln\u00ed. Tento<\/p>\n","protected":false},"featured_media":16517,"template":"","meta":[],"product_brand":[153],"product_cat":[91],"product_tag":[],"class_list":{"0":"post-16516","1":"product","2":"type-product","3":"status-publish","4":"has-post-thumbnail","6":"product_brand-eterle-cz","7":"product_cat-prodane","8":"product_shipping_class-nadrozmerne","10":"first","11":"outofstock","12":"purchasable","13":"product-type-simple"},"_links":{"self":[{"href":"https:\/\/eterle.cz\/eshop\/wp-json\/wp\/v2\/product\/16516","targetHints":{"allow":["GET"]}}],"collection":[{"href":"https:\/\/eterle.cz\/eshop\/wp-json\/wp\/v2\/product"}],"about":[{"href":"https:\/\/eterle.cz\/eshop\/wp-json\/wp\/v2\/types\/product"}],"version-history":[{"count":1,"href":"https:\/\/eterle.cz\/eshop\/wp-json\/wp\/v2\/product\/16516\/revisions"}],"predecessor-version":[{"id":18771,"href":"https:\/\/eterle.cz\/eshop\/wp-json\/wp\/v2\/product\/16516\/revisions\/18771"}],"wp:featuredmedia":[{"embeddable":true,"href":"https:\/\/eterle.cz\/eshop\/wp-json\/wp\/v2\/media\/16517"}],"wp:attachment":[{"href":"https:\/\/eterle.cz\/eshop\/wp-json\/wp\/v2\/media?parent=16516"}],"wp:term":[{"taxonomy":"product_brand","embeddable":true,"href":"https:\/\/eterle.cz\/eshop\/wp-json\/wp\/v2\/product_brand?post=16516"},{"taxonomy":"product_cat","embeddable":true,"href":"https:\/\/eterle.cz\/eshop\/wp-json\/wp\/v2\/product_cat?post=16516"},{"taxonomy":"product_tag","embeddable":true,"href":"https:\/\/eterle.cz\/eshop\/wp-json\/wp\/v2\/product_tag?post=16516"}],"curies":[{"name":"wp","href":"https:\/\/api.w.org\/{rel}","templated":true}]}}