{"id":16573,"date":"2023-12-01T20:50:10","date_gmt":"2023-12-01T19:50:10","guid":{"rendered":"https:\/\/eterle.cz\/eshop\/produkt\/houpaci-kreslo-thonet\/"},"modified":"2025-02-16T02:50:22","modified_gmt":"2025-02-16T01:50:22","slug":"houpaci-kreslo-thonet","status":"publish","type":"product","link":"https:\/\/eterle.cz\/eshop\/produkt\/houpaci-kreslo-thonet\/","title":{"rendered":"Houpac\u00ed k\u0159eslo \/ Thonet"},"content":{"rendered":"<p>Houpac\u00ed k\u0159eslo z oh\u00fdban\u00e9ho d\u0159eva od firmy Thonet z druh\u00e9 poloviny minul\u00e9ho stolet\u00ed.<\/p>\n<p>Stav: velmi dobr\u00fd p\u016fvodn\u00ed stav<br \/>\nRozm\u011br<br \/>\nV\u00fd\u0161ka: 85 cm<br \/>\n\u0160\u00ed\u0159ka: 56 cm<br \/>\nHloubka: 96 cm<\/p>\n","protected":false},"excerpt":{"rendered":"<p>Houpac\u00ed k\u0159eslo z oh\u00fdban\u00e9ho d\u0159eva od firmy Thonet z druh\u00e9 poloviny minul\u00e9ho stolet\u00ed. Stav: velmi dobr\u00fd p\u016fvodn\u00ed stav Rozm\u011br V\u00fd\u0161ka:<\/p>\n","protected":false},"featured_media":16574,"template":"","meta":[],"product_brand":[153],"product_cat":[91],"product_tag":[],"class_list":{"0":"post-16573","1":"product","2":"type-product","3":"status-publish","4":"has-post-thumbnail","6":"product_brand-eterle-cz","7":"product_cat-prodane","8":"product_shipping_class-nadrozmerne","10":"first","11":"outofstock","12":"purchasable","13":"product-type-simple"},"_links":{"self":[{"href":"https:\/\/eterle.cz\/eshop\/wp-json\/wp\/v2\/product\/16573","targetHints":{"allow":["GET"]}}],"collection":[{"href":"https:\/\/eterle.cz\/eshop\/wp-json\/wp\/v2\/product"}],"about":[{"href":"https:\/\/eterle.cz\/eshop\/wp-json\/wp\/v2\/types\/product"}],"version-history":[{"count":0,"href":"https:\/\/eterle.cz\/eshop\/wp-json\/wp\/v2\/product\/16573\/revisions"}],"wp:featuredmedia":[{"embeddable":true,"href":"https:\/\/eterle.cz\/eshop\/wp-json\/wp\/v2\/media\/16574"}],"wp:attachment":[{"href":"https:\/\/eterle.cz\/eshop\/wp-json\/wp\/v2\/media?parent=16573"}],"wp:term":[{"taxonomy":"product_brand","embeddable":true,"href":"https:\/\/eterle.cz\/eshop\/wp-json\/wp\/v2\/product_brand?post=16573"},{"taxonomy":"product_cat","embeddable":true,"href":"https:\/\/eterle.cz\/eshop\/wp-json\/wp\/v2\/product_cat?post=16573"},{"taxonomy":"product_tag","embeddable":true,"href":"https:\/\/eterle.cz\/eshop\/wp-json\/wp\/v2\/product_tag?post=16573"}],"curies":[{"name":"wp","href":"https:\/\/api.w.org\/{rel}","templated":true}]}}