{"id":16588,"date":"2023-12-01T20:50:44","date_gmt":"2023-12-01T19:50:44","guid":{"rendered":"https:\/\/eterle.cz\/eshop\/produkt\/nocni-stolek\/"},"modified":"2025-02-16T02:50:22","modified_gmt":"2025-02-16T01:50:22","slug":"nocni-stolek","status":"publish","type":"product","link":"https:\/\/eterle.cz\/eshop\/produkt\/nocni-stolek\/","title":{"rendered":"No\u010dn\u00ed stolek"},"content":{"rendered":"<p>Funkcionalistick\u00fd no\u010dn\u00ed stolek v kombinaci oh\u00fdban\u00e9 trubkovit\u00e9 konstrukce a d\u00fdhovan\u00e9ho d\u0159eva. D\u00edky jeho minimalistick\u00e9mu vzhledu je dob\u0159e kombinovateln\u00fd. D\u00e1 se vyu\u017e\u00edt nejen vedle postele, ale tak\u00e9 do p\u0159eds\u00edn\u011b na odkl\u00e1d\u00e1n\u00ed drobnost\u00ed \u010di vedle k\u0159esla jako mini konferen\u010dn\u00ed stolek.<\/p>\n<p>Stav: velmi dobr\u00fd p\u016fvodn\u00ed, chrom perfektn\u00ed<br \/>\nRozm\u011br<br \/>\nV\u00fd\u0161ka: 60 cm<br \/>\n\u0160\u00ed\u0159ka: 40 cm<br \/>\nHloubka s \u010dudl\u00edkem: 39 cm (36 cm stolek)<\/p>\n","protected":false},"excerpt":{"rendered":"<p>Funkcionalistick\u00fd no\u010dn\u00ed stolek v kombinaci oh\u00fdban\u00e9 trubkovit\u00e9 konstrukce a d\u00fdhovan\u00e9ho d\u0159eva. D\u00edky jeho minimalistick\u00e9mu vzhledu je dob\u0159e kombinovateln\u00fd. D\u00e1 se<\/p>\n","protected":false},"featured_media":16589,"template":"","meta":[],"product_brand":[153],"product_cat":[91],"product_tag":[],"class_list":{"0":"post-16588","1":"product","2":"type-product","3":"status-publish","4":"has-post-thumbnail","6":"product_brand-eterle-cz","7":"product_cat-prodane","8":"product_shipping_class-nadrozmerne","10":"first","11":"outofstock","12":"purchasable","13":"product-type-simple"},"_links":{"self":[{"href":"https:\/\/eterle.cz\/eshop\/wp-json\/wp\/v2\/product\/16588","targetHints":{"allow":["GET"]}}],"collection":[{"href":"https:\/\/eterle.cz\/eshop\/wp-json\/wp\/v2\/product"}],"about":[{"href":"https:\/\/eterle.cz\/eshop\/wp-json\/wp\/v2\/types\/product"}],"version-history":[{"count":0,"href":"https:\/\/eterle.cz\/eshop\/wp-json\/wp\/v2\/product\/16588\/revisions"}],"wp:featuredmedia":[{"embeddable":true,"href":"https:\/\/eterle.cz\/eshop\/wp-json\/wp\/v2\/media\/16589"}],"wp:attachment":[{"href":"https:\/\/eterle.cz\/eshop\/wp-json\/wp\/v2\/media?parent=16588"}],"wp:term":[{"taxonomy":"product_brand","embeddable":true,"href":"https:\/\/eterle.cz\/eshop\/wp-json\/wp\/v2\/product_brand?post=16588"},{"taxonomy":"product_cat","embeddable":true,"href":"https:\/\/eterle.cz\/eshop\/wp-json\/wp\/v2\/product_cat?post=16588"},{"taxonomy":"product_tag","embeddable":true,"href":"https:\/\/eterle.cz\/eshop\/wp-json\/wp\/v2\/product_tag?post=16588"}],"curies":[{"name":"wp","href":"https:\/\/api.w.org\/{rel}","templated":true}]}}