{"id":16802,"date":"2023-12-09T01:04:34","date_gmt":"2023-12-09T00:04:34","guid":{"rendered":"https:\/\/eterle.cz\/eshop\/produkt\/jidelni-sada-pro-6-osob-jaeger-co\/"},"modified":"2025-02-16T02:50:14","modified_gmt":"2025-02-16T01:50:14","slug":"jidelni-sada-pro-6-osob-jaeger-co","status":"publish","type":"product","link":"https:\/\/eterle.cz\/eshop\/produkt\/jidelni-sada-pro-6-osob-jaeger-co\/","title":{"rendered":"J\u00eddeln\u00ed sada pro 6 osob \/ Jaeger &#038; Co"},"content":{"rendered":"<p>Kr\u00e1sn\u00e1 elegantn\u00ed sada vhodn\u00e1 i na sv\u00e1te\u010dn\u00ed st\u016fl. Okraje jsou zdobeny decentn\u00edm zlat\u00fdm vzorem lemovan\u00fdm silnou zlatou linkou, kter\u00e1 m\u00e1 v sob\u011b je\u0161t\u011b zlat\u00fd vzor. Neuv\u011b\u0159iteln\u011b detailn\u00ed zpracov\u00e1n\u00ed zaj\u00edmav\u00e9 i kombinac\u00ed matn\u00e9 a leskl\u00e9 zlat\u00e9 barvy. <\/p>\n<p>J\u00eddeln\u00ed sada obsahuje: m\u011blk\u00e9 tal\u00ed\u0159e, hlubok\u00e9 tal\u00ed\u0159e, dezertn\u00ed tal\u00ed\u0159e, pol\u00e9vkovou m\u00edsu, sal\u00e1tovou m\u00edsu, ov\u00e1lnou m\u00edsu (21 kus\u016f)<\/p>\n<p>Stav: v\u00fdborn\u00fd, zlat\u00e9 linky nepo\u0161kozeny<br \/>\nZna\u010dka: PMR Bavaria, Jaeger &#038; Co<br \/>\nRozm\u011br<br \/>\nPr\u016fm\u011br hlubok\u00e9ho: 23 cm<br \/>\nPr\u016fm\u011br m\u011blk\u00e9ho: 24 cm<br \/>\nPr\u016fm\u011br dezertn\u00edho: 12 cm<br \/>\nPr\u016fm\u011br sal\u00e1tov\u00e1 m\u00edsa: 23 cm<br \/>\nPr\u016fm\u011br ov\u00e1ln\u00e1 m\u00edsa: 32,5 x 23 cm<br \/>\nObjem pol. m\u00edsy: 2 l<\/p>\n","protected":false},"excerpt":{"rendered":"<p>Kr\u00e1sn\u00e1 elegantn\u00ed sada vhodn\u00e1 i na sv\u00e1te\u010dn\u00ed st\u016fl. Okraje jsou zdobeny decentn\u00edm zlat\u00fdm vzorem lemovan\u00fdm silnou zlatou linkou, kter\u00e1 m\u00e1<\/p>\n","protected":false},"featured_media":16803,"template":"","meta":[],"product_brand":[153],"product_cat":[91],"product_tag":[],"class_list":{"0":"post-16802","1":"product","2":"type-product","3":"status-publish","4":"has-post-thumbnail","6":"product_brand-eterle-cz","7":"product_cat-prodane","9":"first","10":"outofstock","11":"purchasable","12":"product-type-simple"},"_links":{"self":[{"href":"https:\/\/eterle.cz\/eshop\/wp-json\/wp\/v2\/product\/16802","targetHints":{"allow":["GET"]}}],"collection":[{"href":"https:\/\/eterle.cz\/eshop\/wp-json\/wp\/v2\/product"}],"about":[{"href":"https:\/\/eterle.cz\/eshop\/wp-json\/wp\/v2\/types\/product"}],"version-history":[{"count":1,"href":"https:\/\/eterle.cz\/eshop\/wp-json\/wp\/v2\/product\/16802\/revisions"}],"predecessor-version":[{"id":17451,"href":"https:\/\/eterle.cz\/eshop\/wp-json\/wp\/v2\/product\/16802\/revisions\/17451"}],"wp:featuredmedia":[{"embeddable":true,"href":"https:\/\/eterle.cz\/eshop\/wp-json\/wp\/v2\/media\/16803"}],"wp:attachment":[{"href":"https:\/\/eterle.cz\/eshop\/wp-json\/wp\/v2\/media?parent=16802"}],"wp:term":[{"taxonomy":"product_brand","embeddable":true,"href":"https:\/\/eterle.cz\/eshop\/wp-json\/wp\/v2\/product_brand?post=16802"},{"taxonomy":"product_cat","embeddable":true,"href":"https:\/\/eterle.cz\/eshop\/wp-json\/wp\/v2\/product_cat?post=16802"},{"taxonomy":"product_tag","embeddable":true,"href":"https:\/\/eterle.cz\/eshop\/wp-json\/wp\/v2\/product_tag?post=16802"}],"curies":[{"name":"wp","href":"https:\/\/api.w.org\/{rel}","templated":true}]}}