{"id":16848,"date":"2023-12-09T01:06:58","date_gmt":"2023-12-09T00:06:58","guid":{"rendered":"https:\/\/eterle.cz\/eshop\/produkt\/cajova-sada-pro-4-osoby-czechoslovakia\/"},"modified":"2026-03-06T23:54:40","modified_gmt":"2026-03-06T22:54:40","slug":"cajova-sada-pro-4-osoby-czechoslovakia","status":"publish","type":"product","link":"https:\/\/eterle.cz\/eshop\/produkt\/cajova-sada-pro-4-osoby-czechoslovakia\/","title":{"rendered":"\u010cajov\u00e1 sada pro 4 osoby \/ Czechoslovakia"},"content":{"rendered":"<p>\u010cajov\u00e1 sada pro 4 osoby ve stylu Art deco s jemn\u00fdm prou\u017ekem v kombinaci st\u0159\u00edbrn\u00e9 a z\u00e1\u0159iv\u011b modr\u00e9. Sada je z tenk\u00e9ho st\u0159epu a je zaj\u00edmav\u00e1 v\u00fdrazn\u00fdm modr\u00fdm zbarevn\u00edm \u00fachytek. Hrne\u010dky nejsou \u0161t\u00edpl\u00e9, ale maj\u00ed &#8222;drsn\u011bj\u0161&#8220; okraj. <\/p>\n<p>Sada obsahuje: \u010dajovou konvici, ml\u00e9kovku, cuk\u0159enku, 4x \u0161\u00e1lek s pod\u0161\u00e1lkem (14 kus\u016f)<\/p>\n<p>Stav: dobr\u00fd  s patinou (odpov\u00eddaj\u00edc\u00ed st\u00e1\u0159\u00ed)<br \/>\nZna\u010dka: made in Czechoslovakia<br \/>\nRozm\u011br<br \/>\nObjem konvice: 1 l<br \/>\nObjem hrne\u010dku: 200 ml<br \/>\nObjem ml\u00e9kovky: 280 ml<br \/>\nPr\u016fm\u011br pod\u0161\u00e1lku: 14 cm<br \/>\nV\u00fd\u0161ka cuk\u0159enky: 11 cm<\/p>\n","protected":false},"excerpt":{"rendered":"<p>\u010cajov\u00e1 sada pro 4 osoby ve stylu Art deco s jemn\u00fdm prou\u017ekem v kombinaci st\u0159\u00edbrn\u00e9 a z\u00e1\u0159iv\u011b modr\u00e9. Sada je<\/p>\n","protected":false},"featured_media":16849,"template":"","meta":[],"product_brand":[153],"product_cat":[91],"product_tag":[],"class_list":{"0":"post-16848","1":"product","2":"type-product","3":"status-publish","4":"has-post-thumbnail","6":"product_brand-eterle-cz","7":"product_cat-prodane","9":"first","10":"outofstock","11":"sale","12":"purchasable","13":"product-type-simple"},"_links":{"self":[{"href":"https:\/\/eterle.cz\/eshop\/wp-json\/wp\/v2\/product\/16848","targetHints":{"allow":["GET"]}}],"collection":[{"href":"https:\/\/eterle.cz\/eshop\/wp-json\/wp\/v2\/product"}],"about":[{"href":"https:\/\/eterle.cz\/eshop\/wp-json\/wp\/v2\/types\/product"}],"version-history":[{"count":1,"href":"https:\/\/eterle.cz\/eshop\/wp-json\/wp\/v2\/product\/16848\/revisions"}],"predecessor-version":[{"id":26241,"href":"https:\/\/eterle.cz\/eshop\/wp-json\/wp\/v2\/product\/16848\/revisions\/26241"}],"wp:featuredmedia":[{"embeddable":true,"href":"https:\/\/eterle.cz\/eshop\/wp-json\/wp\/v2\/media\/16849"}],"wp:attachment":[{"href":"https:\/\/eterle.cz\/eshop\/wp-json\/wp\/v2\/media?parent=16848"}],"wp:term":[{"taxonomy":"product_brand","embeddable":true,"href":"https:\/\/eterle.cz\/eshop\/wp-json\/wp\/v2\/product_brand?post=16848"},{"taxonomy":"product_cat","embeddable":true,"href":"https:\/\/eterle.cz\/eshop\/wp-json\/wp\/v2\/product_cat?post=16848"},{"taxonomy":"product_tag","embeddable":true,"href":"https:\/\/eterle.cz\/eshop\/wp-json\/wp\/v2\/product_tag?post=16848"}],"curies":[{"name":"wp","href":"https:\/\/api.w.org\/{rel}","templated":true}]}}