{"id":16934,"date":"2023-12-09T01:11:45","date_gmt":"2023-12-09T00:11:45","guid":{"rendered":"https:\/\/eterle.cz\/eshop\/produkt\/jidelni-sada-pro-2-rosenthal-2\/"},"modified":"2025-06-24T01:53:31","modified_gmt":"2025-06-23T23:53:31","slug":"jidelni-sada-pro-2-rosenthal-2","status":"publish","type":"product","link":"https:\/\/eterle.cz\/eshop\/produkt\/jidelni-sada-pro-2-rosenthal-2\/","title":{"rendered":"J\u00eddeln\u00ed sada pro 2 \/ Rosenthal"},"content":{"rendered":"<p>J\u00eddeln\u00ed sada pro 2 osoby od n\u011bmeck\u00e9 porcle\u00e1nky Rossenthal, konkr\u00e9tn\u011b se jedn\u00e1 o Rosenthal classic Renaissance Catarina. Porcel\u00e1n je zdoben prou\u017ek\u00e9m v zemit\u00fdch barv\u00e1ch v kombinaci se zlatou. Tvar dekoru je lehce orient\u00e1ln\u00ed, ale nep\u016fsob\u00ed nikterak p\u0159ezdoben\u011b.   <\/p>\n<p>Sada obsahuje: pol\u00e9vkov\u00e1 m\u00edsa, ov\u00e1ln\u00e1 m\u00edsa, sal\u00e1tov\u00e1 m\u00edsa, 2 dezertn\u00ed tal\u00ed\u0159ky, 2 hlubok\u00e9 tal\u00ed\u0159e, 2 m\u011blk\u00e9 tal\u00ed\u0159e, om\u00e1\u010dn\u00edk<\/p>\n<p>Stav:v\u00fdborn\u00fd, pouze sal\u00e1tov\u00e1 m\u00edsa m\u00e1 po\u0161kr\u00e1ban\u00e9 dno od l\u017e\u00edce<br \/>\nZna\u010dka: Rosenthal<br \/>\nRozm\u011br<br \/>\nObjem pol\u00e9vkov\u00e9 m\u00edsy: 3 l<br \/>\nPr\u016fm\u011br hlubok\u00e9ho tal\u00ed\u0159e: 22,5 cm<br \/>\nPr\u016fm\u011br m\u011blk\u00e9ho tal\u00ed\u0159e: 26 cm<br \/>\nPr\u016fm\u011br dezertn\u00edho tal\u00ed\u0159e: 20,5 cm<br \/>\nObjem om\u00e1\u010dn\u00edku: 400 ml<br \/>\nRozm\u011br m\u00edsy: v\u00fd\u0161ka 8 cm, pr\u016fm\u011br 21 cm<br \/>\nRozm\u011br m\u00edsy ov\u00e1ln\u00e9: 32 x 24 cm<\/p>\n","protected":false},"excerpt":{"rendered":"<p>J\u00eddeln\u00ed sada pro 2 osoby od n\u011bmeck\u00e9 porcle\u00e1nky Rossenthal, konkr\u00e9tn\u011b se jedn\u00e1 o Rosenthal classic Renaissance Catarina. Porcel\u00e1n je zdoben<\/p>\n","protected":false},"featured_media":16935,"template":"","meta":[],"product_brand":[153],"product_cat":[76,111,101],"product_tag":[],"class_list":{"0":"post-16934","1":"product","2":"type-product","3":"status-publish","4":"has-post-thumbnail","6":"product_brand-eterle-cz","7":"product_cat-porcelan","8":"product_cat-porcelanove-sady","9":"product_cat-rosenthal","11":"first","12":"instock","13":"purchasable","14":"product-type-simple"},"_links":{"self":[{"href":"https:\/\/eterle.cz\/eshop\/wp-json\/wp\/v2\/product\/16934","targetHints":{"allow":["GET"]}}],"collection":[{"href":"https:\/\/eterle.cz\/eshop\/wp-json\/wp\/v2\/product"}],"about":[{"href":"https:\/\/eterle.cz\/eshop\/wp-json\/wp\/v2\/types\/product"}],"version-history":[{"count":1,"href":"https:\/\/eterle.cz\/eshop\/wp-json\/wp\/v2\/product\/16934\/revisions"}],"predecessor-version":[{"id":26233,"href":"https:\/\/eterle.cz\/eshop\/wp-json\/wp\/v2\/product\/16934\/revisions\/26233"}],"wp:featuredmedia":[{"embeddable":true,"href":"https:\/\/eterle.cz\/eshop\/wp-json\/wp\/v2\/media\/16935"}],"wp:attachment":[{"href":"https:\/\/eterle.cz\/eshop\/wp-json\/wp\/v2\/media?parent=16934"}],"wp:term":[{"taxonomy":"product_brand","embeddable":true,"href":"https:\/\/eterle.cz\/eshop\/wp-json\/wp\/v2\/product_brand?post=16934"},{"taxonomy":"product_cat","embeddable":true,"href":"https:\/\/eterle.cz\/eshop\/wp-json\/wp\/v2\/product_cat?post=16934"},{"taxonomy":"product_tag","embeddable":true,"href":"https:\/\/eterle.cz\/eshop\/wp-json\/wp\/v2\/product_tag?post=16934"}],"curies":[{"name":"wp","href":"https:\/\/api.w.org\/{rel}","templated":true}]}}