{"id":17102,"date":"2023-12-09T01:21:55","date_gmt":"2023-12-09T00:21:55","guid":{"rendered":"https:\/\/eterle.cz\/eshop\/produkt\/porcelanova-vaza-arzberg-7\/"},"modified":"2026-01-20T21:25:20","modified_gmt":"2026-01-20T20:25:20","slug":"porcelanova-vaza-arzberg-7","status":"publish","type":"product","link":"https:\/\/eterle.cz\/eshop\/produkt\/porcelanova-vaza-arzberg-7\/","title":{"rendered":"Porcel\u00e1nov\u00e1 v\u00e1za \/ Arzberg"},"content":{"rendered":"<p>\u0160irok\u00e1 v\u00e1za s n\u011b\u017enou kresbou v hn\u011bd\u00fdch barv\u00e1ch, kter\u00e1 p\u016fsob\u00ed a\u017e japonsk\u00fdm dojmem. P\u0159i pohledu svrchu p\u016fsob\u00ed jak otev\u0159en\u00fd kalich kv\u011btu. V\u00e1za poch\u00e1z\u00ed z d\u00edlny Arzberg, n\u011bmeck\u00e9 porcel\u00e1nky vyr\u00e1b\u011bj\u00edc\u00ed sv\u00e9 produkty p\u0159edev\u0161\u00edm v designov\u00e9 tradici Bauhaus &#8211; v souladu funkce a formy. D\u00edky sv\u00e9mu tvaru m\u016f\u017ee b\u00e1t pou\u017eita i jako obal na kv\u011btin\u00e1\u010d.<\/p>\n<p>Stav: velmi dobr\u00fd<br \/>\nZna\u010dka: Arzberg<br \/>\nRozm\u011br<br \/>\nV\u00fd\u0161ka: 15 cm<br \/>\nPr\u016fm\u011br otvoru: 21,5 cm<\/p>\n","protected":false},"excerpt":{"rendered":"<p>\u0160irok\u00e1 v\u00e1za s n\u011b\u017enou kresbou v hn\u011bd\u00fdch barv\u00e1ch, kter\u00e1 p\u016fsob\u00ed a\u017e japonsk\u00fdm dojmem. P\u0159i pohledu svrchu p\u016fsob\u00ed jak otev\u0159en\u00fd kalich<\/p>\n","protected":false},"featured_media":17103,"template":"","meta":[],"product_brand":[153],"product_cat":[91],"product_tag":[],"class_list":{"0":"post-17102","1":"product","2":"type-product","3":"status-publish","4":"has-post-thumbnail","6":"product_brand-eterle-cz","7":"product_cat-prodane","9":"first","10":"outofstock","11":"purchasable","12":"product-type-simple"},"_links":{"self":[{"href":"https:\/\/eterle.cz\/eshop\/wp-json\/wp\/v2\/product\/17102","targetHints":{"allow":["GET"]}}],"collection":[{"href":"https:\/\/eterle.cz\/eshop\/wp-json\/wp\/v2\/product"}],"about":[{"href":"https:\/\/eterle.cz\/eshop\/wp-json\/wp\/v2\/types\/product"}],"version-history":[{"count":1,"href":"https:\/\/eterle.cz\/eshop\/wp-json\/wp\/v2\/product\/17102\/revisions"}],"predecessor-version":[{"id":24517,"href":"https:\/\/eterle.cz\/eshop\/wp-json\/wp\/v2\/product\/17102\/revisions\/24517"}],"wp:featuredmedia":[{"embeddable":true,"href":"https:\/\/eterle.cz\/eshop\/wp-json\/wp\/v2\/media\/17103"}],"wp:attachment":[{"href":"https:\/\/eterle.cz\/eshop\/wp-json\/wp\/v2\/media?parent=17102"}],"wp:term":[{"taxonomy":"product_brand","embeddable":true,"href":"https:\/\/eterle.cz\/eshop\/wp-json\/wp\/v2\/product_brand?post=17102"},{"taxonomy":"product_cat","embeddable":true,"href":"https:\/\/eterle.cz\/eshop\/wp-json\/wp\/v2\/product_cat?post=17102"},{"taxonomy":"product_tag","embeddable":true,"href":"https:\/\/eterle.cz\/eshop\/wp-json\/wp\/v2\/product_tag?post=17102"}],"curies":[{"name":"wp","href":"https:\/\/api.w.org\/{rel}","templated":true}]}}