{"id":17304,"date":"2023-12-09T01:32:32","date_gmt":"2023-12-09T00:32:32","guid":{"rendered":"https:\/\/eterle.cz\/eshop\/produkt\/kreslo-po-renovaci-j-smidek\/"},"modified":"2025-04-22T12:36:30","modified_gmt":"2025-04-22T10:36:30","slug":"kreslo-po-renovaci-j-smidek","status":"publish","type":"product","link":"https:\/\/eterle.cz\/eshop\/produkt\/kreslo-po-renovaci-j-smidek\/","title":{"rendered":"K\u0159eslo po renovaci \/ J. \u0160m\u00eddek"},"content":{"rendered":"<p>\u010caloun\u011bn\u00e9 k\u0159eslo ze 60. let minul\u00e9ho stolet\u00ed dle n\u00e1vrhu Jaroslava \u0160m\u00eddka pro spole\u010dnost Ton, kde je pro v\u00fdrobu d\u00e1le upravoval Anton\u00edn \u0160uman. K\u0159eslo &#8211; model 6951 &#8211; pro\u0161lo celkovou renovac\u00ed. Rozhodli jsme se zde pro sv\u011btlou variantu d\u0159eva i l\u00e1tky v obl\u00edben\u00e9m skandin\u00e1vsk\u00e9m stylu.<\/p>\n<p>Stav: po kompletn\u00ed renovci<br \/>\nRozm\u011bry<br \/>\nV\u00fd\u0161ka: 84 cm<br \/>\nV\u00fd\u0161ka sed\u00e1ku: 40 cm<br \/>\n\u0160\u00ed\u0159ka: 63 cm<br \/>\n\u0160\u00ed\u0159ka sed\u00e1ku: 52 cm<br \/>\nHloubka: 75 cm<\/p>\n","protected":false},"excerpt":{"rendered":"<p>\u010caloun\u011bn\u00e9 k\u0159eslo ze 60. let minul\u00e9ho stolet\u00ed dle n\u00e1vrhu Jaroslava \u0160m\u00eddka pro spole\u010dnost Ton, kde je pro v\u00fdrobu d\u00e1le upravoval<\/p>\n","protected":false},"featured_media":17305,"template":"","meta":[],"product_brand":[153],"product_cat":[91],"product_tag":[],"class_list":{"0":"post-17304","1":"product","2":"type-product","3":"status-publish","4":"has-post-thumbnail","6":"product_brand-eterle-cz","7":"product_cat-prodane","8":"product_shipping_class-nadrozmerne","10":"first","11":"outofstock","12":"purchasable","13":"product-type-simple"},"_links":{"self":[{"href":"https:\/\/eterle.cz\/eshop\/wp-json\/wp\/v2\/product\/17304","targetHints":{"allow":["GET"]}}],"collection":[{"href":"https:\/\/eterle.cz\/eshop\/wp-json\/wp\/v2\/product"}],"about":[{"href":"https:\/\/eterle.cz\/eshop\/wp-json\/wp\/v2\/types\/product"}],"version-history":[{"count":0,"href":"https:\/\/eterle.cz\/eshop\/wp-json\/wp\/v2\/product\/17304\/revisions"}],"wp:featuredmedia":[{"embeddable":true,"href":"https:\/\/eterle.cz\/eshop\/wp-json\/wp\/v2\/media\/17305"}],"wp:attachment":[{"href":"https:\/\/eterle.cz\/eshop\/wp-json\/wp\/v2\/media?parent=17304"}],"wp:term":[{"taxonomy":"product_brand","embeddable":true,"href":"https:\/\/eterle.cz\/eshop\/wp-json\/wp\/v2\/product_brand?post=17304"},{"taxonomy":"product_cat","embeddable":true,"href":"https:\/\/eterle.cz\/eshop\/wp-json\/wp\/v2\/product_cat?post=17304"},{"taxonomy":"product_tag","embeddable":true,"href":"https:\/\/eterle.cz\/eshop\/wp-json\/wp\/v2\/product_tag?post=17304"}],"curies":[{"name":"wp","href":"https:\/\/api.w.org\/{rel}","templated":true}]}}