{"id":17381,"date":"2023-12-19T22:36:03","date_gmt":"2023-12-19T21:36:03","guid":{"rendered":"https:\/\/eterle.cz\/eshop\/produkt\/cajovy-servis-alpaka\/"},"modified":"2025-02-16T02:49:10","modified_gmt":"2025-02-16T01:49:10","slug":"cajovy-servis-alpaka","status":"publish","type":"product","link":"https:\/\/eterle.cz\/eshop\/produkt\/cajovy-servis-alpaka\/","title":{"rendered":"\u010cajov\u00fd servis alpaka"},"content":{"rendered":"<p>Kr\u00e1sn\u00e1 art deco sada z alpaky, kter\u00e1 sta\u010d\u00ed doplnit o dva porcel\u00e1nov\u00e9 \u0161\u00e1lky a m\u00e1te luxusn\u00ed sn\u00eddani do postele. Na prvn\u00ed pohled p\u016fsob\u00ed mo\u017en\u00e1 z\u00e1mecky, ale n\u00e1m by se moc l\u00edbila i v kontrasn\u00edm modern\u00edm interi\u00e9ru nebo dobov\u00e9m art deco prostoru. <\/p>\n<p>Sada obsahuje: t\u00e1c, \u010dajovou konvici, ml\u00e9kovku a cuk\u0159enku<\/p>\n<p>Stav: dobr\u00fd p\u016fvodn\u00ed, na t\u00e1cu lehk\u00e9 \u0161kr\u00e1bance od u\u017e\u00edv\u00e1n\u00ed<br \/>\nRozm\u011br<br \/>\nT\u00e1c: 49 x 28 cm<br \/>\n\u010cajov\u00e1 konvice: 700 ml<br \/>\nV\u00fd\u0161ka cuk\u0159enky: 9 cm<br \/>\nObjem ml\u00e9kovky: 220 ml<\/p>\n","protected":false},"excerpt":{"rendered":"<p>Kr\u00e1sn\u00e1 art deco sada z alpaky, kter\u00e1 sta\u010d\u00ed doplnit o dva porcel\u00e1nov\u00e9 \u0161\u00e1lky a m\u00e1te luxusn\u00ed sn\u00eddani do postele. Na<\/p>\n","protected":false},"featured_media":17382,"template":"","meta":[],"product_brand":[153],"product_cat":[91],"product_tag":[],"class_list":{"0":"post-17381","1":"product","2":"type-product","3":"status-publish","4":"has-post-thumbnail","6":"product_brand-eterle-cz","7":"product_cat-prodane","9":"first","10":"outofstock","11":"purchasable","12":"product-type-simple"},"_links":{"self":[{"href":"https:\/\/eterle.cz\/eshop\/wp-json\/wp\/v2\/product\/17381","targetHints":{"allow":["GET"]}}],"collection":[{"href":"https:\/\/eterle.cz\/eshop\/wp-json\/wp\/v2\/product"}],"about":[{"href":"https:\/\/eterle.cz\/eshop\/wp-json\/wp\/v2\/types\/product"}],"version-history":[{"count":0,"href":"https:\/\/eterle.cz\/eshop\/wp-json\/wp\/v2\/product\/17381\/revisions"}],"wp:featuredmedia":[{"embeddable":true,"href":"https:\/\/eterle.cz\/eshop\/wp-json\/wp\/v2\/media\/17382"}],"wp:attachment":[{"href":"https:\/\/eterle.cz\/eshop\/wp-json\/wp\/v2\/media?parent=17381"}],"wp:term":[{"taxonomy":"product_brand","embeddable":true,"href":"https:\/\/eterle.cz\/eshop\/wp-json\/wp\/v2\/product_brand?post=17381"},{"taxonomy":"product_cat","embeddable":true,"href":"https:\/\/eterle.cz\/eshop\/wp-json\/wp\/v2\/product_cat?post=17381"},{"taxonomy":"product_tag","embeddable":true,"href":"https:\/\/eterle.cz\/eshop\/wp-json\/wp\/v2\/product_tag?post=17381"}],"curies":[{"name":"wp","href":"https:\/\/api.w.org\/{rel}","templated":true}]}}