{"id":17412,"date":"2023-12-19T22:37:16","date_gmt":"2023-12-19T21:37:16","guid":{"rendered":"https:\/\/eterle.cz\/eshop\/produkt\/soska-sedici-damy-dux\/"},"modified":"2025-02-16T02:49:08","modified_gmt":"2025-02-16T01:49:08","slug":"soska-sedici-damy-dux","status":"publish","type":"product","link":"https:\/\/eterle.cz\/eshop\/produkt\/soska-sedici-damy-dux\/","title":{"rendered":"So\u0161ka sed\u00edc\u00ed d\u00e1my \/ Dux"},"content":{"rendered":"<p>So\u0161ka sed\u00edc\u00ed d\u00edvky od design\u00e9rky Jitky Forejtov\u00e9 pro porce\u00e1nku Royal Dux. Forejtov\u00e1 se zab\u00fdvala hlavn\u011b designem skla a s porcel\u00e1nkou v Duchcov\u011b spolupracovala na po\u010d\u00e1tku 60. let minul\u00e9ho stolet\u00ed (1960-1962), kdy se porcel\u00e1nka sna\u017eila v\u00fdrazn\u011b zmodernizovat svou nab\u00eddku. Forejtov\u00e1 se zam\u011b\u0159ila p\u0159edev\u0161\u00edm na zv\u00ed\u0159ata a \u017eensk\u00e9 figury v r\u016fzn\u00fdch sed\u00edc\u00edch poloh\u00e1ch. Jsou abstrahov\u00e1ny od detail\u016f, \u010d\u00edm\u017e zapadaj\u00ed do tehdej\u0161\u00edho trendu. Zaj\u00edmav\u00e9 je, \u017ee autorky p\u016fvodn\u00ed obor skl\u00e1\u0159stv\u00ed se prom\u00edtlo i do jej\u00edch porcel\u00e1nov\u00fdch figurek, kter\u00e9 p\u016fsob\u00ed jako by byly tvarov\u00e1ny ze \u017ehav\u00e9ho skla.<\/p>\n<p>Stav: nov\u00fd<br \/>\nZna\u010dka: Dux, Jitka Forejtov\u00e1<br \/>\nRozm\u011br<br \/>\nV\u00fd\u0161ka: 16 cm<br \/>\n\u0160\u00ed\u0159ka: 7 cm<br \/>\nHloubka: 10 cm<\/p>\n","protected":false},"excerpt":{"rendered":"<p>So\u0161ka sed\u00edc\u00ed d\u00edvky od design\u00e9rky Jitky Forejtov\u00e9 pro porce\u00e1nku Royal Dux. Forejtov\u00e1 se zab\u00fdvala hlavn\u011b designem skla a s porcel\u00e1nkou<\/p>\n","protected":false},"featured_media":17413,"template":"","meta":[],"product_brand":[153],"product_cat":[91],"product_tag":[],"class_list":{"0":"post-17412","1":"product","2":"type-product","3":"status-publish","4":"has-post-thumbnail","6":"product_brand-eterle-cz","7":"product_cat-prodane","9":"first","10":"outofstock","11":"purchasable","12":"product-type-simple"},"_links":{"self":[{"href":"https:\/\/eterle.cz\/eshop\/wp-json\/wp\/v2\/product\/17412","targetHints":{"allow":["GET"]}}],"collection":[{"href":"https:\/\/eterle.cz\/eshop\/wp-json\/wp\/v2\/product"}],"about":[{"href":"https:\/\/eterle.cz\/eshop\/wp-json\/wp\/v2\/types\/product"}],"version-history":[{"count":0,"href":"https:\/\/eterle.cz\/eshop\/wp-json\/wp\/v2\/product\/17412\/revisions"}],"wp:featuredmedia":[{"embeddable":true,"href":"https:\/\/eterle.cz\/eshop\/wp-json\/wp\/v2\/media\/17413"}],"wp:attachment":[{"href":"https:\/\/eterle.cz\/eshop\/wp-json\/wp\/v2\/media?parent=17412"}],"wp:term":[{"taxonomy":"product_brand","embeddable":true,"href":"https:\/\/eterle.cz\/eshop\/wp-json\/wp\/v2\/product_brand?post=17412"},{"taxonomy":"product_cat","embeddable":true,"href":"https:\/\/eterle.cz\/eshop\/wp-json\/wp\/v2\/product_cat?post=17412"},{"taxonomy":"product_tag","embeddable":true,"href":"https:\/\/eterle.cz\/eshop\/wp-json\/wp\/v2\/product_tag?post=17412"}],"curies":[{"name":"wp","href":"https:\/\/api.w.org\/{rel}","templated":true}]}}

Soška sedící dámy / Dux

<p>Soška sedící dívky od designérky Jitky Forejtové pro porceánku Royal Dux. Forejtová se zabývala hlavně designem skla a s porcelánkou v Duchcově spolupracovala na počátku 60. let minulého století (1960-1962), kdy se porcelánka snažila výrazně zmodernizovat svou nabídku. Forejtová se zaměřila především na zvířata a ženské figury v různých sedících polohách. Jsou abstrahovány od detailů, čímž zapadají do tehdejšího trendu. Zajímavé je, že autorky původní obor sklářství se promítlo i do jejích porcelánových figurek, které působí jako by byly tvarovány ze žhavého skla.</p>
<p>Stav: nový<br />
Značka: Dux, Jitka Forejtová<br />
Rozměr<br />
Výška: 16 cm<br />
Šířka: 7 cm<br />
Hloubka: 10 cm</p>

<p>Soška sedící dívky od designérky Jitky Forejtové pro porceánku Royal Dux. Forejtová se zabývala hlavně designem skla a s porcelánkou</p>
