{"id":18416,"date":"2024-02-08T19:15:36","date_gmt":"2024-02-08T18:15:36","guid":{"rendered":"https:\/\/eterle.cz\/eshop\/produkt\/jidelni-sada-pro-4-haas-a-czjzek\/"},"modified":"2025-02-16T02:49:05","modified_gmt":"2025-02-16T01:49:05","slug":"jidelni-sada-pro-4-haas-a-czjzek","status":"publish","type":"product","link":"https:\/\/eterle.cz\/eshop\/produkt\/jidelni-sada-pro-4-haas-a-czjzek\/","title":{"rendered":"J\u00eddeln\u00ed sada pro 4 \/ Haas a Czjzek"},"content":{"rendered":"<p>J\u00eddeln\u00ed sada pro 4 osoby od \u010desk\u00e9 porcel\u00e1nky Haas a Czjzek s decentn\u00edm modro zlat\u00fdm zdoben\u00edm ve venkovsk\u00e9m stylu. Sada se bude kr\u00e1sn\u011b vyj\u00edmat na stole v malebn\u00e9 staro\u010desk\u00e9 chaloupce. <\/p>\n<p>Sada obsahuje: 4 j\u00eddeln\u00ed tal\u00ed\u0159e, 4 m\u011blk\u00e9 tal\u00ed\u0159e, dv\u011b ov\u00e1ln\u00e9 m\u00edsy, sl\u00e1nku<\/p>\n<p>Stav: dobr\u00fd s patinou, bez o\u0165uk\u016f, jen m\u00edsty od\u0159en\u00e9 od pou\u017e\u00edv\u00e1n\u00ed a linka m\u00edsty set\u0159ena<br \/>\nZna\u010dka: Haas a Czjzek<br \/>\nRozm\u011br<br \/>\nRozm\u011br v\u011bt\u0161\u00ed m\u00edsy: 41 x 30 cm<br \/>\nRozm\u011br men\u0161\u00ed m\u00edsy: 36 x 24 cm<br \/>\nPr\u016fm\u011br j\u00eddeln\u00edho tal\u00ed\u0159e: 23 cm<br \/>\nPr\u016fm\u011br hlubok\u00e9ho tal\u00ed\u0159e: 23 xm<br \/>\nV\u00fd\u0161ka sl\u00e1nky: 6,5 cm<\/p>\n","protected":false},"excerpt":{"rendered":"<p>J\u00eddeln\u00ed sada pro 4 osoby od \u010desk\u00e9 porcel\u00e1nky Haas a Czjzek s decentn\u00edm modro zlat\u00fdm zdoben\u00edm ve venkovsk\u00e9m stylu. Sada<\/p>\n","protected":false},"featured_media":17889,"template":"","meta":[],"product_brand":[153],"product_cat":[91],"product_tag":[],"class_list":{"0":"post-18416","1":"product","2":"type-product","3":"status-publish","4":"has-post-thumbnail","6":"product_brand-eterle-cz","7":"product_cat-prodane","9":"first","10":"outofstock","11":"purchasable","12":"product-type-simple"},"_links":{"self":[{"href":"https:\/\/eterle.cz\/eshop\/wp-json\/wp\/v2\/product\/18416","targetHints":{"allow":["GET"]}}],"collection":[{"href":"https:\/\/eterle.cz\/eshop\/wp-json\/wp\/v2\/product"}],"about":[{"href":"https:\/\/eterle.cz\/eshop\/wp-json\/wp\/v2\/types\/product"}],"version-history":[{"count":0,"href":"https:\/\/eterle.cz\/eshop\/wp-json\/wp\/v2\/product\/18416\/revisions"}],"wp:featuredmedia":[{"embeddable":true,"href":"https:\/\/eterle.cz\/eshop\/wp-json\/wp\/v2\/media\/17889"}],"wp:attachment":[{"href":"https:\/\/eterle.cz\/eshop\/wp-json\/wp\/v2\/media?parent=18416"}],"wp:term":[{"taxonomy":"product_brand","embeddable":true,"href":"https:\/\/eterle.cz\/eshop\/wp-json\/wp\/v2\/product_brand?post=18416"},{"taxonomy":"product_cat","embeddable":true,"href":"https:\/\/eterle.cz\/eshop\/wp-json\/wp\/v2\/product_cat?post=18416"},{"taxonomy":"product_tag","embeddable":true,"href":"https:\/\/eterle.cz\/eshop\/wp-json\/wp\/v2\/product_tag?post=18416"}],"curies":[{"name":"wp","href":"https:\/\/api.w.org\/{rel}","templated":true}]}}