{"id":18418,"date":"2024-02-08T19:15:49","date_gmt":"2024-02-08T18:15:49","guid":{"rendered":"https:\/\/eterle.cz\/eshop\/produkt\/jidelni-sada-pro-6-hutschenreuther\/"},"modified":"2025-02-16T02:49:05","modified_gmt":"2025-02-16T01:49:05","slug":"jidelni-sada-pro-6-hutschenreuther","status":"publish","type":"product","link":"https:\/\/eterle.cz\/eshop\/produkt\/jidelni-sada-pro-6-hutschenreuther\/","title":{"rendered":"J\u00eddeln\u00ed sada pro 6 \/ Hutschenreuther"},"content":{"rendered":"<p>N\u011b\u017en\u00e1 j\u00eddeln\u00ed sada v neobvykl\u00e9 pudrov\u011b r\u016f\u017eov\u00e9 barv\u011b s plastick\u00fdm dekorem r\u016f\u017e\u00ed. Po obvodu cel\u00e9ho tal\u00ed\u0159e v hloubce 1 cm je plastick\u00e9 \u0161rafov\u00e1n\u00ed evokuj\u00edc\u00ed tr\u00e1vu. Porcel\u00e1n je z tenk\u00e9ho st\u0159epu. Sada poch\u00e1z\u00ed z n\u011bmeck\u00e9 porcel\u00e1nky Hutschenheuther spadaj\u00edc\u00ed do skupiny Rosenthal. <\/p>\n<p>Sada obsahuje: 6 j\u00eddeln\u00edch tla\u00ed\u0159\u016f, 6 hlubok\u00fdch tal\u00ed\u0159\u016f, 6 dezertn\u00edch tal\u00ed\u0159\u016f, serv\u00edrovac\u00ed m\u00edsu, om\u00e1\u010dn\u00edk<\/p>\n<p>Stav: perfektn\u00ed<br \/>\nZna\u010dka: Hutschenreuther<br \/>\nRozm\u011br<br \/>\nPr\u016fm\u011br j\u00eddeln\u00edho tal\u00ed\u0159e: 25 cm<br \/>\nPr\u016fm\u011br hlubok\u00e9ho tal\u00ed\u0159e: 22 cm<br \/>\nPr\u016fm\u011br dezertn\u00edho tal\u00ed\u0159e: 19 cm<br \/>\nRozm\u011br m\u00edsy: 32 x 21,5 cm<br \/>\nObjem om\u00e1\u010dn\u00edku: 400 ml<\/p>\n","protected":false},"excerpt":{"rendered":"<p>N\u011b\u017en\u00e1 j\u00eddeln\u00ed sada v neobvykl\u00e9 pudrov\u011b r\u016f\u017eov\u00e9 barv\u011b s plastick\u00fdm dekorem r\u016f\u017e\u00ed. Po obvodu cel\u00e9ho tal\u00ed\u0159e v hloubce 1 cm<\/p>\n","protected":false},"featured_media":17923,"template":"","meta":[],"product_brand":[153],"product_cat":[91],"product_tag":[],"class_list":{"0":"post-18418","1":"product","2":"type-product","3":"status-publish","4":"has-post-thumbnail","6":"product_brand-eterle-cz","7":"product_cat-prodane","9":"first","10":"outofstock","11":"purchasable","12":"product-type-simple"},"_links":{"self":[{"href":"https:\/\/eterle.cz\/eshop\/wp-json\/wp\/v2\/product\/18418","targetHints":{"allow":["GET"]}}],"collection":[{"href":"https:\/\/eterle.cz\/eshop\/wp-json\/wp\/v2\/product"}],"about":[{"href":"https:\/\/eterle.cz\/eshop\/wp-json\/wp\/v2\/types\/product"}],"version-history":[{"count":0,"href":"https:\/\/eterle.cz\/eshop\/wp-json\/wp\/v2\/product\/18418\/revisions"}],"wp:featuredmedia":[{"embeddable":true,"href":"https:\/\/eterle.cz\/eshop\/wp-json\/wp\/v2\/media\/17923"}],"wp:attachment":[{"href":"https:\/\/eterle.cz\/eshop\/wp-json\/wp\/v2\/media?parent=18418"}],"wp:term":[{"taxonomy":"product_brand","embeddable":true,"href":"https:\/\/eterle.cz\/eshop\/wp-json\/wp\/v2\/product_brand?post=18418"},{"taxonomy":"product_cat","embeddable":true,"href":"https:\/\/eterle.cz\/eshop\/wp-json\/wp\/v2\/product_cat?post=18418"},{"taxonomy":"product_tag","embeddable":true,"href":"https:\/\/eterle.cz\/eshop\/wp-json\/wp\/v2\/product_tag?post=18418"}],"curies":[{"name":"wp","href":"https:\/\/api.w.org\/{rel}","templated":true}]}}