{"id":18462,"date":"2024-02-08T19:20:23","date_gmt":"2024-02-08T18:20:23","guid":{"rendered":"https:\/\/eterle.cz\/eshop\/produkt\/sada-sklenic-s-dzbanem\/"},"modified":"2025-02-16T02:47:57","modified_gmt":"2025-02-16T01:47:57","slug":"sada-sklenic-s-dzbanem","status":"publish","type":"product","link":"https:\/\/eterle.cz\/eshop\/produkt\/sada-sklenic-s-dzbanem\/","title":{"rendered":"Sada sklenic s d\u017eb\u00e1nem"},"content":{"rendered":"<p>Sada p\u011bti sklenic a d\u017eb\u00e1nku na vodu \u010di na v\u00edno. Sklo je ru\u010dn\u011b foukan\u00e9 zbarven\u00e9 do zelena a m\u00e1 zaj\u00edmav\u00fd efekt bublin.<\/p>\n<p>Stav: velmi dobr\u00fd<br \/>\nRozm\u011br<br \/>\nV\u00fd\u0161ka d\u017eb\u00e1nu: 28 cm<br \/>\nV\u00fd\u0161ka sklenice: 16,5 cm<br \/>\nObjem d\u017eb\u00e1nu: 1,7 l<br \/>\nObjem sklenice: 600 ml<\/p>\n","protected":false},"excerpt":{"rendered":"<p>Sada p\u011bti sklenic a d\u017eb\u00e1nku na vodu \u010di na v\u00edno. Sklo je ru\u010dn\u011b foukan\u00e9 zbarven\u00e9 do zelena a m\u00e1 zaj\u00edmav\u00fd<\/p>\n","protected":false},"featured_media":18215,"template":"","meta":[],"product_brand":[153],"product_cat":[91],"product_tag":[],"class_list":{"0":"post-18462","1":"product","2":"type-product","3":"status-publish","4":"has-post-thumbnail","6":"product_brand-eterle-cz","7":"product_cat-prodane","9":"first","10":"outofstock","11":"purchasable","12":"product-type-simple"},"_links":{"self":[{"href":"https:\/\/eterle.cz\/eshop\/wp-json\/wp\/v2\/product\/18462","targetHints":{"allow":["GET"]}}],"collection":[{"href":"https:\/\/eterle.cz\/eshop\/wp-json\/wp\/v2\/product"}],"about":[{"href":"https:\/\/eterle.cz\/eshop\/wp-json\/wp\/v2\/types\/product"}],"version-history":[{"count":0,"href":"https:\/\/eterle.cz\/eshop\/wp-json\/wp\/v2\/product\/18462\/revisions"}],"wp:featuredmedia":[{"embeddable":true,"href":"https:\/\/eterle.cz\/eshop\/wp-json\/wp\/v2\/media\/18215"}],"wp:attachment":[{"href":"https:\/\/eterle.cz\/eshop\/wp-json\/wp\/v2\/media?parent=18462"}],"wp:term":[{"taxonomy":"product_brand","embeddable":true,"href":"https:\/\/eterle.cz\/eshop\/wp-json\/wp\/v2\/product_brand?post=18462"},{"taxonomy":"product_cat","embeddable":true,"href":"https:\/\/eterle.cz\/eshop\/wp-json\/wp\/v2\/product_cat?post=18462"},{"taxonomy":"product_tag","embeddable":true,"href":"https:\/\/eterle.cz\/eshop\/wp-json\/wp\/v2\/product_tag?post=18462"}],"curies":[{"name":"wp","href":"https:\/\/api.w.org\/{rel}","templated":true}]}}