{"id":18464,"date":"2024-02-08T19:20:34","date_gmt":"2024-02-08T18:20:34","guid":{"rendered":"https:\/\/eterle.cz\/eshop\/produkt\/karafa-8\/"},"modified":"2025-02-16T02:47:56","modified_gmt":"2025-02-16T01:47:56","slug":"karafa-8","status":"publish","type":"product","link":"https:\/\/eterle.cz\/eshop\/produkt\/karafa-8\/","title":{"rendered":"Karafa"},"content":{"rendered":"<p>Karafa z lisovan\u00e9ho skla, kter\u00e1 v\u0161ak sv\u00fdm zdoben\u00edm p\u016fsob\u00ed dojmem hlubok\u00e9ho brusu.<\/p>\n<p>Stav: dobr\u00fd<br \/>\nRozm\u011br<br \/>\nV\u00fd\u0161ka: 29 cm<br \/>\nObjem: 1 l<\/p>\n","protected":false},"excerpt":{"rendered":"<p>Karafa z lisovan\u00e9ho skla, kter\u00e1 v\u0161ak sv\u00fdm zdoben\u00edm p\u016fsob\u00ed dojmem hlubok\u00e9ho brusu. Stav: dobr\u00fd Rozm\u011br V\u00fd\u0161ka: 29 cm Objem: 1<\/p>\n","protected":false},"featured_media":18231,"template":"","meta":[],"product_brand":[153],"product_cat":[91],"product_tag":[],"class_list":{"0":"post-18464","1":"product","2":"type-product","3":"status-publish","4":"has-post-thumbnail","6":"product_brand-eterle-cz","7":"product_cat-prodane","9":"first","10":"outofstock","11":"purchasable","12":"product-type-simple"},"_links":{"self":[{"href":"https:\/\/eterle.cz\/eshop\/wp-json\/wp\/v2\/product\/18464","targetHints":{"allow":["GET"]}}],"collection":[{"href":"https:\/\/eterle.cz\/eshop\/wp-json\/wp\/v2\/product"}],"about":[{"href":"https:\/\/eterle.cz\/eshop\/wp-json\/wp\/v2\/types\/product"}],"version-history":[{"count":0,"href":"https:\/\/eterle.cz\/eshop\/wp-json\/wp\/v2\/product\/18464\/revisions"}],"wp:featuredmedia":[{"embeddable":true,"href":"https:\/\/eterle.cz\/eshop\/wp-json\/wp\/v2\/media\/18231"}],"wp:attachment":[{"href":"https:\/\/eterle.cz\/eshop\/wp-json\/wp\/v2\/media?parent=18464"}],"wp:term":[{"taxonomy":"product_brand","embeddable":true,"href":"https:\/\/eterle.cz\/eshop\/wp-json\/wp\/v2\/product_brand?post=18464"},{"taxonomy":"product_cat","embeddable":true,"href":"https:\/\/eterle.cz\/eshop\/wp-json\/wp\/v2\/product_cat?post=18464"},{"taxonomy":"product_tag","embeddable":true,"href":"https:\/\/eterle.cz\/eshop\/wp-json\/wp\/v2\/product_tag?post=18464"}],"curies":[{"name":"wp","href":"https:\/\/api.w.org\/{rel}","templated":true}]}}