{"id":18528,"date":"2024-02-08T19:25:01","date_gmt":"2024-02-08T18:25:01","guid":{"rendered":"https:\/\/eterle.cz\/eshop\/produkt\/lustr-8\/"},"modified":"2025-02-16T02:47:46","modified_gmt":"2025-02-16T01:47:46","slug":"lustr-8","status":"publish","type":"product","link":"https:\/\/eterle.cz\/eshop\/produkt\/lustr-8\/","title":{"rendered":"Lustr"},"content":{"rendered":"<p>Zaj\u00edmav\u00e1 kombinace d\u0159eva ve tvaru \u0159et\u011bzu a sklen\u011bn\u00e9ho st\u00ednidla.<\/p>\n<p>Stav: lak na d\u0159evu m\u00edsty oloupan\u00fd; el. p\u016fvodn\u00ed, funk\u010dn\u00ed<br \/>\nRozm\u011br<br \/>\nV\u00fd\u0161ka: 48 cm<br \/>\nPr\u016fm\u011br st\u00ednidla: 25 cm<\/p>\n","protected":false},"excerpt":{"rendered":"<p>Zaj\u00edmav\u00e1 kombinace d\u0159eva ve tvaru \u0159et\u011bzu a sklen\u011bn\u00e9ho st\u00ednidla. Stav: lak na d\u0159evu m\u00edsty oloupan\u00fd; el. p\u016fvodn\u00ed, funk\u010dn\u00ed Rozm\u011br V\u00fd\u0161ka:<\/p>\n","protected":false},"featured_media":18529,"template":"","meta":[],"product_brand":[153],"product_cat":[91],"product_tag":[],"class_list":{"0":"post-18528","1":"product","2":"type-product","3":"status-publish","4":"has-post-thumbnail","6":"product_brand-eterle-cz","7":"product_cat-prodane","8":"product_shipping_class-nadrozmerne","10":"first","11":"outofstock","12":"purchasable","13":"product-type-simple"},"_links":{"self":[{"href":"https:\/\/eterle.cz\/eshop\/wp-json\/wp\/v2\/product\/18528","targetHints":{"allow":["GET"]}}],"collection":[{"href":"https:\/\/eterle.cz\/eshop\/wp-json\/wp\/v2\/product"}],"about":[{"href":"https:\/\/eterle.cz\/eshop\/wp-json\/wp\/v2\/types\/product"}],"version-history":[{"count":0,"href":"https:\/\/eterle.cz\/eshop\/wp-json\/wp\/v2\/product\/18528\/revisions"}],"wp:featuredmedia":[{"embeddable":true,"href":"https:\/\/eterle.cz\/eshop\/wp-json\/wp\/v2\/media\/18529"}],"wp:attachment":[{"href":"https:\/\/eterle.cz\/eshop\/wp-json\/wp\/v2\/media?parent=18528"}],"wp:term":[{"taxonomy":"product_brand","embeddable":true,"href":"https:\/\/eterle.cz\/eshop\/wp-json\/wp\/v2\/product_brand?post=18528"},{"taxonomy":"product_cat","embeddable":true,"href":"https:\/\/eterle.cz\/eshop\/wp-json\/wp\/v2\/product_cat?post=18528"},{"taxonomy":"product_tag","embeddable":true,"href":"https:\/\/eterle.cz\/eshop\/wp-json\/wp\/v2\/product_tag?post=18528"}],"curies":[{"name":"wp","href":"https:\/\/api.w.org\/{rel}","templated":true}]}}