{"id":18534,"date":"2024-02-08T19:25:15","date_gmt":"2024-02-08T18:25:15","guid":{"rendered":"https:\/\/eterle.cz\/eshop\/produkt\/lustr-detsky\/"},"modified":"2025-06-24T01:54:34","modified_gmt":"2025-06-23T23:54:34","slug":"lustr-detsky","status":"publish","type":"product","link":"https:\/\/eterle.cz\/eshop\/produkt\/lustr-detsky\/","title":{"rendered":"Lustr d\u011btsk\u00fd"},"content":{"rendered":"<p>D\u011btsk\u00fd plastov\u00fd lustr z konce minul\u00e9ho stolet\u00ed.<\/p>\n<p>Stav: dobr\u00fd; el. p\u016fvodn\u00ed, funk\u010dn\u00ed<br \/>\nRozm\u011br<br \/>\nV\u00fd\u0161ka: 60 cm<br \/>\nD\u00e9lka kabelu: 40 cm<br \/>\nPr\u016fm\u011br st\u00ednidla: 33 cm<\/p>\n","protected":false},"excerpt":{"rendered":"<p>D\u011btsk\u00fd plastov\u00fd lustr z konce minul\u00e9ho stolet\u00ed. Stav: dobr\u00fd; el. p\u016fvodn\u00ed, funk\u010dn\u00ed Rozm\u011br V\u00fd\u0161ka: 60 cm D\u00e9lka kabelu: 40 cm<\/p>\n","protected":false},"featured_media":18535,"template":"","meta":[],"product_brand":[153],"product_cat":[79,140],"product_tag":[],"class_list":{"0":"post-18534","1":"product","2":"type-product","3":"status-publish","4":"has-post-thumbnail","6":"product_brand-eterle-cz","7":"product_cat-svetla","8":"product_cat-lustry","9":"product_shipping_class-nadrozmerne","11":"first","12":"instock","13":"purchasable","14":"product-type-simple"},"_links":{"self":[{"href":"https:\/\/eterle.cz\/eshop\/wp-json\/wp\/v2\/product\/18534","targetHints":{"allow":["GET"]}}],"collection":[{"href":"https:\/\/eterle.cz\/eshop\/wp-json\/wp\/v2\/product"}],"about":[{"href":"https:\/\/eterle.cz\/eshop\/wp-json\/wp\/v2\/types\/product"}],"version-history":[{"count":2,"href":"https:\/\/eterle.cz\/eshop\/wp-json\/wp\/v2\/product\/18534\/revisions"}],"predecessor-version":[{"id":26374,"href":"https:\/\/eterle.cz\/eshop\/wp-json\/wp\/v2\/product\/18534\/revisions\/26374"}],"wp:featuredmedia":[{"embeddable":true,"href":"https:\/\/eterle.cz\/eshop\/wp-json\/wp\/v2\/media\/18535"}],"wp:attachment":[{"href":"https:\/\/eterle.cz\/eshop\/wp-json\/wp\/v2\/media?parent=18534"}],"wp:term":[{"taxonomy":"product_brand","embeddable":true,"href":"https:\/\/eterle.cz\/eshop\/wp-json\/wp\/v2\/product_brand?post=18534"},{"taxonomy":"product_cat","embeddable":true,"href":"https:\/\/eterle.cz\/eshop\/wp-json\/wp\/v2\/product_cat?post=18534"},{"taxonomy":"product_tag","embeddable":true,"href":"https:\/\/eterle.cz\/eshop\/wp-json\/wp\/v2\/product_tag?post=18534"}],"curies":[{"name":"wp","href":"https:\/\/api.w.org\/{rel}","templated":true}]}}