{"id":18558,"date":"2024-02-08T19:26:10","date_gmt":"2024-02-08T18:26:10","guid":{"rendered":"https:\/\/eterle.cz\/eshop\/produkt\/lustr-horcicny\/"},"modified":"2025-03-04T16:06:39","modified_gmt":"2025-03-04T15:06:39","slug":"lustr-horcicny","status":"publish","type":"product","link":"https:\/\/eterle.cz\/eshop\/produkt\/lustr-horcicny\/","title":{"rendered":"Lustr ho\u0159\u010di\u010dn\u00fd"},"content":{"rendered":"<p>Velk\u00fd sklen\u011bn\u00fd lustr z 60. let minul\u00e9ho stolet\u00ed je zaj\u00edmav\u00fd nejen barvou ale tak\u00e9 plastick\u00fdm vzorem st\u00ednidla.<\/p>\n<p>Stav: velmi dobr\u00fd; el. nov\u00e1<br \/>\nRozm\u011br<br \/>\nV\u00fd\u0161ka: 96 cm<br \/>\nD\u00e9lka ty\u010de: 64 cm<br \/>\nPr\u016fm\u011br st\u00ednidla: 33 cm<\/p>\n","protected":false},"excerpt":{"rendered":"<p>Velk\u00fd sklen\u011bn\u00fd lustr z 60. let minul\u00e9ho stolet\u00ed je zaj\u00edmav\u00fd nejen barvou ale tak\u00e9 plastick\u00fdm vzorem st\u00ednidla. Stav: velmi dobr\u00fd;<\/p>\n","protected":false},"featured_media":18559,"template":"","meta":[],"product_brand":[153],"product_cat":[91],"product_tag":[],"class_list":{"0":"post-18558","1":"product","2":"type-product","3":"status-publish","4":"has-post-thumbnail","6":"product_brand-eterle-cz","7":"product_cat-prodane","8":"product_shipping_class-nadrozmerne","10":"first","11":"outofstock","12":"purchasable","13":"product-type-simple"},"_links":{"self":[{"href":"https:\/\/eterle.cz\/eshop\/wp-json\/wp\/v2\/product\/18558","targetHints":{"allow":["GET"]}}],"collection":[{"href":"https:\/\/eterle.cz\/eshop\/wp-json\/wp\/v2\/product"}],"about":[{"href":"https:\/\/eterle.cz\/eshop\/wp-json\/wp\/v2\/types\/product"}],"version-history":[{"count":0,"href":"https:\/\/eterle.cz\/eshop\/wp-json\/wp\/v2\/product\/18558\/revisions"}],"wp:featuredmedia":[{"embeddable":true,"href":"https:\/\/eterle.cz\/eshop\/wp-json\/wp\/v2\/media\/18559"}],"wp:attachment":[{"href":"https:\/\/eterle.cz\/eshop\/wp-json\/wp\/v2\/media?parent=18558"}],"wp:term":[{"taxonomy":"product_brand","embeddable":true,"href":"https:\/\/eterle.cz\/eshop\/wp-json\/wp\/v2\/product_brand?post=18558"},{"taxonomy":"product_cat","embeddable":true,"href":"https:\/\/eterle.cz\/eshop\/wp-json\/wp\/v2\/product_cat?post=18558"},{"taxonomy":"product_tag","embeddable":true,"href":"https:\/\/eterle.cz\/eshop\/wp-json\/wp\/v2\/product_tag?post=18558"}],"curies":[{"name":"wp","href":"https:\/\/api.w.org\/{rel}","templated":true}]}}