{"id":18576,"date":"2024-02-08T19:26:47","date_gmt":"2024-02-08T18:26:47","guid":{"rendered":"https:\/\/eterle.cz\/eshop\/produkt\/lustr-napako\/"},"modified":"2025-02-16T02:47:44","modified_gmt":"2025-02-16T01:47:44","slug":"lustr-napako","status":"publish","type":"product","link":"https:\/\/eterle.cz\/eshop\/produkt\/lustr-napako\/","title":{"rendered":"Lustr \/ Napako"},"content":{"rendered":"<p>Lustr ze 70. let minul\u00e9ho stolet\u00ed od design\u00e9ra Josefa H\u016frky pro Napako.<\/p>\n<p>Stav: velmi dobr\u00fd; el. p\u016fvodn\u00ed, funk\u010dn\u00ed<br \/>\nRozm\u011br<br \/>\nV\u00fd\u0161ka: 60 cm<br \/>\nPr\u016fm\u011br: 46 cm<br \/>\nPr\u016fm\u011br koule: 15 cm<\/p>\n","protected":false},"excerpt":{"rendered":"<p>Lustr ze 70. let minul\u00e9ho stolet\u00ed od design\u00e9ra Josefa H\u016frky pro Napako. Stav: velmi dobr\u00fd; el. p\u016fvodn\u00ed, funk\u010dn\u00ed Rozm\u011br V\u00fd\u0161ka:<\/p>\n","protected":false},"featured_media":18577,"template":"","meta":[],"product_brand":[153],"product_cat":[91],"product_tag":[],"class_list":{"0":"post-18576","1":"product","2":"type-product","3":"status-publish","4":"has-post-thumbnail","6":"product_brand-eterle-cz","7":"product_cat-prodane","8":"product_shipping_class-nadrozmerne","10":"first","11":"outofstock","12":"purchasable","13":"product-type-simple"},"_links":{"self":[{"href":"https:\/\/eterle.cz\/eshop\/wp-json\/wp\/v2\/product\/18576","targetHints":{"allow":["GET"]}}],"collection":[{"href":"https:\/\/eterle.cz\/eshop\/wp-json\/wp\/v2\/product"}],"about":[{"href":"https:\/\/eterle.cz\/eshop\/wp-json\/wp\/v2\/types\/product"}],"version-history":[{"count":0,"href":"https:\/\/eterle.cz\/eshop\/wp-json\/wp\/v2\/product\/18576\/revisions"}],"wp:featuredmedia":[{"embeddable":true,"href":"https:\/\/eterle.cz\/eshop\/wp-json\/wp\/v2\/media\/18577"}],"wp:attachment":[{"href":"https:\/\/eterle.cz\/eshop\/wp-json\/wp\/v2\/media?parent=18576"}],"wp:term":[{"taxonomy":"product_brand","embeddable":true,"href":"https:\/\/eterle.cz\/eshop\/wp-json\/wp\/v2\/product_brand?post=18576"},{"taxonomy":"product_cat","embeddable":true,"href":"https:\/\/eterle.cz\/eshop\/wp-json\/wp\/v2\/product_cat?post=18576"},{"taxonomy":"product_tag","embeddable":true,"href":"https:\/\/eterle.cz\/eshop\/wp-json\/wp\/v2\/product_tag?post=18576"}],"curies":[{"name":"wp","href":"https:\/\/api.w.org\/{rel}","templated":true}]}}