{"id":18608,"date":"2024-02-08T19:27:53","date_gmt":"2024-02-08T18:27:53","guid":{"rendered":"https:\/\/eterle.cz\/eshop\/produkt\/skorepinove-kreslo-ton\/"},"modified":"2025-09-19T19:06:08","modified_gmt":"2025-09-19T17:06:08","slug":"skorepinove-kreslo-ton","status":"publish","type":"product","link":"https:\/\/eterle.cz\/eshop\/produkt\/skorepinove-kreslo-ton\/","title":{"rendered":"Sko\u0159epinov\u00e9 k\u0159eslo \/ Ton"},"content":{"rendered":"<p>Sko\u0159epinov\u00e9 k\u0159eslo zna\u010dky Ton z bruselsk\u00e9 \u00e9ry. K\u0159esla maj\u00ed subtiln\u00ed kovovou z\u00e1kladnu a s nov\u00fdm \u010dalounen\u00edm v jak\u00e9koliv barv\u011b dostanou modenr\u00ed minimalistick\u00fd r\u00e1z.<\/p>\n<p>Stav: \u010daloun\u011bn\u00eds patinou nepo\u0161kozen\u00e9<br \/>\nZna\u010dka: Ton<br \/>\nRozm\u011br<br \/>\nV\u00fd\u0161ka: 62 cm<br \/>\nHloubka: 71 cm<br \/>\n\u0160\u00ed\u0159ka: 63 cm<br \/>\nHloubka sed\u00e1ku: 50 cm<br \/>\nV\u00fd\u0161ka sed\u00e1ku: 36 cm<\/p>\n","protected":false},"excerpt":{"rendered":"<p>Sko\u0159epinov\u00e9 k\u0159eslo zna\u010dky Ton z bruselsk\u00e9 \u00e9ry. K\u0159esla maj\u00ed subtiln\u00ed kovovou z\u00e1kladnu a s nov\u00fdm \u010dalounen\u00edm v jak\u00e9koliv barv\u011b dostanou<\/p>\n","protected":false},"featured_media":18624,"template":"","meta":[],"product_brand":[153],"product_cat":[91],"product_tag":[],"class_list":{"0":"post-18608","1":"product","2":"type-product","3":"status-publish","4":"has-post-thumbnail","6":"product_brand-eterle-cz","7":"product_cat-prodane","8":"product_shipping_class-nadrozmerne","10":"first","11":"outofstock","12":"purchasable","13":"product-type-simple"},"_links":{"self":[{"href":"https:\/\/eterle.cz\/eshop\/wp-json\/wp\/v2\/product\/18608","targetHints":{"allow":["GET"]}}],"collection":[{"href":"https:\/\/eterle.cz\/eshop\/wp-json\/wp\/v2\/product"}],"about":[{"href":"https:\/\/eterle.cz\/eshop\/wp-json\/wp\/v2\/types\/product"}],"version-history":[{"count":3,"href":"https:\/\/eterle.cz\/eshop\/wp-json\/wp\/v2\/product\/18608\/revisions"}],"predecessor-version":[{"id":26373,"href":"https:\/\/eterle.cz\/eshop\/wp-json\/wp\/v2\/product\/18608\/revisions\/26373"}],"wp:featuredmedia":[{"embeddable":true,"href":"https:\/\/eterle.cz\/eshop\/wp-json\/wp\/v2\/media\/18624"}],"wp:attachment":[{"href":"https:\/\/eterle.cz\/eshop\/wp-json\/wp\/v2\/media?parent=18608"}],"wp:term":[{"taxonomy":"product_brand","embeddable":true,"href":"https:\/\/eterle.cz\/eshop\/wp-json\/wp\/v2\/product_brand?post=18608"},{"taxonomy":"product_cat","embeddable":true,"href":"https:\/\/eterle.cz\/eshop\/wp-json\/wp\/v2\/product_cat?post=18608"},{"taxonomy":"product_tag","embeddable":true,"href":"https:\/\/eterle.cz\/eshop\/wp-json\/wp\/v2\/product_tag?post=18608"}],"curies":[{"name":"wp","href":"https:\/\/api.w.org\/{rel}","templated":true}]}}