{"id":18810,"date":"2024-04-24T22:43:15","date_gmt":"2024-04-24T20:43:15","guid":{"rendered":"https:\/\/eterle.cz\/eshop\/produkt\/sada-na-caj-pro-6-2\/"},"modified":"2025-04-06T12:44:10","modified_gmt":"2025-04-06T10:44:10","slug":"sada-na-caj-pro-6-2","status":"publish","type":"product","link":"https:\/\/eterle.cz\/eshop\/produkt\/sada-na-caj-pro-6-2\/","title":{"rendered":"Sada na \u010daj pro 6"},"content":{"rendered":"<p>Barevn\u011b neobvykl\u00e1 \u010dajov\u00e1 sada v kombinaci pudrov\u011b r\u016f\u017eov\u00e9 a zlat\u00e9 vyroben\u00e9 ve Francii. <\/p>\n<p>Sada obsahuje: \u010dajovou konvici, ml\u00e9kovku, 6x \u0161ap\u00f3<\/p>\n<p>Stav: velmi dobr\u00fd, m\u00edsty p\u0159i detailn\u00edm zkoum\u00edn\u00ed je vid\u011bt lehce po\u0161kr\u00e1ban\u00e9 zlato; jeden hrne\u010dek m\u00e1 nepatrn\u00fd o\u0165uk zespoda<br \/>\nRozm\u011br<br \/>\nObjem konvice: 1 l<br \/>\nObjem ml\u00e9kovky: 400 ml<br \/>\nObjem hrne\u010dku: 100 ml<br \/>\nPr\u016fm\u011br pod\u0161\u00e1lku: 14 cm<\/p>\n","protected":false},"excerpt":{"rendered":"<p>Barevn\u011b neobvykl\u00e1 \u010dajov\u00e1 sada v kombinaci pudrov\u011b r\u016f\u017eov\u00e9 a zlat\u00e9 vyroben\u00e9 ve Francii. Sada obsahuje: \u010dajovou konvici, ml\u00e9kovku, 6x \u0161ap\u00f3<\/p>\n","protected":false},"featured_media":18811,"template":"","meta":[],"product_brand":[153],"product_cat":[91],"product_tag":[],"class_list":{"0":"post-18810","1":"product","2":"type-product","3":"status-publish","4":"has-post-thumbnail","6":"product_brand-eterle-cz","7":"product_cat-prodane","9":"first","10":"outofstock","11":"sale","12":"purchasable","13":"product-type-simple"},"_links":{"self":[{"href":"https:\/\/eterle.cz\/eshop\/wp-json\/wp\/v2\/product\/18810","targetHints":{"allow":["GET"]}}],"collection":[{"href":"https:\/\/eterle.cz\/eshop\/wp-json\/wp\/v2\/product"}],"about":[{"href":"https:\/\/eterle.cz\/eshop\/wp-json\/wp\/v2\/types\/product"}],"version-history":[{"count":0,"href":"https:\/\/eterle.cz\/eshop\/wp-json\/wp\/v2\/product\/18810\/revisions"}],"wp:featuredmedia":[{"embeddable":true,"href":"https:\/\/eterle.cz\/eshop\/wp-json\/wp\/v2\/media\/18811"}],"wp:attachment":[{"href":"https:\/\/eterle.cz\/eshop\/wp-json\/wp\/v2\/media?parent=18810"}],"wp:term":[{"taxonomy":"product_brand","embeddable":true,"href":"https:\/\/eterle.cz\/eshop\/wp-json\/wp\/v2\/product_brand?post=18810"},{"taxonomy":"product_cat","embeddable":true,"href":"https:\/\/eterle.cz\/eshop\/wp-json\/wp\/v2\/product_cat?post=18810"},{"taxonomy":"product_tag","embeddable":true,"href":"https:\/\/eterle.cz\/eshop\/wp-json\/wp\/v2\/product_tag?post=18810"}],"curies":[{"name":"wp","href":"https:\/\/api.w.org\/{rel}","templated":true}]}}