{"id":18849,"date":"2024-04-24T22:44:34","date_gmt":"2024-04-24T20:44:34","guid":{"rendered":"https:\/\/eterle.cz\/eshop\/produkt\/sapo-rosenthal-3\/"},"modified":"2025-02-16T02:47:40","modified_gmt":"2025-02-16T01:47:40","slug":"sapo-rosenthal-3","status":"publish","type":"product","link":"https:\/\/eterle.cz\/eshop\/produkt\/sapo-rosenthal-3\/","title":{"rendered":"\u0160ap\u00f3 \/ Rosenthal"},"content":{"rendered":"<p>\u0160ap\u00f3 od n\u011bmeck\u00e9 porcel\u00e1nky Rosenthal z \u0159ady Chippendale. Vysoce elegantn\u00ed porcel\u00e1n v barv\u011b slonov\u00e9 kosti se zlat\u00fdm lemem ve dvou lini\u00edch, kter\u00e9 zdob\u00ed plastick\u00fd okraj pod\u0161\u00e1lku.<\/p>\n<p>Stav:perfektn\u00ed<br \/>\nZna\u010dka: Rosenthal<br \/>\nRozm\u011br<br \/>\nObjem hrne\u010dku: 150 ml<br \/>\nPr\u016fm\u011br pod\u0161\u00e1lku: 15 cm<\/p>\n","protected":false},"excerpt":{"rendered":"<p>\u0160ap\u00f3 od n\u011bmeck\u00e9 porcel\u00e1nky Rosenthal z \u0159ady Chippendale. Vysoce elegantn\u00ed porcel\u00e1n v barv\u011b slonov\u00e9 kosti se zlat\u00fdm lemem ve dvou<\/p>\n","protected":false},"featured_media":18850,"template":"","meta":[],"product_brand":[153],"product_cat":[91],"product_tag":[],"class_list":{"0":"post-18849","1":"product","2":"type-product","3":"status-publish","4":"has-post-thumbnail","6":"product_brand-eterle-cz","7":"product_cat-prodane","9":"first","10":"outofstock","11":"purchasable","12":"product-type-simple"},"_links":{"self":[{"href":"https:\/\/eterle.cz\/eshop\/wp-json\/wp\/v2\/product\/18849","targetHints":{"allow":["GET"]}}],"collection":[{"href":"https:\/\/eterle.cz\/eshop\/wp-json\/wp\/v2\/product"}],"about":[{"href":"https:\/\/eterle.cz\/eshop\/wp-json\/wp\/v2\/types\/product"}],"version-history":[{"count":1,"href":"https:\/\/eterle.cz\/eshop\/wp-json\/wp\/v2\/product\/18849\/revisions"}],"predecessor-version":[{"id":20719,"href":"https:\/\/eterle.cz\/eshop\/wp-json\/wp\/v2\/product\/18849\/revisions\/20719"}],"wp:featuredmedia":[{"embeddable":true,"href":"https:\/\/eterle.cz\/eshop\/wp-json\/wp\/v2\/media\/18850"}],"wp:attachment":[{"href":"https:\/\/eterle.cz\/eshop\/wp-json\/wp\/v2\/media?parent=18849"}],"wp:term":[{"taxonomy":"product_brand","embeddable":true,"href":"https:\/\/eterle.cz\/eshop\/wp-json\/wp\/v2\/product_brand?post=18849"},{"taxonomy":"product_cat","embeddable":true,"href":"https:\/\/eterle.cz\/eshop\/wp-json\/wp\/v2\/product_cat?post=18849"},{"taxonomy":"product_tag","embeddable":true,"href":"https:\/\/eterle.cz\/eshop\/wp-json\/wp\/v2\/product_tag?post=18849"}],"curies":[{"name":"wp","href":"https:\/\/api.w.org\/{rel}","templated":true}]}}