{"id":18888,"date":"2024-04-24T22:45:55","date_gmt":"2024-04-24T20:45:55","guid":{"rendered":"https:\/\/eterle.cz\/eshop\/produkt\/misa-a-omacnik-rosenthal\/"},"modified":"2025-02-16T02:47:38","modified_gmt":"2025-02-16T01:47:38","slug":"misa-a-omacnik-rosenthal","status":"publish","type":"product","link":"https:\/\/eterle.cz\/eshop\/produkt\/misa-a-omacnik-rosenthal\/","title":{"rendered":"M\u00edsa a om\u00e1\u010dn\u00edk \/ Rosenthal"},"content":{"rendered":"<p>M\u00edsa s poklopem a om\u00e1\u010dn\u00edk od n\u011bmeck\u00e9 porcel\u00e1nky Rosenthal z \u0159ady Chippendale. Vysoce elegantn\u00ed porcel\u00e1n v barv\u011b slonov\u00e9 kosti se zlat\u00fdm lemem ve dvou lini\u00edch, kter\u00e9 zdob\u00ed plastick\u00fd okraj.<\/p>\n<p>Stav: perfektn\u00ed<br \/>\nZna\u010dka: Rosenthal<br \/>\nObjem m\u00edsy: 1 l<\/p>\n","protected":false},"excerpt":{"rendered":"<p>M\u00edsa s poklopem a om\u00e1\u010dn\u00edk od n\u011bmeck\u00e9 porcel\u00e1nky Rosenthal z \u0159ady Chippendale. Vysoce elegantn\u00ed porcel\u00e1n v barv\u011b slonov\u00e9 kosti se<\/p>\n","protected":false},"featured_media":18889,"template":"","meta":[],"product_brand":[153],"product_cat":[91],"product_tag":[],"class_list":{"0":"post-18888","1":"product","2":"type-product","3":"status-publish","4":"has-post-thumbnail","6":"product_brand-eterle-cz","7":"product_cat-prodane","9":"first","10":"outofstock","11":"purchasable","12":"product-type-simple"},"_links":{"self":[{"href":"https:\/\/eterle.cz\/eshop\/wp-json\/wp\/v2\/product\/18888","targetHints":{"allow":["GET"]}}],"collection":[{"href":"https:\/\/eterle.cz\/eshop\/wp-json\/wp\/v2\/product"}],"about":[{"href":"https:\/\/eterle.cz\/eshop\/wp-json\/wp\/v2\/types\/product"}],"version-history":[{"count":0,"href":"https:\/\/eterle.cz\/eshop\/wp-json\/wp\/v2\/product\/18888\/revisions"}],"wp:featuredmedia":[{"embeddable":true,"href":"https:\/\/eterle.cz\/eshop\/wp-json\/wp\/v2\/media\/18889"}],"wp:attachment":[{"href":"https:\/\/eterle.cz\/eshop\/wp-json\/wp\/v2\/media?parent=18888"}],"wp:term":[{"taxonomy":"product_brand","embeddable":true,"href":"https:\/\/eterle.cz\/eshop\/wp-json\/wp\/v2\/product_brand?post=18888"},{"taxonomy":"product_cat","embeddable":true,"href":"https:\/\/eterle.cz\/eshop\/wp-json\/wp\/v2\/product_cat?post=18888"},{"taxonomy":"product_tag","embeddable":true,"href":"https:\/\/eterle.cz\/eshop\/wp-json\/wp\/v2\/product_tag?post=18888"}],"curies":[{"name":"wp","href":"https:\/\/api.w.org\/{rel}","templated":true}]}}