{"id":18897,"date":"2024-04-24T22:46:17","date_gmt":"2024-04-24T20:46:17","guid":{"rendered":"https:\/\/eterle.cz\/eshop\/produkt\/jidelni-sada-pro-4-2\/"},"modified":"2025-06-24T01:54:32","modified_gmt":"2025-06-23T23:54:32","slug":"jidelni-sada-pro-4-2","status":"publish","type":"product","link":"https:\/\/eterle.cz\/eshop\/produkt\/jidelni-sada-pro-4-2\/","title":{"rendered":"J\u00eddeln\u00ed sada pro 4"},"content":{"rendered":"<p>J\u00eddeln\u00ed sada pro 4 osoby ve stylu art deco. Krom typick\u00e9ho vzoru pro toto obdob\u00ed, m\u00e1j\u00ed jednotliv\u00e9 kusy kr\u00e1sn\u00e9 plastick\u00e9 prolamovan\u00e9 zdoben\u00ed. <\/p>\n<p>Sada obsahuje 16 kus\u016f: 4 hlubok\u00e9 tal\u00ed\u0159e, 4 m\u011blk\u00e9 tal\u00ed\u0159e, 4 dezertn\u00ed tal\u00ed\u0159e, pol\u00e9vkovou m\u00edsu, m\u00edsu s poklopem, ov\u00e1lnou m\u00edsu a m\u00edsu na sal\u00e1t<\/p>\n<p>Stav: dobr\u00fd s patinou, m\u00edsty sed\u0159en\u00e1 zlat\u00e1 linka<br \/>\nZna\u010dka: Bavaria<br \/>\nRozm\u011br<br \/>\nPr\u016fm\u011br hubok\u00e9ho tal\u00ed\u0159e: 24 cm<br \/>\nPr\u016fm\u011br m\u011blk\u00e9ho tal\u00ed\u0159e: 24 cm<br \/>\nPr\u016fm\u011br dezertn\u00edho tal\u00ed\u0159e: 20 cm<br \/>\nObjem pol.m\u00edsy: 1,7 l<br \/>\nObjem m\u00edsy s poklopem: 800 ml<br \/>\nOv\u00e1ln\u00e1 m\u00edsa: 33 x 23 cm<br \/>\nM\u00edsa na sal\u00e1t: 21 x 21 cm<\/p>\n","protected":false},"excerpt":{"rendered":"<p>J\u00eddeln\u00ed sada pro 4 osoby ve stylu art deco. Krom typick\u00e9ho vzoru pro toto obdob\u00ed, m\u00e1j\u00ed jednotliv\u00e9 kusy kr\u00e1sn\u00e9 plastick\u00e9<\/p>\n","protected":false},"featured_media":18898,"template":"","meta":[],"product_brand":[153],"product_cat":[76,111],"product_tag":[],"class_list":{"0":"post-18897","1":"product","2":"type-product","3":"status-publish","4":"has-post-thumbnail","6":"product_brand-eterle-cz","7":"product_cat-porcelan","8":"product_cat-porcelanove-sady","10":"first","11":"instock","12":"purchasable","13":"product-type-simple"},"_links":{"self":[{"href":"https:\/\/eterle.cz\/eshop\/wp-json\/wp\/v2\/product\/18897","targetHints":{"allow":["GET"]}}],"collection":[{"href":"https:\/\/eterle.cz\/eshop\/wp-json\/wp\/v2\/product"}],"about":[{"href":"https:\/\/eterle.cz\/eshop\/wp-json\/wp\/v2\/types\/product"}],"version-history":[{"count":1,"href":"https:\/\/eterle.cz\/eshop\/wp-json\/wp\/v2\/product\/18897\/revisions"}],"predecessor-version":[{"id":26366,"href":"https:\/\/eterle.cz\/eshop\/wp-json\/wp\/v2\/product\/18897\/revisions\/26366"}],"wp:featuredmedia":[{"embeddable":true,"href":"https:\/\/eterle.cz\/eshop\/wp-json\/wp\/v2\/media\/18898"}],"wp:attachment":[{"href":"https:\/\/eterle.cz\/eshop\/wp-json\/wp\/v2\/media?parent=18897"}],"wp:term":[{"taxonomy":"product_brand","embeddable":true,"href":"https:\/\/eterle.cz\/eshop\/wp-json\/wp\/v2\/product_brand?post=18897"},{"taxonomy":"product_cat","embeddable":true,"href":"https:\/\/eterle.cz\/eshop\/wp-json\/wp\/v2\/product_cat?post=18897"},{"taxonomy":"product_tag","embeddable":true,"href":"https:\/\/eterle.cz\/eshop\/wp-json\/wp\/v2\/product_tag?post=18897"}],"curies":[{"name":"wp","href":"https:\/\/api.w.org\/{rel}","templated":true}]}}