{"id":19032,"date":"2024-04-24T22:51:23","date_gmt":"2024-04-24T20:51:23","guid":{"rendered":"https:\/\/eterle.cz\/eshop\/produkt\/porcelanova-vaza-rosenthal-11\/"},"modified":"2025-06-24T01:54:31","modified_gmt":"2025-06-23T23:54:31","slug":"porcelanova-vaza-rosenthal-11","status":"publish","type":"product","link":"https:\/\/eterle.cz\/eshop\/produkt\/porcelanova-vaza-rosenthal-11\/","title":{"rendered":"Porcel\u00e1nov\u00e1 v\u00e1za \/ Rosenthal"},"content":{"rendered":"<p>V\u00e1za &#8222;Skum&#8220; z \u0159ady Rosenthal studio line sv\u00fdm neobvykl\u00fdm tvarem p\u0159ipom\u00edn\u00e1 ob\u0159\u00ed m\u00fddlov\u00e9 bubliny, kter\u00e9 bobtnaj\u00ed p\u0159es sebe a do sebe. Slovo skum znamen\u00e1 v d\u00e1n\u0161tin\u011b p\u011bna. Autorem designu t\u00e9to v\u00e1zy je koda\u0148sk\u00e9 architektonikc\u00e9 studio Bjarke Ingels Group (BIG). Gener\u00e1ln\u00ed \u0159editel a hv\u011bzdn\u00fd architekt Bjarke Ingels vyvinul v roce 2016 pro pivovar Tuborg pavilon akc\u00ed, kter\u00fd my\u0161lenkou a designem p\u0159edstavuje XXL verzi tohoto porcel\u00e1nov\u00e9ho objektu.<\/p>\n<p>Stav: nov\u00e1<br \/>\nZna\u010dka: Rosenthal<br \/>\nRozm\u011br<br \/>\nV\u00fd\u0161ka: 26 cm<br \/>\nVelikost otvoru: 12 x 10 cm<\/p>\n","protected":false},"excerpt":{"rendered":"<p>V\u00e1za &#8222;Skum&#8220; z \u0159ady Rosenthal studio line sv\u00fdm neobvykl\u00fdm tvarem p\u0159ipom\u00edn\u00e1 ob\u0159\u00ed m\u00fddlov\u00e9 bubliny, kter\u00e9 bobtnaj\u00ed p\u0159es sebe a do<\/p>\n","protected":false},"featured_media":19033,"template":"","meta":[],"product_brand":[153],"product_cat":[94],"product_tag":[],"class_list":{"0":"post-19032","1":"product","2":"type-product","3":"status-publish","4":"has-post-thumbnail","6":"product_brand-eterle-cz","7":"product_cat-vazy","9":"first","10":"instock","11":"purchasable","12":"product-type-simple"},"_links":{"self":[{"href":"https:\/\/eterle.cz\/eshop\/wp-json\/wp\/v2\/product\/19032","targetHints":{"allow":["GET"]}}],"collection":[{"href":"https:\/\/eterle.cz\/eshop\/wp-json\/wp\/v2\/product"}],"about":[{"href":"https:\/\/eterle.cz\/eshop\/wp-json\/wp\/v2\/types\/product"}],"version-history":[{"count":1,"href":"https:\/\/eterle.cz\/eshop\/wp-json\/wp\/v2\/product\/19032\/revisions"}],"predecessor-version":[{"id":26359,"href":"https:\/\/eterle.cz\/eshop\/wp-json\/wp\/v2\/product\/19032\/revisions\/26359"}],"wp:featuredmedia":[{"embeddable":true,"href":"https:\/\/eterle.cz\/eshop\/wp-json\/wp\/v2\/media\/19033"}],"wp:attachment":[{"href":"https:\/\/eterle.cz\/eshop\/wp-json\/wp\/v2\/media?parent=19032"}],"wp:term":[{"taxonomy":"product_brand","embeddable":true,"href":"https:\/\/eterle.cz\/eshop\/wp-json\/wp\/v2\/product_brand?post=19032"},{"taxonomy":"product_cat","embeddable":true,"href":"https:\/\/eterle.cz\/eshop\/wp-json\/wp\/v2\/product_cat?post=19032"},{"taxonomy":"product_tag","embeddable":true,"href":"https:\/\/eterle.cz\/eshop\/wp-json\/wp\/v2\/product_tag?post=19032"}],"curies":[{"name":"wp","href":"https:\/\/api.w.org\/{rel}","templated":true}]}}