{"id":19063,"date":"2024-04-24T22:52:36","date_gmt":"2024-04-24T20:52:36","guid":{"rendered":"https:\/\/eterle.cz\/eshop\/produkt\/lisovana-vaza-2\/"},"modified":"2025-06-24T01:54:30","modified_gmt":"2025-06-23T23:54:30","slug":"lisovana-vaza-2","status":"publish","type":"product","link":"https:\/\/eterle.cz\/eshop\/produkt\/lisovana-vaza-2\/","title":{"rendered":"Lisovan\u00e1 v\u00e1za"},"content":{"rendered":"<p>Velk\u00e1 v\u00e1za z lisovan\u00e9ho skla s plastick\u00fdm dekorem pav\u00edch ok. V\u00e1za je velmi stabiln\u00ed a tud\u00ed\u017e vhodn\u00e1 i na v\u011bt\u0161\u00ed v\u011btv\u011b.<\/p>\n<p>Stav: dobr\u00fd, m\u00edsty \u0161kr\u00e1bance<br \/>\nRozm\u011br<br \/>\nV\u00fd\u0161ka: 30,5 cm<br \/>\nPr\u016fm\u011br otvoru: 18 cm<\/p>\n","protected":false},"excerpt":{"rendered":"<p>Velk\u00e1 v\u00e1za z lisovan\u00e9ho skla s plastick\u00fdm dekorem pav\u00edch ok. V\u00e1za je velmi stabiln\u00ed a tud\u00ed\u017e vhodn\u00e1 i na v\u011bt\u0161\u00ed<\/p>\n","protected":false},"featured_media":19064,"template":"","meta":[],"product_brand":[153],"product_cat":[94],"product_tag":[],"class_list":{"0":"post-19063","1":"product","2":"type-product","3":"status-publish","4":"has-post-thumbnail","6":"product_brand-eterle-cz","7":"product_cat-vazy","9":"first","10":"instock","11":"purchasable","12":"product-type-simple"},"_links":{"self":[{"href":"https:\/\/eterle.cz\/eshop\/wp-json\/wp\/v2\/product\/19063","targetHints":{"allow":["GET"]}}],"collection":[{"href":"https:\/\/eterle.cz\/eshop\/wp-json\/wp\/v2\/product"}],"about":[{"href":"https:\/\/eterle.cz\/eshop\/wp-json\/wp\/v2\/types\/product"}],"version-history":[{"count":1,"href":"https:\/\/eterle.cz\/eshop\/wp-json\/wp\/v2\/product\/19063\/revisions"}],"predecessor-version":[{"id":26357,"href":"https:\/\/eterle.cz\/eshop\/wp-json\/wp\/v2\/product\/19063\/revisions\/26357"}],"wp:featuredmedia":[{"embeddable":true,"href":"https:\/\/eterle.cz\/eshop\/wp-json\/wp\/v2\/media\/19064"}],"wp:attachment":[{"href":"https:\/\/eterle.cz\/eshop\/wp-json\/wp\/v2\/media?parent=19063"}],"wp:term":[{"taxonomy":"product_brand","embeddable":true,"href":"https:\/\/eterle.cz\/eshop\/wp-json\/wp\/v2\/product_brand?post=19063"},{"taxonomy":"product_cat","embeddable":true,"href":"https:\/\/eterle.cz\/eshop\/wp-json\/wp\/v2\/product_cat?post=19063"},{"taxonomy":"product_tag","embeddable":true,"href":"https:\/\/eterle.cz\/eshop\/wp-json\/wp\/v2\/product_tag?post=19063"}],"curies":[{"name":"wp","href":"https:\/\/api.w.org\/{rel}","templated":true}]}}