{"id":19084,"date":"2024-04-24T22:53:27","date_gmt":"2024-04-24T20:53:27","guid":{"rendered":"https:\/\/eterle.cz\/eshop\/produkt\/stolni-lampicka-8\/"},"modified":"2025-02-16T02:47:29","modified_gmt":"2025-02-16T01:47:29","slug":"stolni-lampicka-8","status":"publish","type":"product","link":"https:\/\/eterle.cz\/eshop\/produkt\/stolni-lampicka-8\/","title":{"rendered":"Stoln\u00ed lampi\u010dka"},"content":{"rendered":"<p>Stoln\u00ed lampi\u010dka v kombinaci sklen\u011bn\u00e9ho st\u00ednidla a keramick\u00e9ho podstavce. Stylem p\u0159ipom\u00edn\u00e1 tvorbu Ivana Jake\u0161e, ale autora se n\u00e1m nepoda\u0159ilo dohledat.<\/p>\n<p>Stav: velmi dobr\u00fd ; el. p\u016fvodn\u00ed, funk\u010dn\u00ed<br \/>\nRozm\u011br<br \/>\nV\u00fd\u0161ka: 25 cm<br \/>\nPr\u016fm\u011br: 23 cm<\/p>\n","protected":false},"excerpt":{"rendered":"<p>Stoln\u00ed lampi\u010dka v kombinaci sklen\u011bn\u00e9ho st\u00ednidla a keramick\u00e9ho podstavce. Stylem p\u0159ipom\u00edn\u00e1 tvorbu Ivana Jake\u0161e, ale autora se n\u00e1m nepoda\u0159ilo dohledat.<\/p>\n","protected":false},"featured_media":19085,"template":"","meta":[],"product_brand":[153],"product_cat":[91],"product_tag":[],"class_list":{"0":"post-19084","1":"product","2":"type-product","3":"status-publish","4":"has-post-thumbnail","6":"product_brand-eterle-cz","7":"product_cat-prodane","8":"product_shipping_class-nadrozmerne","10":"first","11":"outofstock","12":"purchasable","13":"product-type-simple"},"_links":{"self":[{"href":"https:\/\/eterle.cz\/eshop\/wp-json\/wp\/v2\/product\/19084","targetHints":{"allow":["GET"]}}],"collection":[{"href":"https:\/\/eterle.cz\/eshop\/wp-json\/wp\/v2\/product"}],"about":[{"href":"https:\/\/eterle.cz\/eshop\/wp-json\/wp\/v2\/types\/product"}],"version-history":[{"count":0,"href":"https:\/\/eterle.cz\/eshop\/wp-json\/wp\/v2\/product\/19084\/revisions"}],"wp:featuredmedia":[{"embeddable":true,"href":"https:\/\/eterle.cz\/eshop\/wp-json\/wp\/v2\/media\/19085"}],"wp:attachment":[{"href":"https:\/\/eterle.cz\/eshop\/wp-json\/wp\/v2\/media?parent=19084"}],"wp:term":[{"taxonomy":"product_brand","embeddable":true,"href":"https:\/\/eterle.cz\/eshop\/wp-json\/wp\/v2\/product_brand?post=19084"},{"taxonomy":"product_cat","embeddable":true,"href":"https:\/\/eterle.cz\/eshop\/wp-json\/wp\/v2\/product_cat?post=19084"},{"taxonomy":"product_tag","embeddable":true,"href":"https:\/\/eterle.cz\/eshop\/wp-json\/wp\/v2\/product_tag?post=19084"}],"curies":[{"name":"wp","href":"https:\/\/api.w.org\/{rel}","templated":true}]}}