{"id":19090,"date":"2024-04-24T22:53:40","date_gmt":"2024-04-24T20:53:40","guid":{"rendered":"https:\/\/eterle.cz\/eshop\/produkt\/lampicka-bankerska-2\/"},"modified":"2025-02-16T02:47:29","modified_gmt":"2025-02-16T01:47:29","slug":"lampicka-bankerska-2","status":"publish","type":"product","link":"https:\/\/eterle.cz\/eshop\/produkt\/lampicka-bankerska-2\/","title":{"rendered":"Lampi\u010dka bank\u00e9\u0159sk\u00e1"},"content":{"rendered":"<p>Stoln\u00ed lampi\u010dka tzv. bank\u00e9\u0159sk\u00e1 z 30. let minul\u00e9ho stolet\u00ed, kter\u00e1 nechyb\u011bla na \u017e\u00e1dn\u00e9m stole tehdej\u0161\u00edho \u00fa\u0159edn\u00edka. V neobvykl\u00e9m celochromov\u00e9m proveden\u00ed.<\/p>\n<p>Stav: dobr\u00fd s lehkou patinou; el. p\u016fvodn\u00ed, funk\u010dn\u00ed<br \/>\nRozm\u011br<br \/>\nV\u00fd\u0161ka: 36 cm<br \/>\nSt\u00ednidla: 22 x 12 cm<br \/>\nPr\u016fm\u011br z\u00e1kladny: 17 cm<\/p>\n","protected":false},"excerpt":{"rendered":"<p>Stoln\u00ed lampi\u010dka tzv. bank\u00e9\u0159sk\u00e1 z 30. let minul\u00e9ho stolet\u00ed, kter\u00e1 nechyb\u011bla na \u017e\u00e1dn\u00e9m stole tehdej\u0161\u00edho \u00fa\u0159edn\u00edka. V neobvykl\u00e9m celochromov\u00e9m proveden\u00ed.<\/p>\n","protected":false},"featured_media":19091,"template":"","meta":[],"product_brand":[153],"product_cat":[91],"product_tag":[],"class_list":{"0":"post-19090","1":"product","2":"type-product","3":"status-publish","4":"has-post-thumbnail","6":"product_brand-eterle-cz","7":"product_cat-prodane","8":"product_shipping_class-nadrozmerne","10":"first","11":"outofstock","12":"purchasable","13":"product-type-simple"},"_links":{"self":[{"href":"https:\/\/eterle.cz\/eshop\/wp-json\/wp\/v2\/product\/19090","targetHints":{"allow":["GET"]}}],"collection":[{"href":"https:\/\/eterle.cz\/eshop\/wp-json\/wp\/v2\/product"}],"about":[{"href":"https:\/\/eterle.cz\/eshop\/wp-json\/wp\/v2\/types\/product"}],"version-history":[{"count":0,"href":"https:\/\/eterle.cz\/eshop\/wp-json\/wp\/v2\/product\/19090\/revisions"}],"wp:featuredmedia":[{"embeddable":true,"href":"https:\/\/eterle.cz\/eshop\/wp-json\/wp\/v2\/media\/19091"}],"wp:attachment":[{"href":"https:\/\/eterle.cz\/eshop\/wp-json\/wp\/v2\/media?parent=19090"}],"wp:term":[{"taxonomy":"product_brand","embeddable":true,"href":"https:\/\/eterle.cz\/eshop\/wp-json\/wp\/v2\/product_brand?post=19090"},{"taxonomy":"product_cat","embeddable":true,"href":"https:\/\/eterle.cz\/eshop\/wp-json\/wp\/v2\/product_cat?post=19090"},{"taxonomy":"product_tag","embeddable":true,"href":"https:\/\/eterle.cz\/eshop\/wp-json\/wp\/v2\/product_tag?post=19090"}],"curies":[{"name":"wp","href":"https:\/\/api.w.org\/{rel}","templated":true}]}}