{"id":19451,"date":"2024-04-28T23:41:08","date_gmt":"2024-04-28T21:41:08","guid":{"rendered":"https:\/\/eterle.cz\/eshop\/produkt\/lustr-talir-7\/"},"modified":"2025-06-24T01:54:28","modified_gmt":"2025-06-23T23:54:28","slug":"lustr-talir-7","status":"publish","type":"product","link":"https:\/\/eterle.cz\/eshop\/produkt\/lustr-talir-7\/","title":{"rendered":"Lustr tal\u00ed\u0159"},"content":{"rendered":"<p>Retro lustr &#8222;tal\u00ed\u0159&#8220; v bruselsk\u00e9m stylu z 60 let. Sklen\u011bn\u00e9 st\u00ednidlo s oran\u017eov\u00fdm vzorem p\u0159ipom\u00ednaj\u00edc\u00ed st\u0159apce.<\/p>\n<p>Stav: dobr\u00fd, ty\u010d nese zn\u00e1mky patiny; el. p\u016fvodn\u00ed, funk\u010dn\u00ed<br \/>\nRozm\u011br<br \/>\nV\u00fd\u0161ka: 73 cm<br \/>\nV\u00fd\u0161ka ty\u010de: 67 cm<br \/>\nPr\u016fm\u011br: 49 cm<\/p>\n","protected":false},"excerpt":{"rendered":"<p>Retro lustr &#8222;tal\u00ed\u0159&#8220; v bruselsk\u00e9m stylu z 60 let. Sklen\u011bn\u00e9 st\u00ednidlo s oran\u017eov\u00fdm vzorem p\u0159ipom\u00ednaj\u00edc\u00ed st\u0159apce. Stav: dobr\u00fd, ty\u010d nese<\/p>\n","protected":false},"featured_media":19222,"template":"","meta":[],"product_brand":[153],"product_cat":[79,140],"product_tag":[],"class_list":{"0":"post-19451","1":"product","2":"type-product","3":"status-publish","4":"has-post-thumbnail","6":"product_brand-eterle-cz","7":"product_cat-svetla","8":"product_cat-lustry","9":"product_shipping_class-nadrozmerne","11":"first","12":"instock","13":"purchasable","14":"product-type-simple"},"_links":{"self":[{"href":"https:\/\/eterle.cz\/eshop\/wp-json\/wp\/v2\/product\/19451","targetHints":{"allow":["GET"]}}],"collection":[{"href":"https:\/\/eterle.cz\/eshop\/wp-json\/wp\/v2\/product"}],"about":[{"href":"https:\/\/eterle.cz\/eshop\/wp-json\/wp\/v2\/types\/product"}],"version-history":[{"count":1,"href":"https:\/\/eterle.cz\/eshop\/wp-json\/wp\/v2\/product\/19451\/revisions"}],"predecessor-version":[{"id":26348,"href":"https:\/\/eterle.cz\/eshop\/wp-json\/wp\/v2\/product\/19451\/revisions\/26348"}],"wp:featuredmedia":[{"embeddable":true,"href":"https:\/\/eterle.cz\/eshop\/wp-json\/wp\/v2\/media\/19222"}],"wp:attachment":[{"href":"https:\/\/eterle.cz\/eshop\/wp-json\/wp\/v2\/media?parent=19451"}],"wp:term":[{"taxonomy":"product_brand","embeddable":true,"href":"https:\/\/eterle.cz\/eshop\/wp-json\/wp\/v2\/product_brand?post=19451"},{"taxonomy":"product_cat","embeddable":true,"href":"https:\/\/eterle.cz\/eshop\/wp-json\/wp\/v2\/product_cat?post=19451"},{"taxonomy":"product_tag","embeddable":true,"href":"https:\/\/eterle.cz\/eshop\/wp-json\/wp\/v2\/product_tag?post=19451"}],"curies":[{"name":"wp","href":"https:\/\/api.w.org\/{rel}","templated":true}]}}