{"id":19460,"date":"2024-04-28T23:42:22","date_gmt":"2024-04-28T21:42:22","guid":{"rendered":"https:\/\/eterle.cz\/eshop\/produkt\/kreslo-typ-c-halabala\/"},"modified":"2025-12-04T01:44:16","modified_gmt":"2025-12-04T00:44:16","slug":"kreslo-typ-c-halabala","status":"publish","type":"product","link":"https:\/\/eterle.cz\/eshop\/produkt\/kreslo-typ-c-halabala\/","title":{"rendered":"K\u0159eslo typ C \/ Halabala"},"content":{"rendered":"<p>K\u0159eslo navr\u017een\u00e9 architektem Jind\u0159ichem Halabalou zn\u00e1m\u00e9 pod ozna\u010den\u00edm typ C z p\u0159edv\u00e1le\u010dn\u00e9 doby 30.- 40. let minul\u00e9ho stolet\u00ed. Oproti pozd\u011bj\u0161\u00edm model\u016fm m\u00e1 kr\u00e1sn\u011b zaoblen\u00e9 podru\u010dky.<\/p>\n<p>Stav: p\u016fvodn\u00ed zachoval\u00fd<br \/>\nRozm\u011br<br \/>\nV\u00fd\u0161ka: 80 cm<br \/>\n\u0160\u00ed\u0159ka: 64 cm<br \/>\nHloubka: 79 cm<\/p>\n","protected":false},"excerpt":{"rendered":"<p>K\u0159eslo navr\u017een\u00e9 architektem Jind\u0159ichem Halabalou zn\u00e1m\u00e9 pod ozna\u010den\u00edm typ C z p\u0159edv\u00e1le\u010dn\u00e9 doby 30.- 40. let minul\u00e9ho stolet\u00ed. Oproti pozd\u011bj\u0161\u00edm<\/p>\n","protected":false},"featured_media":19301,"template":"","meta":[],"product_brand":[153],"product_cat":[91],"product_tag":[],"class_list":{"0":"post-19460","1":"product","2":"type-product","3":"status-publish","4":"has-post-thumbnail","6":"product_brand-eterle-cz","7":"product_cat-prodane","8":"product_shipping_class-nadrozmerne","10":"first","11":"outofstock","12":"purchasable","13":"product-type-simple"},"_links":{"self":[{"href":"https:\/\/eterle.cz\/eshop\/wp-json\/wp\/v2\/product\/19460","targetHints":{"allow":["GET"]}}],"collection":[{"href":"https:\/\/eterle.cz\/eshop\/wp-json\/wp\/v2\/product"}],"about":[{"href":"https:\/\/eterle.cz\/eshop\/wp-json\/wp\/v2\/types\/product"}],"version-history":[{"count":5,"href":"https:\/\/eterle.cz\/eshop\/wp-json\/wp\/v2\/product\/19460\/revisions"}],"predecessor-version":[{"id":32059,"href":"https:\/\/eterle.cz\/eshop\/wp-json\/wp\/v2\/product\/19460\/revisions\/32059"}],"wp:featuredmedia":[{"embeddable":true,"href":"https:\/\/eterle.cz\/eshop\/wp-json\/wp\/v2\/media\/19301"}],"wp:attachment":[{"href":"https:\/\/eterle.cz\/eshop\/wp-json\/wp\/v2\/media?parent=19460"}],"wp:term":[{"taxonomy":"product_brand","embeddable":true,"href":"https:\/\/eterle.cz\/eshop\/wp-json\/wp\/v2\/product_brand?post=19460"},{"taxonomy":"product_cat","embeddable":true,"href":"https:\/\/eterle.cz\/eshop\/wp-json\/wp\/v2\/product_cat?post=19460"},{"taxonomy":"product_tag","embeddable":true,"href":"https:\/\/eterle.cz\/eshop\/wp-json\/wp\/v2\/product_tag?post=19460"}],"curies":[{"name":"wp","href":"https:\/\/api.w.org\/{rel}","templated":true}]}}