{"id":19463,"date":"2024-04-28T23:42:44","date_gmt":"2024-04-28T21:42:44","guid":{"rendered":"https:\/\/eterle.cz\/eshop\/produkt\/komoda-jirak\/"},"modified":"2025-06-24T01:54:26","modified_gmt":"2025-06-23T23:54:26","slug":"komoda-jirak","status":"publish","type":"product","link":"https:\/\/eterle.cz\/eshop\/produkt\/komoda-jirak\/","title":{"rendered":"Komoda \/ Jir\u00e1k"},"content":{"rendered":"<p>Retro komoda od n\u00e1vrh\u00e1\u0159e Franti\u0161ka Jir\u00e1ka pro Tatra n\u00e1bytok Pravenec z 60. let minul\u00e9ho stolet\u00ed. Sk\u0159\u00ed\u0148ka je zaj\u00edmav\u011b \u010dlen\u011bna a umo\u017en\u00ed tak uschovat v\u011bci r\u016fzn\u00fdch rozm\u011br\u016f.<\/p>\n<p>Stav: zachoval\u00fd p\u016fvodn\u00ed<br \/>\nZna\u010dka: Franti\u0161ek Jir\u00e1k<br \/>\nRozm\u011br<br \/>\nV\u00fd\u0161ka: 79 cm<br \/>\n\u0160\u00ed\u0159ka: 106 cm<br \/>\nHloubka: 47 cm<\/p>\n","protected":false},"excerpt":{"rendered":"<p>Retro komoda od n\u00e1vrh\u00e1\u0159e Franti\u0161ka Jir\u00e1ka pro Tatra n\u00e1bytok Pravenec z 60. let minul\u00e9ho stolet\u00ed. Sk\u0159\u00ed\u0148ka je zaj\u00edmav\u011b \u010dlen\u011bna a<\/p>\n","protected":false},"featured_media":19335,"template":"","meta":[],"product_brand":[153],"product_cat":[130,125],"product_tag":[],"class_list":{"0":"post-19463","1":"product","2":"type-product","3":"status-publish","4":"has-post-thumbnail","6":"product_brand-eterle-cz","7":"product_cat-nabytek","8":"product_cat-komody-a-skrine","9":"product_shipping_class-nadrozmerne","11":"first","12":"instock","13":"purchasable","14":"product-type-simple"},"_links":{"self":[{"href":"https:\/\/eterle.cz\/eshop\/wp-json\/wp\/v2\/product\/19463","targetHints":{"allow":["GET"]}}],"collection":[{"href":"https:\/\/eterle.cz\/eshop\/wp-json\/wp\/v2\/product"}],"about":[{"href":"https:\/\/eterle.cz\/eshop\/wp-json\/wp\/v2\/types\/product"}],"version-history":[{"count":1,"href":"https:\/\/eterle.cz\/eshop\/wp-json\/wp\/v2\/product\/19463\/revisions"}],"predecessor-version":[{"id":26340,"href":"https:\/\/eterle.cz\/eshop\/wp-json\/wp\/v2\/product\/19463\/revisions\/26340"}],"wp:featuredmedia":[{"embeddable":true,"href":"https:\/\/eterle.cz\/eshop\/wp-json\/wp\/v2\/media\/19335"}],"wp:attachment":[{"href":"https:\/\/eterle.cz\/eshop\/wp-json\/wp\/v2\/media?parent=19463"}],"wp:term":[{"taxonomy":"product_brand","embeddable":true,"href":"https:\/\/eterle.cz\/eshop\/wp-json\/wp\/v2\/product_brand?post=19463"},{"taxonomy":"product_cat","embeddable":true,"href":"https:\/\/eterle.cz\/eshop\/wp-json\/wp\/v2\/product_cat?post=19463"},{"taxonomy":"product_tag","embeddable":true,"href":"https:\/\/eterle.cz\/eshop\/wp-json\/wp\/v2\/product_tag?post=19463"}],"curies":[{"name":"wp","href":"https:\/\/api.w.org\/{rel}","templated":true}]}}