{"id":19472,"date":"2024-04-28T23:43:50","date_gmt":"2024-04-28T21:43:50","guid":{"rendered":"https:\/\/eterle.cz\/eshop\/produkt\/kreslo-h-237-halabala\/"},"modified":"2025-02-16T02:46:28","modified_gmt":"2025-02-16T01:46:28","slug":"kreslo-h-237-halabala","status":"publish","type":"product","link":"https:\/\/eterle.cz\/eshop\/produkt\/kreslo-h-237-halabala\/","title":{"rendered":"K\u0159eslo H 237 \/ Halabala"},"content":{"rendered":"<p>K\u0159eslo s oh\u00fdban\u00fdmi podru\u010dkami od n\u00e1vrh\u00e1\u0159e Jind\u0159icha Halabaly vyroben\u00e9 v UP Brno. K\u0159eslo je oproti modelu C men\u0161\u00edho rozm\u011bru.<\/p>\n<p>Stav: zachoval\u00fd p\u016fvodn\u00ed stav, d\u0159evo nese zn\u00e1mky patiny. Jedno k\u0159eslo na p\u0159edn\u00ed stran\u011b ve \u0161vu lehce rozp\u00e1ran\u00e9 viz foto.<br \/>\nZna\u010dka: Jind\u0159ich Halabala<br \/>\nRozm\u011br<br \/>\nV\u00fd\u0161ka: 70 cm<br \/>\n\u0160\u00ed\u0159ka: 64 cm<br \/>\nHloubka: 75 cm<br \/>\nV\u00fd\u0161ka sed\u00e1ku: 40 cm<br \/>\nHloubka sed\u00e1ku: 50 cm<\/p>\n","protected":false},"excerpt":{"rendered":"<p>K\u0159eslo s oh\u00fdban\u00fdmi podru\u010dkami od n\u00e1vrh\u00e1\u0159e Jind\u0159icha Halabaly vyroben\u00e9 v UP Brno. K\u0159eslo je oproti modelu C men\u0161\u00edho rozm\u011bru. Stav:<\/p>\n","protected":false},"featured_media":19433,"template":"","meta":[],"product_brand":[153],"product_cat":[91],"product_tag":[],"class_list":{"0":"post-19472","1":"product","2":"type-product","3":"status-publish","4":"has-post-thumbnail","6":"product_brand-eterle-cz","7":"product_cat-prodane","8":"product_shipping_class-nadrozmerne","10":"first","11":"outofstock","12":"purchasable","13":"product-type-simple"},"_links":{"self":[{"href":"https:\/\/eterle.cz\/eshop\/wp-json\/wp\/v2\/product\/19472","targetHints":{"allow":["GET"]}}],"collection":[{"href":"https:\/\/eterle.cz\/eshop\/wp-json\/wp\/v2\/product"}],"about":[{"href":"https:\/\/eterle.cz\/eshop\/wp-json\/wp\/v2\/types\/product"}],"version-history":[{"count":1,"href":"https:\/\/eterle.cz\/eshop\/wp-json\/wp\/v2\/product\/19472\/revisions"}],"predecessor-version":[{"id":19715,"href":"https:\/\/eterle.cz\/eshop\/wp-json\/wp\/v2\/product\/19472\/revisions\/19715"}],"wp:featuredmedia":[{"embeddable":true,"href":"https:\/\/eterle.cz\/eshop\/wp-json\/wp\/v2\/media\/19433"}],"wp:attachment":[{"href":"https:\/\/eterle.cz\/eshop\/wp-json\/wp\/v2\/media?parent=19472"}],"wp:term":[{"taxonomy":"product_brand","embeddable":true,"href":"https:\/\/eterle.cz\/eshop\/wp-json\/wp\/v2\/product_brand?post=19472"},{"taxonomy":"product_cat","embeddable":true,"href":"https:\/\/eterle.cz\/eshop\/wp-json\/wp\/v2\/product_cat?post=19472"},{"taxonomy":"product_tag","embeddable":true,"href":"https:\/\/eterle.cz\/eshop\/wp-json\/wp\/v2\/product_tag?post=19472"}],"curies":[{"name":"wp","href":"https:\/\/api.w.org\/{rel}","templated":true}]}}