{"id":19530,"date":"2024-04-28T23:46:09","date_gmt":"2024-04-28T21:46:09","guid":{"rendered":"https:\/\/eterle.cz\/eshop\/produkt\/taburet-7\/"},"modified":"2025-02-16T02:46:26","modified_gmt":"2025-02-16T01:46:26","slug":"taburet-7","status":"publish","type":"product","link":"https:\/\/eterle.cz\/eshop\/produkt\/taburet-7\/","title":{"rendered":"Taburet"},"content":{"rendered":"<p>Jeden z nej\u017e\u00e1dan\u011bj\u0161\u00edch kousk\u016f n\u00e1bytku je taburet, proto\u017ee sv\u00fdm rozm\u011brem zapadne i do men\u0161\u00edho prostoru a kr\u00e1sn\u011b jej dopln\u00ed.Tento poch\u00e1z\u00ed ze 70. let minul\u00e9ho stolet\u00ed od firmy Z\u00e1padoslovansk\u00e9 n\u00e1bytk\u00e1\u0159sk\u00e9 z\u00e1vody.<\/p>\n<p>Stav: nov\u011b \u010daloun\u011bno, d\u0159evo p\u016fvodn\u00ed patina<br \/>\nRozm\u011br<br \/>\nV\u00fd\u0161ka: 44 cm<br \/>\n\u0160\u00ed\u0159ka: 50 cm<br \/>\nHloubka: 37 cm<\/p>\n","protected":false},"excerpt":{"rendered":"<p>Jeden z nej\u017e\u00e1dan\u011bj\u0161\u00edch kousk\u016f n\u00e1bytku je taburet, proto\u017ee sv\u00fdm rozm\u011brem zapadne i do men\u0161\u00edho prostoru a kr\u00e1sn\u011b jej dopln\u00ed.Tento poch\u00e1z\u00ed<\/p>\n","protected":false},"featured_media":19531,"template":"","meta":[],"product_brand":[153],"product_cat":[91],"product_tag":[],"class_list":{"0":"post-19530","1":"product","2":"type-product","3":"status-publish","4":"has-post-thumbnail","6":"product_brand-eterle-cz","7":"product_cat-prodane","8":"product_shipping_class-nadrozmerne","10":"first","11":"outofstock","12":"purchasable","13":"product-type-simple"},"_links":{"self":[{"href":"https:\/\/eterle.cz\/eshop\/wp-json\/wp\/v2\/product\/19530","targetHints":{"allow":["GET"]}}],"collection":[{"href":"https:\/\/eterle.cz\/eshop\/wp-json\/wp\/v2\/product"}],"about":[{"href":"https:\/\/eterle.cz\/eshop\/wp-json\/wp\/v2\/types\/product"}],"version-history":[{"count":0,"href":"https:\/\/eterle.cz\/eshop\/wp-json\/wp\/v2\/product\/19530\/revisions"}],"wp:featuredmedia":[{"embeddable":true,"href":"https:\/\/eterle.cz\/eshop\/wp-json\/wp\/v2\/media\/19531"}],"wp:attachment":[{"href":"https:\/\/eterle.cz\/eshop\/wp-json\/wp\/v2\/media?parent=19530"}],"wp:term":[{"taxonomy":"product_brand","embeddable":true,"href":"https:\/\/eterle.cz\/eshop\/wp-json\/wp\/v2\/product_brand?post=19530"},{"taxonomy":"product_cat","embeddable":true,"href":"https:\/\/eterle.cz\/eshop\/wp-json\/wp\/v2\/product_cat?post=19530"},{"taxonomy":"product_tag","embeddable":true,"href":"https:\/\/eterle.cz\/eshop\/wp-json\/wp\/v2\/product_tag?post=19530"}],"curies":[{"name":"wp","href":"https:\/\/api.w.org\/{rel}","templated":true}]}}