{"id":19560,"date":"2024-04-28T23:47:17","date_gmt":"2024-04-28T21:47:17","guid":{"rendered":"https:\/\/eterle.cz\/eshop\/produkt\/set-4-zidli\/"},"modified":"2025-06-24T01:54:25","modified_gmt":"2025-06-23T23:54:25","slug":"set-4-zidli","status":"publish","type":"product","link":"https:\/\/eterle.cz\/eshop\/produkt\/set-4-zidli\/","title":{"rendered":"Set 4 \u017eidl\u00ed"},"content":{"rendered":"<p>Set 4 \u017eidl\u00ed z 60. let 20. stolet\u00ed navazuj\u00ed na tradici funkcionalismu. Jedn\u00e1 se o \u010daloun\u011bnou \u017eidli s chromovou kontrukc\u00ed, kter\u00e1 byla vystavena na Expu 1958 v Bruselu. Jde o velmi progresivn\u00ed nad\u010dasov\u00fd design. \u017didle budou vypadat skv\u011ble jak v modern\u00edm, tak retro interi\u00e9ru.<\/p>\n<p>Stav: velmi dobr\u00fd p\u016fvodn\u00ed stav<br \/>\nRozm\u011br<br \/>\nV\u00fd\u0161ka: 82 cm<br \/>\n\u0160\u00ed\u0159ka: 47 cm<br \/>\nHloubka: 58 cm<\/p>\n","protected":false},"excerpt":{"rendered":"<p>Set 4 \u017eidl\u00ed z 60. let 20. stolet\u00ed navazuj\u00ed na tradici funkcionalismu. Jedn\u00e1 se o \u010daloun\u011bnou \u017eidli s chromovou kontrukc\u00ed,<\/p>\n","protected":false},"featured_media":19561,"template":"","meta":[],"product_brand":[153],"product_cat":[130,121],"product_tag":[],"class_list":{"0":"post-19560","1":"product","2":"type-product","3":"status-publish","4":"has-post-thumbnail","6":"product_brand-eterle-cz","7":"product_cat-nabytek","8":"product_cat-zidle","9":"product_shipping_class-nadrozmerne","11":"first","12":"instock","13":"purchasable","14":"product-type-simple"},"_links":{"self":[{"href":"https:\/\/eterle.cz\/eshop\/wp-json\/wp\/v2\/product\/19560","targetHints":{"allow":["GET"]}}],"collection":[{"href":"https:\/\/eterle.cz\/eshop\/wp-json\/wp\/v2\/product"}],"about":[{"href":"https:\/\/eterle.cz\/eshop\/wp-json\/wp\/v2\/types\/product"}],"version-history":[{"count":1,"href":"https:\/\/eterle.cz\/eshop\/wp-json\/wp\/v2\/product\/19560\/revisions"}],"predecessor-version":[{"id":26334,"href":"https:\/\/eterle.cz\/eshop\/wp-json\/wp\/v2\/product\/19560\/revisions\/26334"}],"wp:featuredmedia":[{"embeddable":true,"href":"https:\/\/eterle.cz\/eshop\/wp-json\/wp\/v2\/media\/19561"}],"wp:attachment":[{"href":"https:\/\/eterle.cz\/eshop\/wp-json\/wp\/v2\/media?parent=19560"}],"wp:term":[{"taxonomy":"product_brand","embeddable":true,"href":"https:\/\/eterle.cz\/eshop\/wp-json\/wp\/v2\/product_brand?post=19560"},{"taxonomy":"product_cat","embeddable":true,"href":"https:\/\/eterle.cz\/eshop\/wp-json\/wp\/v2\/product_cat?post=19560"},{"taxonomy":"product_tag","embeddable":true,"href":"https:\/\/eterle.cz\/eshop\/wp-json\/wp\/v2\/product_tag?post=19560"}],"curies":[{"name":"wp","href":"https:\/\/api.w.org\/{rel}","templated":true}]}}