{"id":19573,"date":"2024-04-28T23:47:44","date_gmt":"2024-04-28T21:47:44","guid":{"rendered":"https:\/\/eterle.cz\/eshop\/produkt\/set-jidelni-stul-a-zidle\/"},"modified":"2025-06-24T01:54:25","modified_gmt":"2025-06-23T23:54:25","slug":"set-jidelni-stul-a-zidle","status":"publish","type":"product","link":"https:\/\/eterle.cz\/eshop\/produkt\/set-jidelni-stul-a-zidle\/","title":{"rendered":"Set j\u00eddeln\u00ed st\u016fl a \u017eidle"},"content":{"rendered":"<p>Velkolep\u00fd st\u016fl rozlo\u017eiteln\u00fd a\u017e na necel\u00e9 3 metry ve stylu biedermeier m\u00e1 kr\u00e1sn\u00e9 zakon\u010den\u00ed nohou v podob\u011b lv\u00edch tlap. Desky na roz\u0161\u00ed\u0159en\u00ed stolu jsou zvl\u00e1\u0161t nejsou schovan\u00e9 ve stole. Ve slo\u017een\u00e9 podob\u011b je st\u016fl klasick\u00fdch rozm\u011br\u016f a vejde se tedy do b\u011b\u017en\u00e9 j\u00eddelny. Sou\u010d\u00e1st\u00ed setu jsou 4 \u010daloun\u011bn\u00e9 j\u00eddeln\u00ed \u017eidle, kter\u00e9 maj\u00ed stejn\u011b jako st\u016fl zakon\u010den\u00ed v podob\u011b lv\u00edch tlap.<\/p>\n<p>Stav: velmi dobr\u00fd p\u016fvodn\u00ed stav<br \/>\nRozm\u011br stolu<br \/>\nV\u00fd\u0161ka: 80 cm<br \/>\nD\u00e9lka: 148 cm (slo\u017een\u00fd), 280 cm (rozlo\u017een\u00fd)<br \/>\nHloubka: 115 cm<br \/>\nRozm\u011br \u017eidle<br \/>\nV\u00fd\u0161ka: 100 cm<br \/>\n\u0160\u00ed\u0159ka: 52 cm<br \/>\nHloubka: 58 cm<\/p>\n","protected":false},"excerpt":{"rendered":"<p>Velkolep\u00fd st\u016fl rozlo\u017eiteln\u00fd a\u017e na necel\u00e9 3 metry ve stylu biedermeier m\u00e1 kr\u00e1sn\u00e9 zakon\u010den\u00ed nohou v podob\u011b lv\u00edch tlap. Desky<\/p>\n","protected":false},"featured_media":19574,"template":"","meta":[],"product_brand":[153],"product_cat":[130,124],"product_tag":[],"class_list":{"0":"post-19573","1":"product","2":"type-product","3":"status-publish","4":"has-post-thumbnail","6":"product_brand-eterle-cz","7":"product_cat-nabytek","8":"product_cat-stoly","9":"product_shipping_class-nadrozmerne","11":"first","12":"instock","13":"purchasable","14":"product-type-simple"},"_links":{"self":[{"href":"https:\/\/eterle.cz\/eshop\/wp-json\/wp\/v2\/product\/19573","targetHints":{"allow":["GET"]}}],"collection":[{"href":"https:\/\/eterle.cz\/eshop\/wp-json\/wp\/v2\/product"}],"about":[{"href":"https:\/\/eterle.cz\/eshop\/wp-json\/wp\/v2\/types\/product"}],"version-history":[{"count":1,"href":"https:\/\/eterle.cz\/eshop\/wp-json\/wp\/v2\/product\/19573\/revisions"}],"predecessor-version":[{"id":26333,"href":"https:\/\/eterle.cz\/eshop\/wp-json\/wp\/v2\/product\/19573\/revisions\/26333"}],"wp:featuredmedia":[{"embeddable":true,"href":"https:\/\/eterle.cz\/eshop\/wp-json\/wp\/v2\/media\/19574"}],"wp:attachment":[{"href":"https:\/\/eterle.cz\/eshop\/wp-json\/wp\/v2\/media?parent=19573"}],"wp:term":[{"taxonomy":"product_brand","embeddable":true,"href":"https:\/\/eterle.cz\/eshop\/wp-json\/wp\/v2\/product_brand?post=19573"},{"taxonomy":"product_cat","embeddable":true,"href":"https:\/\/eterle.cz\/eshop\/wp-json\/wp\/v2\/product_cat?post=19573"},{"taxonomy":"product_tag","embeddable":true,"href":"https:\/\/eterle.cz\/eshop\/wp-json\/wp\/v2\/product_tag?post=19573"}],"curies":[{"name":"wp","href":"https:\/\/api.w.org\/{rel}","templated":true}]}}