{"id":19728,"date":"2024-07-09T23:15:43","date_gmt":"2024-07-09T21:15:43","guid":{"rendered":"https:\/\/eterle.cz\/eshop\/produkt\/knihovna-interier-praha\/"},"modified":"2025-11-20T22:02:18","modified_gmt":"2025-11-20T21:02:18","slug":"knihovna-interier-praha","status":"publish","type":"product","link":"https:\/\/eterle.cz\/eshop\/produkt\/knihovna-interier-praha\/","title":{"rendered":"Knihovna \/ Interier Praha"},"content":{"rendered":"<p>Jednoduch\u00e1 knihovna ze 70.- 80. let minul\u00e9ho stolet\u00ed je d\u00edky d\u011blen\u00ed na prosklenou a plnou \u010d\u00e1st velmi praktick\u00e1. Do vrchn\u00ed \u010d\u00e1sti m\u016f\u017eete d\u00e1t nejen kn\u00ed\u017eky, ale i dekorativn\u00ed p\u0159edm\u011bty, kter\u00e9 chcete m\u00edt na o\u010d\u00edch a do spodn\u00ed \u010d\u00e1sti naopak to, co m\u00e1 b\u00fdt o\u010d\u00edm skryto.<\/p>\n<p>Stav: zachoval\u00fd p\u016fvodn\u00ed, drobn\u00e9 vady na skle a na jedn\u00e9 stran\u011b ve vrchn\u00ed \u010d\u00e1sti chyb\u00ed kus d\u00fdhy; horn\u00ed deska s patinou<br \/>\nZna\u010dka: Interier Praha<br \/>\nRozm\u011br<br \/>\nV\u00fd\u0161ka: 132,5 cm<br \/>\nHloubka: 32 cm<br \/>\n\u0160\u00ed\u0159ka: 120,5<\/p>\n","protected":false},"excerpt":{"rendered":"<p>Jednoduch\u00e1 knihovna ze 70.- 80. let minul\u00e9ho stolet\u00ed je d\u00edky d\u011blen\u00ed na prosklenou a plnou \u010d\u00e1st velmi praktick\u00e1. Do vrchn\u00ed<\/p>\n","protected":false},"featured_media":19729,"template":"","meta":[],"product_brand":[153],"product_cat":[91],"product_tag":[],"class_list":{"0":"post-19728","1":"product","2":"type-product","3":"status-publish","4":"has-post-thumbnail","6":"product_brand-eterle-cz","7":"product_cat-prodane","8":"product_shipping_class-nadrozmerne","10":"first","11":"outofstock","12":"purchasable","13":"product-type-simple"},"_links":{"self":[{"href":"https:\/\/eterle.cz\/eshop\/wp-json\/wp\/v2\/product\/19728","targetHints":{"allow":["GET"]}}],"collection":[{"href":"https:\/\/eterle.cz\/eshop\/wp-json\/wp\/v2\/product"}],"about":[{"href":"https:\/\/eterle.cz\/eshop\/wp-json\/wp\/v2\/types\/product"}],"version-history":[{"count":1,"href":"https:\/\/eterle.cz\/eshop\/wp-json\/wp\/v2\/product\/19728\/revisions"}],"predecessor-version":[{"id":26331,"href":"https:\/\/eterle.cz\/eshop\/wp-json\/wp\/v2\/product\/19728\/revisions\/26331"}],"wp:featuredmedia":[{"embeddable":true,"href":"https:\/\/eterle.cz\/eshop\/wp-json\/wp\/v2\/media\/19729"}],"wp:attachment":[{"href":"https:\/\/eterle.cz\/eshop\/wp-json\/wp\/v2\/media?parent=19728"}],"wp:term":[{"taxonomy":"product_brand","embeddable":true,"href":"https:\/\/eterle.cz\/eshop\/wp-json\/wp\/v2\/product_brand?post=19728"},{"taxonomy":"product_cat","embeddable":true,"href":"https:\/\/eterle.cz\/eshop\/wp-json\/wp\/v2\/product_cat?post=19728"},{"taxonomy":"product_tag","embeddable":true,"href":"https:\/\/eterle.cz\/eshop\/wp-json\/wp\/v2\/product_tag?post=19728"}],"curies":[{"name":"wp","href":"https:\/\/api.w.org\/{rel}","templated":true}]}}