{"id":19909,"date":"2024-07-09T23:20:37","date_gmt":"2024-07-09T21:20:37","guid":{"rendered":"https:\/\/eterle.cz\/eshop\/produkt\/komoda-s-barem\/"},"modified":"2025-06-24T01:55:38","modified_gmt":"2025-06-23T23:55:38","slug":"komoda-s-barem","status":"publish","type":"product","link":"https:\/\/eterle.cz\/eshop\/produkt\/komoda-s-barem\/","title":{"rendered":"Komoda s barem"},"content":{"rendered":"<p>Velk\u00e1 minimalistick\u00e1 komoda s propracovan\u00fdm interi\u00e9rem, dle kter\u00e9ho soud\u00edme, \u017ee se jedn\u00e1 o zak\u00e1zkovou v\u00fdrobu z 30. let minul\u00e9ho stolet\u00ed. Komoda je rozd\u011blena na dv\u011b odli\u0161n\u00e9 \u010d\u00e1sti. Na lev\u00e9 stran\u011b je v\u00fdsuvn\u00fd bar, v doln\u00ed \u0161est \u0161upl\u00edk\u016f. Prav\u00e1 strana m\u00e1 t\u0159i velk\u00e9 v\u00fdsuvn\u00e9 police.<\/p>\n<p>Stav: p\u016fvodn\u00ed zachochoval\u00fd, sklo na rohu \u0161t\u00edpl\u00e9<br \/>\nRozm\u011br<br \/>\nV\u00fd\u0161ka: 100,5 cm<br \/>\nHloubka: 55,5 cm<br \/>\n\u0160\u00ed\u0159ka: 200 cm<\/p>\n","protected":false},"excerpt":{"rendered":"<p>Velk\u00e1 minimalistick\u00e1 komoda s propracovan\u00fdm interi\u00e9rem, dle kter\u00e9ho soud\u00edme, \u017ee se jedn\u00e1 o zak\u00e1zkovou v\u00fdrobu z 30. let minul\u00e9ho stolet\u00ed.<\/p>\n","protected":false},"featured_media":19910,"template":"","meta":[],"product_brand":[153],"product_cat":[130,125],"product_tag":[],"class_list":{"0":"post-19909","1":"product","2":"type-product","3":"status-publish","4":"has-post-thumbnail","6":"product_brand-eterle-cz","7":"product_cat-nabytek","8":"product_cat-komody-a-skrine","9":"product_shipping_class-nadrozmerne","11":"first","12":"instock","13":"purchasable","14":"product-type-simple"},"_links":{"self":[{"href":"https:\/\/eterle.cz\/eshop\/wp-json\/wp\/v2\/product\/19909","targetHints":{"allow":["GET"]}}],"collection":[{"href":"https:\/\/eterle.cz\/eshop\/wp-json\/wp\/v2\/product"}],"about":[{"href":"https:\/\/eterle.cz\/eshop\/wp-json\/wp\/v2\/types\/product"}],"version-history":[{"count":1,"href":"https:\/\/eterle.cz\/eshop\/wp-json\/wp\/v2\/product\/19909\/revisions"}],"predecessor-version":[{"id":26520,"href":"https:\/\/eterle.cz\/eshop\/wp-json\/wp\/v2\/product\/19909\/revisions\/26520"}],"wp:featuredmedia":[{"embeddable":true,"href":"https:\/\/eterle.cz\/eshop\/wp-json\/wp\/v2\/media\/19910"}],"wp:attachment":[{"href":"https:\/\/eterle.cz\/eshop\/wp-json\/wp\/v2\/media?parent=19909"}],"wp:term":[{"taxonomy":"product_brand","embeddable":true,"href":"https:\/\/eterle.cz\/eshop\/wp-json\/wp\/v2\/product_brand?post=19909"},{"taxonomy":"product_cat","embeddable":true,"href":"https:\/\/eterle.cz\/eshop\/wp-json\/wp\/v2\/product_cat?post=19909"},{"taxonomy":"product_tag","embeddable":true,"href":"https:\/\/eterle.cz\/eshop\/wp-json\/wp\/v2\/product_tag?post=19909"}],"curies":[{"name":"wp","href":"https:\/\/api.w.org\/{rel}","templated":true}]}}

<p>Velká minimalistická komoda s propracovaným interiérem, dle kterého soudíme, že se jedná o zakázkovou výrobu z 30. let minulého století. Komoda je rozdělena na dvě odlišné části. Na levé straně je výsuvný bar, v dolní šest šuplíků. Pravá strana má tři velké výsuvné police.</p>
<p>Stav: původní zachochovalý, sklo na rohu štíplé<br />
Rozměr<br />
Výška: 100,5 cm<br />
Hloubka: 55,5 cm<br />
Šířka: 200 cm</p>

<p>Velká minimalistická komoda s propracovaným interiérem, dle kterého soudíme, že se jedná o zakázkovou výrobu z 30. let minulého století.</p>
