{"id":20161,"date":"2024-07-09T23:27:31","date_gmt":"2024-07-09T21:27:31","guid":{"rendered":"https:\/\/eterle.cz\/eshop\/produkt\/lustr-ufo-napako-2\/"},"modified":"2025-02-16T02:46:12","modified_gmt":"2025-02-16T01:46:12","slug":"lustr-ufo-napako-2","status":"publish","type":"product","link":"https:\/\/eterle.cz\/eshop\/produkt\/lustr-ufo-napako-2\/","title":{"rendered":"Lustr Ufo \/ Napako"},"content":{"rendered":"<p>Ikonick\u00fd lustr &#8222;ufo&#8220; od v\u00fdrobce Napako poch\u00e1z\u00ed z obdob\u00ed funkcionalismu, 30. l\u00e9ta. Byl zhotoven dle n\u00e1vrhu Josefa H\u016frky, kter\u00fd navrhl za svou kari\u00e9ru n\u011bkolik ikonick\u00fdch sv\u00edtidel.<\/p>\n<p>Stav: velmi dobr\u00fd, nov\u00e1 elektroinstalace<br \/>\nZna\u010dka: Napako, Josef H\u016frka<br \/>\nRozm\u011br<br \/>\nV\u00fd\u0161ka: 57 cm<br \/>\nV\u00fd\u0161ka ty\u010de: 50 cm<br \/>\nPr\u016fm\u011br: 54 cm<\/p>\n","protected":false},"excerpt":{"rendered":"<p>Ikonick\u00fd lustr &#8222;ufo&#8220; od v\u00fdrobce Napako poch\u00e1z\u00ed z obdob\u00ed funkcionalismu, 30. l\u00e9ta. Byl zhotoven dle n\u00e1vrhu Josefa H\u016frky, kter\u00fd navrhl<\/p>\n","protected":false},"featured_media":20667,"template":"","meta":[],"product_brand":[153],"product_cat":[91],"product_tag":[],"class_list":{"0":"post-20161","1":"product","2":"type-product","3":"status-publish","4":"has-post-thumbnail","6":"product_brand-eterle-cz","7":"product_cat-prodane","8":"product_shipping_class-nadrozmerne","10":"first","11":"outofstock","12":"purchasable","13":"product-type-simple"},"_links":{"self":[{"href":"https:\/\/eterle.cz\/eshop\/wp-json\/wp\/v2\/product\/20161","targetHints":{"allow":["GET"]}}],"collection":[{"href":"https:\/\/eterle.cz\/eshop\/wp-json\/wp\/v2\/product"}],"about":[{"href":"https:\/\/eterle.cz\/eshop\/wp-json\/wp\/v2\/types\/product"}],"version-history":[{"count":0,"href":"https:\/\/eterle.cz\/eshop\/wp-json\/wp\/v2\/product\/20161\/revisions"}],"wp:featuredmedia":[{"embeddable":true,"href":"https:\/\/eterle.cz\/eshop\/wp-json\/wp\/v2\/media\/20667"}],"wp:attachment":[{"href":"https:\/\/eterle.cz\/eshop\/wp-json\/wp\/v2\/media?parent=20161"}],"wp:term":[{"taxonomy":"product_brand","embeddable":true,"href":"https:\/\/eterle.cz\/eshop\/wp-json\/wp\/v2\/product_brand?post=20161"},{"taxonomy":"product_cat","embeddable":true,"href":"https:\/\/eterle.cz\/eshop\/wp-json\/wp\/v2\/product_cat?post=20161"},{"taxonomy":"product_tag","embeddable":true,"href":"https:\/\/eterle.cz\/eshop\/wp-json\/wp\/v2\/product_tag?post=20161"}],"curies":[{"name":"wp","href":"https:\/\/api.w.org\/{rel}","templated":true}]}}