{"id":20187,"date":"2024-07-09T23:55:36","date_gmt":"2024-07-09T21:55:36","guid":{"rendered":"https:\/\/eterle.cz\/eshop\/produkt\/jidelni-sada-pro-4-walkure\/"},"modified":"2025-11-30T22:43:12","modified_gmt":"2025-11-30T21:43:12","slug":"jidelni-sada-pro-4-walkure","status":"publish","type":"product","link":"https:\/\/eterle.cz\/eshop\/produkt\/jidelni-sada-pro-4-walkure\/","title":{"rendered":"J\u00eddeln\u00ed sada pro 4 \/ Walk\u00fcre"},"content":{"rendered":"<p>J\u00eddeln\u00ed sada pro 6 osob v barv\u011b slonov\u00e9 kosti s decent\u00edm p\u0159\u00edrodn\u00edm vzorem v jemn\u00fdch barv\u00e1ch sdrobn\u00fdm akcentem \u010derven\u00e9. \u00dachyty a lem je siln\u011b zlacen. Sada poch\u00e1z\u00ed z obdob\u00ed Art deca.<\/p>\n<p>Sada obsahuje: 4x m\u011blk\u00e9 tal\u00ed\u0159e, 4x hlubok\u00e9 tal\u00ed\u0159e, ov\u00e1lnou m\u00edsu, 2x m\u00edsu na sal\u00e1t, m\u00edsu s poklopem, pol\u00e9vkovou m\u00edsu.<\/p>\n<p>Stav: velmi dobr\u00fd, zlacen\u00ed v po\u0159\u00e1dku<br \/>\nZna\u010dka: Walk\u00fcre Bayreuth, Bavaria<br \/>\nRozm\u011br<br \/>\nPr\u016fm\u011br m\u011blk\u00e9ho tal\u00ed\u0159e: 24 cm<br \/>\nPr\u016fm\u011br hlubok\u00e9ho tal\u00ed\u0159e: 24 cm<br \/>\nOv\u00e1ln\u00e1 m\u00edsa: 33 x 22 cm<br \/>\nSal\u00e1tov\u00e1 m\u00edsa: 19 cm<br \/>\nSal\u00e1tov\u00e1 m\u00edsa: 22 cm<br \/>\nObjem m\u00edsy s poklopem: 1250 ml<br \/>\nObjem pol\u00e9vkov\u00e9 m\u00edsy: 2l<\/p>\n","protected":false},"excerpt":{"rendered":"<p>J\u00eddeln\u00ed sada pro 6 osob v barv\u011b slonov\u00e9 kosti s decent\u00edm p\u0159\u00edrodn\u00edm vzorem v jemn\u00fdch barv\u00e1ch sdrobn\u00fdm akcentem \u010derven\u00e9. \u00dachyty<\/p>\n","protected":false},"featured_media":20188,"template":"","meta":[],"product_brand":[153],"product_cat":[76,111],"product_tag":[],"class_list":{"0":"post-20187","1":"product","2":"type-product","3":"status-publish","4":"has-post-thumbnail","6":"product_brand-eterle-cz","7":"product_cat-porcelan","8":"product_cat-porcelanove-sady","10":"first","11":"instock","12":"purchasable","13":"product-type-simple"},"_links":{"self":[{"href":"https:\/\/eterle.cz\/eshop\/wp-json\/wp\/v2\/product\/20187","targetHints":{"allow":["GET"]}}],"collection":[{"href":"https:\/\/eterle.cz\/eshop\/wp-json\/wp\/v2\/product"}],"about":[{"href":"https:\/\/eterle.cz\/eshop\/wp-json\/wp\/v2\/types\/product"}],"version-history":[{"count":1,"href":"https:\/\/eterle.cz\/eshop\/wp-json\/wp\/v2\/product\/20187\/revisions"}],"predecessor-version":[{"id":26508,"href":"https:\/\/eterle.cz\/eshop\/wp-json\/wp\/v2\/product\/20187\/revisions\/26508"}],"wp:featuredmedia":[{"embeddable":true,"href":"https:\/\/eterle.cz\/eshop\/wp-json\/wp\/v2\/media\/20188"}],"wp:attachment":[{"href":"https:\/\/eterle.cz\/eshop\/wp-json\/wp\/v2\/media?parent=20187"}],"wp:term":[{"taxonomy":"product_brand","embeddable":true,"href":"https:\/\/eterle.cz\/eshop\/wp-json\/wp\/v2\/product_brand?post=20187"},{"taxonomy":"product_cat","embeddable":true,"href":"https:\/\/eterle.cz\/eshop\/wp-json\/wp\/v2\/product_cat?post=20187"},{"taxonomy":"product_tag","embeddable":true,"href":"https:\/\/eterle.cz\/eshop\/wp-json\/wp\/v2\/product_tag?post=20187"}],"curies":[{"name":"wp","href":"https:\/\/api.w.org\/{rel}","templated":true}]}}