{"id":20204,"date":"2024-07-09T23:56:04","date_gmt":"2024-07-09T21:56:04","guid":{"rendered":"https:\/\/eterle.cz\/eshop\/produkt\/sada-taliru-pro-4-rosenthal\/"},"modified":"2025-06-24T01:55:36","modified_gmt":"2025-06-23T23:55:36","slug":"sada-taliru-pro-4-rosenthal","status":"publish","type":"product","link":"https:\/\/eterle.cz\/eshop\/produkt\/sada-taliru-pro-4-rosenthal\/","title":{"rendered":"Sada tal\u00ed\u0159\u016f pro 4 \/ Rosenthal"},"content":{"rendered":"<p>Sada b\u00edl\u00fdch j\u00eddeln\u00edch (m\u011blk\u00e9 a hlubok\u00e9) tal\u00ed\u0159\u016f pro 4 osoby od n\u011bmeck\u00e9 porcel\u00e1nyk Rosenthal, z \u0159ady Classic rose monbijou. Tal\u00ed\u0159e maj\u00ed siln\u011bj\u0161\u00ed st\u0159ep a jsou po okraji zdobeny plastickou vlnou.<\/p>\n<p>Stav: perfektn\u00ed<br \/>\nZna\u010dka: Rosenthal<br \/>\nRozm\u011br<br \/>\nPr\u016fm\u011br m\u011blk\u00e9ho tal\u00ed\u0159e: 25 cm<br \/>\nPr\u016fm\u011br hlubok\u00e9ho tal\u00ed\u0159e: 22 cm<\/p>\n","protected":false},"excerpt":{"rendered":"<p>Sada b\u00edl\u00fdch j\u00eddeln\u00edch (m\u011blk\u00e9 a hlubok\u00e9) tal\u00ed\u0159\u016f pro 4 osoby od n\u011bmeck\u00e9 porcel\u00e1nyk Rosenthal, z \u0159ady Classic rose monbijou. Tal\u00ed\u0159e<\/p>\n","protected":false},"featured_media":20205,"template":"","meta":[],"product_brand":[153],"product_cat":[76,111],"product_tag":[],"class_list":{"0":"post-20204","1":"product","2":"type-product","3":"status-publish","4":"has-post-thumbnail","6":"product_brand-eterle-cz","7":"product_cat-porcelan","8":"product_cat-porcelanove-sady","10":"first","11":"instock","12":"purchasable","13":"product-type-simple"},"_links":{"self":[{"href":"https:\/\/eterle.cz\/eshop\/wp-json\/wp\/v2\/product\/20204","targetHints":{"allow":["GET"]}}],"collection":[{"href":"https:\/\/eterle.cz\/eshop\/wp-json\/wp\/v2\/product"}],"about":[{"href":"https:\/\/eterle.cz\/eshop\/wp-json\/wp\/v2\/types\/product"}],"version-history":[{"count":1,"href":"https:\/\/eterle.cz\/eshop\/wp-json\/wp\/v2\/product\/20204\/revisions"}],"predecessor-version":[{"id":26507,"href":"https:\/\/eterle.cz\/eshop\/wp-json\/wp\/v2\/product\/20204\/revisions\/26507"}],"wp:featuredmedia":[{"embeddable":true,"href":"https:\/\/eterle.cz\/eshop\/wp-json\/wp\/v2\/media\/20205"}],"wp:attachment":[{"href":"https:\/\/eterle.cz\/eshop\/wp-json\/wp\/v2\/media?parent=20204"}],"wp:term":[{"taxonomy":"product_brand","embeddable":true,"href":"https:\/\/eterle.cz\/eshop\/wp-json\/wp\/v2\/product_brand?post=20204"},{"taxonomy":"product_cat","embeddable":true,"href":"https:\/\/eterle.cz\/eshop\/wp-json\/wp\/v2\/product_cat?post=20204"},{"taxonomy":"product_tag","embeddable":true,"href":"https:\/\/eterle.cz\/eshop\/wp-json\/wp\/v2\/product_tag?post=20204"}],"curies":[{"name":"wp","href":"https:\/\/api.w.org\/{rel}","templated":true}]}}